{"id":871,"date":"2025-11-30T13:33:57","date_gmt":"2025-11-30T12:33:57","guid":{"rendered":"https:\/\/ajc33.com\/?page_id=871"},"modified":"2025-11-30T13:56:44","modified_gmt":"2025-11-30T12:56:44","slug":"7-decembre-colloque-60-ans-de-nostra-aetate","status":"publish","type":"page","link":"https:\/\/ajc33.com\/index.php\/7-decembre-colloque-60-ans-de-nostra-aetate\/","title":{"rendered":"7 d\u00e9cembre COLLOQUE : 60 ans de NOSTRA AETATE"},"content":{"rendered":"\n<figure class=\"wp-block-table\"><table class=\"has-fixed-layout\"><tbody><tr><td>Le 7 d\u00e9cembre&nbsp;prochain va se tenir \u00e0 Bordeaux,&nbsp;\u00e0 la Maison Saint-Louis Beaulieu&nbsp;, un important colloque sur les 60 ans de la D\u00e9claration conciliaire de Vatican II Nostra Aetate,&nbsp;pour sa partie consacr\u00e9e aux relations entre l\u2019Eglise catholique et le Juda\u00efsme. Ce colloque, qui r\u00e9unira des intervenants r\u00e9gionaux et nationaux, sera&nbsp;pr\u00e9sid\u00e9 par<\/td><\/tr><\/tbody><\/table><\/figure>\n\n\n\n<figure class=\"wp-block-table\"><table class=\"has-fixed-layout\"><tbody><tr><td>Monseigneur Jean-Paul James,&nbsp;Archev\u00eaque de Bordeaux.<br>\u00c0 l\u2019occasion de cette comm\u00e9moration, le colloque traitera de l\u2019\u00e9volution des relations entre Juifs et chr\u00e9tiens depuis la D\u00e9claration. Nous proc\u00e9derons \u00e0 une relecture approfondie de notre exp\u00e9rience des relations entre Juifs et chr\u00e9tiens et nous traceront des perspectives pour l\u2019avenir de ces relations.<br>Le colloque permettra notamment :<br><br>* la compr\u00e9hension du lien qui unit la parole de J\u00e9sus \u00e0 l\u2019Alliance de Dieu avec Isra\u00ebl dans le Premier Testament ;<br><br>* la compr\u00e9hension des racines juives de la foi chr\u00e9tienne, en particulier par les f\u00eates et la liturgie, et leurs cons\u00e9quences possibles dans la pastorale chr\u00e9tienne ;<br><br>* la perception de la formidable richesse de la lecture juive du Premier Testament ; et des exp\u00e9riences de lecture \u00e0 deux voix, voix juive et voix chr\u00e9tienne, du Premier Testament comme du Nouveau Testament ;<br><br>* la perception de l\u2019ampleur de l\u2019\u00e9thique juive qui s\u2019exprime par des prises de position tr\u00e8s \u00e9clairantes, face a des probl\u00e8mes sociaux, comme la violence, le racisme, la fin de vie, etc. ;<br><br>* la compr\u00e9hension de la place commune, et en m\u00eame temps diff\u00e9renci\u00e9e, du Juif et du chr\u00e9tien dans le monde ;<br><br>Ces diff\u00e9rents apports essentiels montrent que la foi chr\u00e9tienne ne peut pas \u00eatre s\u00e9par\u00e9e de son rapport avec le peuple juif et le Juda\u00efsme, lesquels demandent donc une connaissance suffisante. Ils montrent aussi que le peuple juif reconnait maintenant, de plus en plus, la vocation des chr\u00e9tiens dans le monde.<br><br>Le colloque permettra de donner ces apports, \u00e0 la fois par l\u2019exp\u00e9rience et par les perspectives d\u2019avenir. Il concerne tout public. Du c\u00f4t\u00e9 chr\u00e9tien, notamment catholique, c\u2019est globalement la vie dans la foi qui est concern\u00e9e. Peuvent y \u00eatre particuli\u00e8rement int\u00e9ress\u00e9es les \u00e9quipes de liturgie, de cat\u00e9ch\u00e8se, d\u2019accompagnement des jeunes, de cat\u00e9chum\u00e9nat, de lecture de la Bible.<br><br>Le colloque permettra de mieux prendre la mesure de la place que Juifs et chr\u00e9tiens peuvent tenir \u00e0 la fois dans la vie personnelle de croyant et dans la vie sociale. Apr\u00e8s tant de si\u00e8cles o\u00f9 Juifs et chr\u00e9tiens se sont douloureusement oppos\u00e9s, le Concile Vatican II a ouvert de mani\u00e8re ind\u00e9fectible le temps et l\u2019espace de l\u2019amiti\u00e9 ou de la fraternit\u00e9. Comme le disait le P\u00e8re Paul Beauchamp : en raison de cette r\u00e9conciliation, le dialogue entre Juifs et chr\u00e9tiens est le paradigme de tout dialogue interreligieux et de tout dialogue interculturel. Il est donc d\u2019une importance premi\u00e8re.<br>Je vous prie de trouver ci-joint le flyer et l\u2019affiche de ce colloque. .Je vous saurais gr\u00e9 d\u2019assurer de la mani\u00e8re la plus adapt\u00e9e la publicit\u00e9 de ce colloque . Vous avez bien s\u00fbr la possibilit\u00e9 d\u2019imprimer le flyer et l\u2019affiche.<br>Je reste \u00e0 votre disposition si vous souhaitez des pr\u00e9cisions compl\u00e9mentaires sur cette manifestation.<\/td><\/tr><\/tbody><\/table><\/figure>\n\n\n\n<figure class=\"wp-block-table\"><table class=\"has-fixed-layout\"><tbody><tr><td><br>Bien cordialement,<br>Philippe Leruste<\/td><\/tr><\/tbody><\/table><\/figure>\n\n\n\n<figure class=\"wp-block-table\"><table class=\"has-fixed-layout\"><tbody><tr><td><br>Diacre permanent<br>D\u00e9l\u00e9gu\u00e9 \u00e9piscopal pour les relations avec le Juda\u00efsme \u00e0 Bordeaux<\/td><\/tr><\/tbody><\/table><\/figure>\n\n\n\n<figure class=\"wp-block-table\"><table class=\"has-fixed-layout\"><tbody><tr><td>Vice-pr\u00e9sident de l&rsquo;Amiti\u00e9 jud\u00e9o-chr\u00e9tienne de Bordeaux<\/td><\/tr><\/tbody><\/table><\/figure>\n\n\n\n<figure class=\"wp-block-image size-large\"><img loading=\"lazy\" decoding=\"async\" width=\"722\" height=\"1024\" src=\"https:\/\/ajc33.com\/wp-content\/uploads\/2025\/11\/colloque-ajc-722x1024.jpg\" alt=\"\" class=\"wp-image-872\" srcset=\"https:\/\/ajc33.com\/wp-content\/uploads\/2025\/11\/colloque-ajc-722x1024.jpg 722w, https:\/\/ajc33.com\/wp-content\/uploads\/2025\/11\/colloque-ajc-212x300.jpg 212w, https:\/\/ajc33.com\/wp-content\/uploads\/2025\/11\/colloque-ajc.jpg 746w\" sizes=\"auto, (max-width: 722px) 100vw, 722px\" \/><\/figure>\n\n\n\n<figure class=\"wp-block-image size-large\"><img loading=\"lazy\" decoding=\"async\" width=\"719\" height=\"1024\" src=\"https:\/\/ajc33.com\/wp-content\/uploads\/2025\/11\/coloque-2-719x1024.png\" alt=\"\" class=\"wp-image-873\" srcset=\"https:\/\/ajc33.com\/wp-content\/uploads\/2025\/11\/coloque-2-719x1024.png 719w, https:\/\/ajc33.com\/wp-content\/uploads\/2025\/11\/coloque-2-211x300.png 211w, https:\/\/ajc33.com\/wp-content\/uploads\/2025\/11\/coloque-2.png 746w\" sizes=\"auto, (max-width: 719px) 100vw, 719px\" \/><\/figure>\n\n\n\n<p>Voici le lien d&rsquo;inscription :<\/p>\n\n\n\n<p><a href=\"https:\/\/www.helloasso.com\/associations\/association-amitie-judeo-chretienne-d-aquitaine\/evenements\/colloque-sur-les-60-ans-de-nostra-aetate\">https:\/\/www.helloasso.com\/associations\/association-amitie-judeo-chretienne-d-aquitaine\/evenements\/colloque-sur-les-60-ans-de-nostra-aetate<\/a><\/p>\n\n\n\n<p><\/p>\n","protected":false},"excerpt":{"rendered":"<p>Le 7 d\u00e9cembre&nbsp;prochain va se tenir \u00e0 Bordeaux,&nbsp;\u00e0 la Maison Saint-Louis Beaulieu&nbsp;, un important colloque sur les 60 ans de la D\u00e9claration conciliaire de Vatican II Nostra Aetate,&nbsp;pour sa partie&hellip; <a href=\"https:\/\/ajc33.com\/index.php\/7-decembre-colloque-60-ans-de-nostra-aetate\/\" class=\"more-link\">Lire la suite <span class=\"screen-reader-text\">7 d\u00e9cembre COLLOQUE : 60 ans de NOSTRA AETATE<\/span><\/a><\/p>\n","protected":false},"author":1,"featured_media":0,"parent":0,"menu_order":0,"comment_status":"closed","ping_status":"closed","template":"","meta":{"footnotes":""},"tags":[14,45,44,43,46],"class_list":["post-871","page","type-page","status-publish","hentry","tag-ajc33","tag-catholique","tag-colloque","tag-judaisme","tag-vaticanii","without-featured-image"],"yoast_head":"<!-- This site is optimized with the Yoast SEO plugin v26.6 - https:\/\/yoast.com\/wordpress\/plugins\/seo\/ -->\n<title>7 d\u00e9cembre COLLOQUE : 60 ans de NOSTRA AETATE - L&#039;amiti\u00e9 Jud\u00e9o-Chr\u00e9tienne de Bordeaux<\/title>\n<meta name=\"robots\" content=\"index, follow, max-snippet:-1, max-image-preview:large, max-video-preview:-1\" \/>\n<link rel=\"canonical\" href=\"https:\/\/ajc33.com\/index.php\/7-decembre-colloque-60-ans-de-nostra-aetate\/\" \/>\n<meta property=\"og:locale\" content=\"fr_FR\" \/>\n<meta property=\"og:type\" content=\"article\" \/>\n<meta property=\"og:title\" content=\"7 d\u00e9cembre COLLOQUE : 60 ans de NOSTRA AETATE - L&#039;amiti\u00e9 Jud\u00e9o-Chr\u00e9tienne de Bordeaux\" \/>\n<meta property=\"og:description\" content=\"Le 7 d\u00e9cembre&nbsp;prochain va se tenir \u00e0 Bordeaux,&nbsp;\u00e0 la Maison Saint-Louis Beaulieu&nbsp;, un important colloque sur les 60 ans de la D\u00e9claration conciliaire de Vatican II Nostra Aetate,&nbsp;pour sa partie&hellip; Lire la suite 7 d\u00e9cembre COLLOQUE : 60 ans de NOSTRA AETATE\" \/>\n<meta property=\"og:url\" content=\"https:\/\/ajc33.com\/index.php\/7-decembre-colloque-60-ans-de-nostra-aetate\/\" \/>\n<meta property=\"og:site_name\" content=\"L&#039;amiti\u00e9 Jud\u00e9o-Chr\u00e9tienne de Bordeaux\" \/>\n<meta property=\"article:modified_time\" content=\"2025-11-30T12:56:44+00:00\" \/>\n<meta property=\"og:image\" content=\"https:\/\/ajc33.com\/wp-content\/uploads\/2025\/11\/colloque-ajc.jpg\" \/>\n\t<meta property=\"og:image:width\" content=\"746\" \/>\n\t<meta property=\"og:image:height\" content=\"1058\" \/>\n\t<meta property=\"og:image:type\" content=\"image\/jpeg\" \/>\n<meta name=\"twitter:card\" content=\"summary_large_image\" \/>\n<meta name=\"twitter:label1\" content=\"Dur\u00e9e de lecture estim\u00e9e\" \/>\n\t<meta name=\"twitter:data1\" content=\"4 minutes\" \/>\n<script type=\"application\/ld+json\" class=\"yoast-schema-graph\">{\"@context\":\"https:\/\/schema.org\",\"@graph\":[{\"@type\":\"WebPage\",\"@id\":\"https:\/\/ajc33.com\/index.php\/7-decembre-colloque-60-ans-de-nostra-aetate\/\",\"url\":\"https:\/\/ajc33.com\/index.php\/7-decembre-colloque-60-ans-de-nostra-aetate\/\",\"name\":\"7 d\u00e9cembre COLLOQUE : 60 ans de NOSTRA AETATE - L&#039;amiti\u00e9 Jud\u00e9o-Chr\u00e9tienne de Bordeaux\",\"isPartOf\":{\"@id\":\"https:\/\/ajc33.com\/#website\"},\"primaryImageOfPage\":{\"@id\":\"https:\/\/ajc33.com\/index.php\/7-decembre-colloque-60-ans-de-nostra-aetate\/#primaryimage\"},\"image\":{\"@id\":\"https:\/\/ajc33.com\/index.php\/7-decembre-colloque-60-ans-de-nostra-aetate\/#primaryimage\"},\"thumbnailUrl\":\"https:\/\/ajc33.com\/wp-content\/uploads\/2025\/11\/colloque-ajc-722x1024.jpg\",\"datePublished\":\"2025-11-30T12:33:57+00:00\",\"dateModified\":\"2025-11-30T12:56:44+00:00\",\"breadcrumb\":{\"@id\":\"https:\/\/ajc33.com\/index.php\/7-decembre-colloque-60-ans-de-nostra-aetate\/#breadcrumb\"},\"inLanguage\":\"fr-FR\",\"potentialAction\":[{\"@type\":\"ReadAction\",\"target\":[\"https:\/\/ajc33.com\/index.php\/7-decembre-colloque-60-ans-de-nostra-aetate\/\"]}]},{\"@type\":\"ImageObject\",\"inLanguage\":\"fr-FR\",\"@id\":\"https:\/\/ajc33.com\/index.php\/7-decembre-colloque-60-ans-de-nostra-aetate\/#primaryimage\",\"url\":\"https:\/\/ajc33.com\/wp-content\/uploads\/2025\/11\/colloque-ajc.jpg\",\"contentUrl\":\"https:\/\/ajc33.com\/wp-content\/uploads\/2025\/11\/colloque-ajc.jpg\",\"width\":746,\"height\":1058},{\"@type\":\"BreadcrumbList\",\"@id\":\"https:\/\/ajc33.com\/index.php\/7-decembre-colloque-60-ans-de-nostra-aetate\/#breadcrumb\",\"itemListElement\":[{\"@type\":\"ListItem\",\"position\":1,\"name\":\"Home\",\"item\":\"https:\/\/ajc33.com\/\"},{\"@type\":\"ListItem\",\"position\":2,\"name\":\"7 d\u00e9cembre COLLOQUE : 60 ans de NOSTRA AETATE\"}]},{\"@type\":\"WebSite\",\"@id\":\"https:\/\/ajc33.com\/#website\",\"url\":\"https:\/\/ajc33.com\/\",\"name\":\"L&#039;amiti\u00e9 Jud\u00e9o-Chr\u00e9tienne de Bordeaux\",\"description\":\"\",\"publisher\":{\"@id\":\"https:\/\/ajc33.com\/#organization\"},\"potentialAction\":[{\"@type\":\"SearchAction\",\"target\":{\"@type\":\"EntryPoint\",\"urlTemplate\":\"https:\/\/ajc33.com\/?s={search_term_string}\"},\"query-input\":{\"@type\":\"PropertyValueSpecification\",\"valueRequired\":true,\"valueName\":\"search_term_string\"}}],\"inLanguage\":\"fr-FR\"},{\"@type\":\"Organization\",\"@id\":\"https:\/\/ajc33.com\/#organization\",\"name\":\"L&#039;amiti\u00e9 Jud\u00e9o-Chr\u00e9tienne de Bordeaux\",\"url\":\"https:\/\/ajc33.com\/\",\"logo\":{\"@type\":\"ImageObject\",\"inLanguage\":\"fr-FR\",\"@id\":\"https:\/\/ajc33.com\/#\/schema\/logo\/image\/\",\"url\":\"https:\/\/ajc33.com\/wp-content\/uploads\/2018\/03\/cropped-ajc-bod-2.jpg\",\"contentUrl\":\"https:\/\/ajc33.com\/wp-content\/uploads\/2018\/03\/cropped-ajc-bod-2.jpg\",\"width\":200,\"height\":191,\"caption\":\"L&#039;amiti\u00e9 Jud\u00e9o-Chr\u00e9tienne de Bordeaux\"},\"image\":{\"@id\":\"https:\/\/ajc33.com\/#\/schema\/logo\/image\/\"}}]}<\/script>\n<!-- \/ Yoast SEO plugin. -->","yoast_head_json":{"title":"7 d\u00e9cembre COLLOQUE : 60 ans de NOSTRA AETATE - L&#039;amiti\u00e9 Jud\u00e9o-Chr\u00e9tienne de Bordeaux","robots":{"index":"index","follow":"follow","max-snippet":"max-snippet:-1","max-image-preview":"max-image-preview:large","max-video-preview":"max-video-preview:-1"},"canonical":"https:\/\/ajc33.com\/index.php\/7-decembre-colloque-60-ans-de-nostra-aetate\/","og_locale":"fr_FR","og_type":"article","og_title":"7 d\u00e9cembre COLLOQUE : 60 ans de NOSTRA AETATE - L&#039;amiti\u00e9 Jud\u00e9o-Chr\u00e9tienne de Bordeaux","og_description":"Le 7 d\u00e9cembre&nbsp;prochain va se tenir \u00e0 Bordeaux,&nbsp;\u00e0 la Maison Saint-Louis Beaulieu&nbsp;, un important colloque sur les 60 ans de la D\u00e9claration conciliaire de Vatican II Nostra Aetate,&nbsp;pour sa partie&hellip; Lire la suite 7 d\u00e9cembre COLLOQUE : 60 ans de NOSTRA AETATE","og_url":"https:\/\/ajc33.com\/index.php\/7-decembre-colloque-60-ans-de-nostra-aetate\/","og_site_name":"L&#039;amiti\u00e9 Jud\u00e9o-Chr\u00e9tienne de Bordeaux","article_modified_time":"2025-11-30T12:56:44+00:00","og_image":[{"width":746,"height":1058,"url":"https:\/\/ajc33.com\/wp-content\/uploads\/2025\/11\/colloque-ajc.jpg","type":"image\/jpeg"}],"twitter_card":"summary_large_image","twitter_misc":{"Dur\u00e9e de lecture estim\u00e9e":"4 minutes"},"schema":{"@context":"https:\/\/schema.org","@graph":[{"@type":"WebPage","@id":"https:\/\/ajc33.com\/index.php\/7-decembre-colloque-60-ans-de-nostra-aetate\/","url":"https:\/\/ajc33.com\/index.php\/7-decembre-colloque-60-ans-de-nostra-aetate\/","name":"7 d\u00e9cembre COLLOQUE : 60 ans de NOSTRA AETATE - L&#039;amiti\u00e9 Jud\u00e9o-Chr\u00e9tienne de Bordeaux","isPartOf":{"@id":"https:\/\/ajc33.com\/#website"},"primaryImageOfPage":{"@id":"https:\/\/ajc33.com\/index.php\/7-decembre-colloque-60-ans-de-nostra-aetate\/#primaryimage"},"image":{"@id":"https:\/\/ajc33.com\/index.php\/7-decembre-colloque-60-ans-de-nostra-aetate\/#primaryimage"},"thumbnailUrl":"https:\/\/ajc33.com\/wp-content\/uploads\/2025\/11\/colloque-ajc-722x1024.jpg","datePublished":"2025-11-30T12:33:57+00:00","dateModified":"2025-11-30T12:56:44+00:00","breadcrumb":{"@id":"https:\/\/ajc33.com\/index.php\/7-decembre-colloque-60-ans-de-nostra-aetate\/#breadcrumb"},"inLanguage":"fr-FR","potentialAction":[{"@type":"ReadAction","target":["https:\/\/ajc33.com\/index.php\/7-decembre-colloque-60-ans-de-nostra-aetate\/"]}]},{"@type":"ImageObject","inLanguage":"fr-FR","@id":"https:\/\/ajc33.com\/index.php\/7-decembre-colloque-60-ans-de-nostra-aetate\/#primaryimage","url":"https:\/\/ajc33.com\/wp-content\/uploads\/2025\/11\/colloque-ajc.jpg","contentUrl":"https:\/\/ajc33.com\/wp-content\/uploads\/2025\/11\/colloque-ajc.jpg","width":746,"height":1058},{"@type":"BreadcrumbList","@id":"https:\/\/ajc33.com\/index.php\/7-decembre-colloque-60-ans-de-nostra-aetate\/#breadcrumb","itemListElement":[{"@type":"ListItem","position":1,"name":"Home","item":"https:\/\/ajc33.com\/"},{"@type":"ListItem","position":2,"name":"7 d\u00e9cembre COLLOQUE : 60 ans de NOSTRA AETATE"}]},{"@type":"WebSite","@id":"https:\/\/ajc33.com\/#website","url":"https:\/\/ajc33.com\/","name":"L&#039;amiti\u00e9 Jud\u00e9o-Chr\u00e9tienne de Bordeaux","description":"","publisher":{"@id":"https:\/\/ajc33.com\/#organization"},"potentialAction":[{"@type":"SearchAction","target":{"@type":"EntryPoint","urlTemplate":"https:\/\/ajc33.com\/?s={search_term_string}"},"query-input":{"@type":"PropertyValueSpecification","valueRequired":true,"valueName":"search_term_string"}}],"inLanguage":"fr-FR"},{"@type":"Organization","@id":"https:\/\/ajc33.com\/#organization","name":"L&#039;amiti\u00e9 Jud\u00e9o-Chr\u00e9tienne de Bordeaux","url":"https:\/\/ajc33.com\/","logo":{"@type":"ImageObject","inLanguage":"fr-FR","@id":"https:\/\/ajc33.com\/#\/schema\/logo\/image\/","url":"https:\/\/ajc33.com\/wp-content\/uploads\/2018\/03\/cropped-ajc-bod-2.jpg","contentUrl":"https:\/\/ajc33.com\/wp-content\/uploads\/2018\/03\/cropped-ajc-bod-2.jpg","width":200,"height":191,"caption":"L&#039;amiti\u00e9 Jud\u00e9o-Chr\u00e9tienne de Bordeaux"},"image":{"@id":"https:\/\/ajc33.com\/#\/schema\/logo\/image\/"}}]}},"jetpack_sharing_enabled":true,"_links":{"self":[{"href":"https:\/\/ajc33.com\/index.php\/wp-json\/wp\/v2\/pages\/871","targetHints":{"allow":["GET"]}}],"collection":[{"href":"https:\/\/ajc33.com\/index.php\/wp-json\/wp\/v2\/pages"}],"about":[{"href":"https:\/\/ajc33.com\/index.php\/wp-json\/wp\/v2\/types\/page"}],"author":[{"embeddable":true,"href":"https:\/\/ajc33.com\/index.php\/wp-json\/wp\/v2\/users\/1"}],"replies":[{"embeddable":true,"href":"https:\/\/ajc33.com\/index.php\/wp-json\/wp\/v2\/comments?post=871"}],"version-history":[{"count":2,"href":"https:\/\/ajc33.com\/index.php\/wp-json\/wp\/v2\/pages\/871\/revisions"}],"predecessor-version":[{"id":877,"href":"https:\/\/ajc33.com\/index.php\/wp-json\/wp\/v2\/pages\/871\/revisions\/877"}],"wp:attachment":[{"href":"https:\/\/ajc33.com\/index.php\/wp-json\/wp\/v2\/media?parent=871"}],"wp:term":[{"taxonomy":"post_tag","embeddable":true,"href":"https:\/\/ajc33.com\/index.php\/wp-json\/wp\/v2\/tags?post=871"}],"curies":[{"name":"wp","href":"https:\/\/api.w.org\/{rel}","templated":true}]}}