{"id":859,"date":"2025-09-25T11:03:05","date_gmt":"2025-09-25T09:03:05","guid":{"rendered":"https:\/\/ajc33.com\/?page_id=859"},"modified":"2025-09-25T11:03:10","modified_gmt":"2025-09-25T09:03:10","slug":"programme-2025-2026","status":"publish","type":"page","link":"https:\/\/ajc33.com\/index.php\/programme-2025-2026\/","title":{"rendered":"Programme 2025-2026"},"content":{"rendered":"\n<blockquote class=\"wp-block-quote is-layout-flow wp-block-quote-is-layout-flow\">\n<p>Bonjour \u00e0 tous&nbsp;<\/p>\n\n\n\n<p>Voici le nouveau programme de cette ann\u00e9e nouvelle 2025-2026. Il est commun.<\/p>\n\n\n\n<p>Nous vous remercions de le diffuser au maximum autour de vous et de venir tr\u00e8s nombreux<\/p>\n\n\n\n<p>Avec une pi\u00e8ce de th\u00e9\u00e2tre , un colloque de Nostra Aetate , des soir\u00e9es de rencontre et partage , il y a de quoi nous rencontrer , r\u00e9fl\u00e9chir et savourer la Fraternit\u00e9.<\/p>\n\n\n\n<p>Bien cordialement&nbsp;<\/p>\n\n\n\n<p>Philippe Leruste&nbsp;<\/p>\n\n\n\n<p>D\u00e9l\u00e9gu\u00e9 \u00e9piscopal pour les relations avec le Judaisme&nbsp;<\/p>\n\n\n\n<p>Vice-pr\u00e9sident de l&rsquo;Amiti\u00e9 jud\u00e9o-chr\u00e9tienne de Bordeaux<\/p>\n\n\n\n<p>et Didier Guedj&nbsp;<\/p>\n\n\n\n<p>Pr\u00e9sident de l&rsquo;Amiti\u00e9 jud\u00e9o-chr\u00e9tienne de Bordeaux<\/p>\n<\/blockquote>\n\n\n\n<div data-wp-interactive=\"core\/file\" class=\"wp-block-file\"><object data-wp-bind--hidden=\"!state.hasPdfPreview\" hidden class=\"wp-block-file__embed\" data=\"https:\/\/ajc33.com\/wp-content\/uploads\/2025\/09\/VFok-PROGRAMME-SDRJ-2025.pdf\" type=\"application\/pdf\" style=\"width:100%;height:600px\" aria-label=\"Contenu embarqu\u00e9 VFok-PROGRAMME-SDRJ-2025.\"><\/object><a id=\"wp-block-file--media-1d24de2b-3741-4511-990c-bb68fb040793\" href=\"https:\/\/ajc33.com\/wp-content\/uploads\/2025\/09\/VFok-PROGRAMME-SDRJ-2025.pdf\">VFok-PROGRAMME-SDRJ-2025<\/a><a href=\"https:\/\/ajc33.com\/wp-content\/uploads\/2025\/09\/VFok-PROGRAMME-SDRJ-2025.pdf\" class=\"wp-block-file__button wp-element-button\" download aria-describedby=\"wp-block-file--media-1d24de2b-3741-4511-990c-bb68fb040793\">T\u00e9l\u00e9charger<\/a><\/div>\n","protected":false},"excerpt":{"rendered":"<p>Bonjour \u00e0 tous&nbsp; Voici le nouveau programme de cette ann\u00e9e nouvelle 2025-2026. Il est commun. Nous vous remercions de le diffuser au maximum autour de vous et de venir tr\u00e8s&hellip; <a href=\"https:\/\/ajc33.com\/index.php\/programme-2025-2026\/\" class=\"more-link\">Lire la suite <span class=\"screen-reader-text\">Programme 2025-2026<\/span><\/a><\/p>\n","protected":false},"author":1,"featured_media":0,"parent":0,"menu_order":0,"comment_status":"closed","ping_status":"closed","template":"","meta":{"footnotes":""},"tags":[],"class_list":["post-859","page","type-page","status-publish","hentry","without-featured-image"],"yoast_head":"<!-- This site is optimized with the Yoast SEO plugin v26.6 - https:\/\/yoast.com\/wordpress\/plugins\/seo\/ -->\n<title>Programme 2025-2026 - L&#039;amiti\u00e9 Jud\u00e9o-Chr\u00e9tienne de Bordeaux<\/title>\n<meta name=\"robots\" content=\"index, follow, max-snippet:-1, max-image-preview:large, max-video-preview:-1\" \/>\n<link rel=\"canonical\" href=\"https:\/\/ajc33.com\/index.php\/programme-2025-2026\/\" \/>\n<meta property=\"og:locale\" content=\"fr_FR\" \/>\n<meta property=\"og:type\" content=\"article\" \/>\n<meta property=\"og:title\" content=\"Programme 2025-2026 - L&#039;amiti\u00e9 Jud\u00e9o-Chr\u00e9tienne de Bordeaux\" \/>\n<meta property=\"og:description\" content=\"Bonjour \u00e0 tous&nbsp; Voici le nouveau programme de cette ann\u00e9e nouvelle 2025-2026. Il est commun. Nous vous remercions de le diffuser au maximum autour de vous et de venir tr\u00e8s&hellip; Lire la suite Programme 2025-2026\" \/>\n<meta property=\"og:url\" content=\"https:\/\/ajc33.com\/index.php\/programme-2025-2026\/\" \/>\n<meta property=\"og:site_name\" content=\"L&#039;amiti\u00e9 Jud\u00e9o-Chr\u00e9tienne de Bordeaux\" \/>\n<meta property=\"article:modified_time\" content=\"2025-09-25T09:03:10+00:00\" \/>\n<meta name=\"twitter:card\" content=\"summary_large_image\" \/>\n<meta name=\"twitter:label1\" content=\"Dur\u00e9e de lecture estim\u00e9e\" \/>\n\t<meta name=\"twitter:data1\" content=\"1 minute\" \/>\n<script type=\"application\/ld+json\" class=\"yoast-schema-graph\">{\"@context\":\"https:\/\/schema.org\",\"@graph\":[{\"@type\":\"WebPage\",\"@id\":\"https:\/\/ajc33.com\/index.php\/programme-2025-2026\/\",\"url\":\"https:\/\/ajc33.com\/index.php\/programme-2025-2026\/\",\"name\":\"Programme 2025-2026 - L&#039;amiti\u00e9 Jud\u00e9o-Chr\u00e9tienne de Bordeaux\",\"isPartOf\":{\"@id\":\"https:\/\/ajc33.com\/#website\"},\"datePublished\":\"2025-09-25T09:03:05+00:00\",\"dateModified\":\"2025-09-25T09:03:10+00:00\",\"breadcrumb\":{\"@id\":\"https:\/\/ajc33.com\/index.php\/programme-2025-2026\/#breadcrumb\"},\"inLanguage\":\"fr-FR\",\"potentialAction\":[{\"@type\":\"ReadAction\",\"target\":[\"https:\/\/ajc33.com\/index.php\/programme-2025-2026\/\"]}]},{\"@type\":\"BreadcrumbList\",\"@id\":\"https:\/\/ajc33.com\/index.php\/programme-2025-2026\/#breadcrumb\",\"itemListElement\":[{\"@type\":\"ListItem\",\"position\":1,\"name\":\"Home\",\"item\":\"https:\/\/ajc33.com\/\"},{\"@type\":\"ListItem\",\"position\":2,\"name\":\"Programme 2025-2026\"}]},{\"@type\":\"WebSite\",\"@id\":\"https:\/\/ajc33.com\/#website\",\"url\":\"https:\/\/ajc33.com\/\",\"name\":\"L&#039;amiti\u00e9 Jud\u00e9o-Chr\u00e9tienne de Bordeaux\",\"description\":\"\",\"publisher\":{\"@id\":\"https:\/\/ajc33.com\/#organization\"},\"potentialAction\":[{\"@type\":\"SearchAction\",\"target\":{\"@type\":\"EntryPoint\",\"urlTemplate\":\"https:\/\/ajc33.com\/?s={search_term_string}\"},\"query-input\":{\"@type\":\"PropertyValueSpecification\",\"valueRequired\":true,\"valueName\":\"search_term_string\"}}],\"inLanguage\":\"fr-FR\"},{\"@type\":\"Organization\",\"@id\":\"https:\/\/ajc33.com\/#organization\",\"name\":\"L&#039;amiti\u00e9 Jud\u00e9o-Chr\u00e9tienne de Bordeaux\",\"url\":\"https:\/\/ajc33.com\/\",\"logo\":{\"@type\":\"ImageObject\",\"inLanguage\":\"fr-FR\",\"@id\":\"https:\/\/ajc33.com\/#\/schema\/logo\/image\/\",\"url\":\"https:\/\/ajc33.com\/wp-content\/uploads\/2018\/03\/cropped-ajc-bod-2.jpg\",\"contentUrl\":\"https:\/\/ajc33.com\/wp-content\/uploads\/2018\/03\/cropped-ajc-bod-2.jpg\",\"width\":200,\"height\":191,\"caption\":\"L&#039;amiti\u00e9 Jud\u00e9o-Chr\u00e9tienne de Bordeaux\"},\"image\":{\"@id\":\"https:\/\/ajc33.com\/#\/schema\/logo\/image\/\"}}]}<\/script>\n<!-- \/ Yoast SEO plugin. -->","yoast_head_json":{"title":"Programme 2025-2026 - L&#039;amiti\u00e9 Jud\u00e9o-Chr\u00e9tienne de Bordeaux","robots":{"index":"index","follow":"follow","max-snippet":"max-snippet:-1","max-image-preview":"max-image-preview:large","max-video-preview":"max-video-preview:-1"},"canonical":"https:\/\/ajc33.com\/index.php\/programme-2025-2026\/","og_locale":"fr_FR","og_type":"article","og_title":"Programme 2025-2026 - L&#039;amiti\u00e9 Jud\u00e9o-Chr\u00e9tienne de Bordeaux","og_description":"Bonjour \u00e0 tous&nbsp; Voici le nouveau programme de cette ann\u00e9e nouvelle 2025-2026. Il est commun. Nous vous remercions de le diffuser au maximum autour de vous et de venir tr\u00e8s&hellip; Lire la suite Programme 2025-2026","og_url":"https:\/\/ajc33.com\/index.php\/programme-2025-2026\/","og_site_name":"L&#039;amiti\u00e9 Jud\u00e9o-Chr\u00e9tienne de Bordeaux","article_modified_time":"2025-09-25T09:03:10+00:00","twitter_card":"summary_large_image","twitter_misc":{"Dur\u00e9e de lecture estim\u00e9e":"1 minute"},"schema":{"@context":"https:\/\/schema.org","@graph":[{"@type":"WebPage","@id":"https:\/\/ajc33.com\/index.php\/programme-2025-2026\/","url":"https:\/\/ajc33.com\/index.php\/programme-2025-2026\/","name":"Programme 2025-2026 - L&#039;amiti\u00e9 Jud\u00e9o-Chr\u00e9tienne de Bordeaux","isPartOf":{"@id":"https:\/\/ajc33.com\/#website"},"datePublished":"2025-09-25T09:03:05+00:00","dateModified":"2025-09-25T09:03:10+00:00","breadcrumb":{"@id":"https:\/\/ajc33.com\/index.php\/programme-2025-2026\/#breadcrumb"},"inLanguage":"fr-FR","potentialAction":[{"@type":"ReadAction","target":["https:\/\/ajc33.com\/index.php\/programme-2025-2026\/"]}]},{"@type":"BreadcrumbList","@id":"https:\/\/ajc33.com\/index.php\/programme-2025-2026\/#breadcrumb","itemListElement":[{"@type":"ListItem","position":1,"name":"Home","item":"https:\/\/ajc33.com\/"},{"@type":"ListItem","position":2,"name":"Programme 2025-2026"}]},{"@type":"WebSite","@id":"https:\/\/ajc33.com\/#website","url":"https:\/\/ajc33.com\/","name":"L&#039;amiti\u00e9 Jud\u00e9o-Chr\u00e9tienne de Bordeaux","description":"","publisher":{"@id":"https:\/\/ajc33.com\/#organization"},"potentialAction":[{"@type":"SearchAction","target":{"@type":"EntryPoint","urlTemplate":"https:\/\/ajc33.com\/?s={search_term_string}"},"query-input":{"@type":"PropertyValueSpecification","valueRequired":true,"valueName":"search_term_string"}}],"inLanguage":"fr-FR"},{"@type":"Organization","@id":"https:\/\/ajc33.com\/#organization","name":"L&#039;amiti\u00e9 Jud\u00e9o-Chr\u00e9tienne de Bordeaux","url":"https:\/\/ajc33.com\/","logo":{"@type":"ImageObject","inLanguage":"fr-FR","@id":"https:\/\/ajc33.com\/#\/schema\/logo\/image\/","url":"https:\/\/ajc33.com\/wp-content\/uploads\/2018\/03\/cropped-ajc-bod-2.jpg","contentUrl":"https:\/\/ajc33.com\/wp-content\/uploads\/2018\/03\/cropped-ajc-bod-2.jpg","width":200,"height":191,"caption":"L&#039;amiti\u00e9 Jud\u00e9o-Chr\u00e9tienne de Bordeaux"},"image":{"@id":"https:\/\/ajc33.com\/#\/schema\/logo\/image\/"}}]}},"jetpack_sharing_enabled":true,"_links":{"self":[{"href":"https:\/\/ajc33.com\/index.php\/wp-json\/wp\/v2\/pages\/859","targetHints":{"allow":["GET"]}}],"collection":[{"href":"https:\/\/ajc33.com\/index.php\/wp-json\/wp\/v2\/pages"}],"about":[{"href":"https:\/\/ajc33.com\/index.php\/wp-json\/wp\/v2\/types\/page"}],"author":[{"embeddable":true,"href":"https:\/\/ajc33.com\/index.php\/wp-json\/wp\/v2\/users\/1"}],"replies":[{"embeddable":true,"href":"https:\/\/ajc33.com\/index.php\/wp-json\/wp\/v2\/comments?post=859"}],"version-history":[{"count":1,"href":"https:\/\/ajc33.com\/index.php\/wp-json\/wp\/v2\/pages\/859\/revisions"}],"predecessor-version":[{"id":862,"href":"https:\/\/ajc33.com\/index.php\/wp-json\/wp\/v2\/pages\/859\/revisions\/862"}],"wp:attachment":[{"href":"https:\/\/ajc33.com\/index.php\/wp-json\/wp\/v2\/media?parent=859"}],"wp:term":[{"taxonomy":"post_tag","embeddable":true,"href":"https:\/\/ajc33.com\/index.php\/wp-json\/wp\/v2\/tags?post=859"}],"curies":[{"name":"wp","href":"https:\/\/api.w.org\/{rel}","templated":true}]}}