{"id":761,"date":"2024-02-15T08:35:25","date_gmt":"2024-02-15T07:35:25","guid":{"rendered":"https:\/\/ajc33.com\/?page_id=761"},"modified":"2024-02-15T08:42:22","modified_gmt":"2024-02-15T07:42:22","slug":"journee-annuelle-contre-lantisemitisme","status":"publish","type":"page","link":"https:\/\/ajc33.com\/index.php\/journee-annuelle-contre-lantisemitisme\/","title":{"rendered":"Journ\u00e9e annuelle contre l\u2019antis\u00e9mitisme"},"content":{"rendered":"\n<figure class=\"wp-block-table\"><table><tbody><tr><td><strong>\u00c0 l\u2019occasion de la journ\u00e9e annuelle contre l\u2019antis\u00e9mitisme,&nbsp;<\/strong><strong>d\u00e9cid\u00e9e par l\u2019Amiti\u00e9 Jud\u00e9o-Chr\u00e9tienne de France ( AJCF)<\/strong><strong>\u00ab\u00a0Repr\u00e9sentation th\u00e9\u00e2trale: \u00ab\u00a0Que Ta volont\u00e9 soit f\u00eate\u00a0\u00bb&nbsp;<\/strong><\/td><\/tr><\/tbody><\/table><\/figure>\n\n\n\n<figure class=\"wp-block-image size-large is-resized\"><img loading=\"lazy\" decoding=\"async\" width=\"724\" height=\"1024\" src=\"https:\/\/ajc33.com\/wp-content\/uploads\/2024\/02\/AJC-MARS-724x1024.png\" alt=\"\" class=\"wp-image-762\" style=\"width:574px;height:auto\" srcset=\"https:\/\/ajc33.com\/wp-content\/uploads\/2024\/02\/AJC-MARS-724x1024.png 724w, https:\/\/ajc33.com\/wp-content\/uploads\/2024\/02\/AJC-MARS-212x300.png 212w, https:\/\/ajc33.com\/wp-content\/uploads\/2024\/02\/AJC-MARS-768x1086.png 768w, https:\/\/ajc33.com\/wp-content\/uploads\/2024\/02\/AJC-MARS-1086x1536.png 1086w, https:\/\/ajc33.com\/wp-content\/uploads\/2024\/02\/AJC-MARS-1448x2048.png 1448w, https:\/\/ajc33.com\/wp-content\/uploads\/2024\/02\/AJC-MARS.png 1587w\" sizes=\"auto, (max-width: 724px) 100vw, 724px\" \/><\/figure>\n\n\n\n<p><\/p>\n\n\n\n<p><\/p>\n\n\n\n<p><strong>\u00ab\u00a0De 1941 \u00e0 1943, \u00e0 Amsterdam, une femme juive tient un journal. Un document bouleversant contre l\u2019antis\u00e9mitisme, la barbarie. Travers\u00e9 malgr\u00e9 tout d\u2019une foi ind\u00e9fectible en l\u2019homme alors qu\u2019il accomplit ses plus noirs m\u00e9faits.\u00a0<\/strong><\/p>\n\n\n\n<p><strong>Etty Hillesum pose les questions de la vie, de l\u2019amour, du rapport \u00e0 Dieu et meurt \u00e0 Auschwitz le 30 Novembre 1943.<\/strong><\/p>\n\n\n\n<p><strong>Une voix \u00e0 entendre et r\u00e9entendre aujourd\u2019hui encore.<\/strong><\/p>\n\n\n\n<p>Pour r\u00e9server, cliquez sur ce lien :<\/p>\n\n\n\n<p><a href=\"https:\/\/www.helloasso.com\/associations\/association-amitie-judeo-chretienne-d-aquitaine\/evenements\/representation-theatrale-que-ta-volonte-soit-fete-par-cie-mata-malam\">https:\/\/www.helloasso.com\/associations\/association-amitie-judeo-chretienne-d-aquitaine\/evenements\/representation-theatrale-que-ta-volonte-soit-fete-par-cie-mata-malam<\/a><\/p>\n\n\n\n<p><\/p>\n\n\n\n<figure class=\"wp-block-image size-full is-resized\"><img loading=\"lazy\" decoding=\"async\" width=\"200\" height=\"191\" src=\"https:\/\/ajc33.com\/wp-content\/uploads\/2024\/02\/logo-ajc33.jpg\" alt=\"\" class=\"wp-image-763\" style=\"width:205px;height:auto\"\/><\/figure>\n\n\n\n<figure class=\"wp-block-image size-full is-resized\"><img loading=\"lazy\" decoding=\"async\" width=\"548\" height=\"242\" src=\"https:\/\/ajc33.com\/wp-content\/uploads\/2024\/02\/Relations-avec-le-judaisme-logo.png\" alt=\"\" class=\"wp-image-764\" style=\"width:259px;height:auto\" srcset=\"https:\/\/ajc33.com\/wp-content\/uploads\/2024\/02\/Relations-avec-le-judaisme-logo.png 548w, https:\/\/ajc33.com\/wp-content\/uploads\/2024\/02\/Relations-avec-le-judaisme-logo-300x132.png 300w\" sizes=\"auto, (max-width: 548px) 100vw, 548px\" \/><\/figure>\n","protected":false},"excerpt":{"rendered":"<p>\u00c0 l\u2019occasion de la journ\u00e9e annuelle contre l\u2019antis\u00e9mitisme,&nbsp;d\u00e9cid\u00e9e par l\u2019Amiti\u00e9 Jud\u00e9o-Chr\u00e9tienne de France ( AJCF)\u00ab\u00a0Repr\u00e9sentation th\u00e9\u00e2trale: \u00ab\u00a0Que Ta volont\u00e9 soit f\u00eate\u00a0\u00bb&nbsp; \u00ab\u00a0De 1941 \u00e0 1943, \u00e0 Amsterdam, une femme juive&hellip; <a href=\"https:\/\/ajc33.com\/index.php\/journee-annuelle-contre-lantisemitisme\/\" class=\"more-link\">Lire la suite <span class=\"screen-reader-text\">Journ\u00e9e annuelle contre l\u2019antis\u00e9mitisme<\/span><\/a><\/p>\n","protected":false},"author":1,"featured_media":0,"parent":0,"menu_order":0,"comment_status":"closed","ping_status":"closed","template":"","meta":{"footnotes":""},"tags":[],"class_list":["post-761","page","type-page","status-publish","hentry","without-featured-image"],"yoast_head":"<!-- This site is optimized with the Yoast SEO plugin v26.6 - https:\/\/yoast.com\/wordpress\/plugins\/seo\/ -->\n<title>Journ\u00e9e annuelle contre l\u2019antis\u00e9mitisme - L&#039;amiti\u00e9 Jud\u00e9o-Chr\u00e9tienne de Bordeaux<\/title>\n<meta name=\"robots\" content=\"index, follow, max-snippet:-1, max-image-preview:large, max-video-preview:-1\" \/>\n<link rel=\"canonical\" href=\"https:\/\/ajc33.com\/index.php\/journee-annuelle-contre-lantisemitisme\/\" \/>\n<meta property=\"og:locale\" content=\"fr_FR\" \/>\n<meta property=\"og:type\" content=\"article\" \/>\n<meta property=\"og:title\" content=\"Journ\u00e9e annuelle contre l\u2019antis\u00e9mitisme - L&#039;amiti\u00e9 Jud\u00e9o-Chr\u00e9tienne de Bordeaux\" \/>\n<meta property=\"og:description\" content=\"\u00c0 l\u2019occasion de la journ\u00e9e annuelle contre l\u2019antis\u00e9mitisme,&nbsp;d\u00e9cid\u00e9e par l\u2019Amiti\u00e9 Jud\u00e9o-Chr\u00e9tienne de France ( AJCF)\u00ab\u00a0Repr\u00e9sentation th\u00e9\u00e2trale: \u00ab\u00a0Que Ta volont\u00e9 soit f\u00eate\u00a0\u00bb&nbsp; \u00ab\u00a0De 1941 \u00e0 1943, \u00e0 Amsterdam, une femme juive&hellip; Lire la suite Journ\u00e9e annuelle contre l\u2019antis\u00e9mitisme\" \/>\n<meta property=\"og:url\" content=\"https:\/\/ajc33.com\/index.php\/journee-annuelle-contre-lantisemitisme\/\" \/>\n<meta property=\"og:site_name\" content=\"L&#039;amiti\u00e9 Jud\u00e9o-Chr\u00e9tienne de Bordeaux\" \/>\n<meta property=\"article:modified_time\" content=\"2024-02-15T07:42:22+00:00\" \/>\n<meta property=\"og:image\" content=\"https:\/\/ajc33.com\/wp-content\/uploads\/2024\/02\/AJC-MARS-724x1024.png\" \/>\n<meta name=\"twitter:card\" content=\"summary_large_image\" \/>\n<meta name=\"twitter:label1\" content=\"Dur\u00e9e de lecture estim\u00e9e\" \/>\n\t<meta name=\"twitter:data1\" content=\"2 minutes\" \/>\n<script type=\"application\/ld+json\" class=\"yoast-schema-graph\">{\"@context\":\"https:\/\/schema.org\",\"@graph\":[{\"@type\":\"WebPage\",\"@id\":\"https:\/\/ajc33.com\/index.php\/journee-annuelle-contre-lantisemitisme\/\",\"url\":\"https:\/\/ajc33.com\/index.php\/journee-annuelle-contre-lantisemitisme\/\",\"name\":\"Journ\u00e9e annuelle contre l\u2019antis\u00e9mitisme - L&#039;amiti\u00e9 Jud\u00e9o-Chr\u00e9tienne de Bordeaux\",\"isPartOf\":{\"@id\":\"https:\/\/ajc33.com\/#website\"},\"primaryImageOfPage\":{\"@id\":\"https:\/\/ajc33.com\/index.php\/journee-annuelle-contre-lantisemitisme\/#primaryimage\"},\"image\":{\"@id\":\"https:\/\/ajc33.com\/index.php\/journee-annuelle-contre-lantisemitisme\/#primaryimage\"},\"thumbnailUrl\":\"https:\/\/ajc33.com\/wp-content\/uploads\/2024\/02\/AJC-MARS-724x1024.png\",\"datePublished\":\"2024-02-15T07:35:25+00:00\",\"dateModified\":\"2024-02-15T07:42:22+00:00\",\"breadcrumb\":{\"@id\":\"https:\/\/ajc33.com\/index.php\/journee-annuelle-contre-lantisemitisme\/#breadcrumb\"},\"inLanguage\":\"fr-FR\",\"potentialAction\":[{\"@type\":\"ReadAction\",\"target\":[\"https:\/\/ajc33.com\/index.php\/journee-annuelle-contre-lantisemitisme\/\"]}]},{\"@type\":\"ImageObject\",\"inLanguage\":\"fr-FR\",\"@id\":\"https:\/\/ajc33.com\/index.php\/journee-annuelle-contre-lantisemitisme\/#primaryimage\",\"url\":\"https:\/\/ajc33.com\/wp-content\/uploads\/2024\/02\/AJC-MARS.png\",\"contentUrl\":\"https:\/\/ajc33.com\/wp-content\/uploads\/2024\/02\/AJC-MARS.png\",\"width\":1587,\"height\":2245},{\"@type\":\"BreadcrumbList\",\"@id\":\"https:\/\/ajc33.com\/index.php\/journee-annuelle-contre-lantisemitisme\/#breadcrumb\",\"itemListElement\":[{\"@type\":\"ListItem\",\"position\":1,\"name\":\"Home\",\"item\":\"https:\/\/ajc33.com\/\"},{\"@type\":\"ListItem\",\"position\":2,\"name\":\"Journ\u00e9e annuelle contre l\u2019antis\u00e9mitisme\"}]},{\"@type\":\"WebSite\",\"@id\":\"https:\/\/ajc33.com\/#website\",\"url\":\"https:\/\/ajc33.com\/\",\"name\":\"L&#039;amiti\u00e9 Jud\u00e9o-Chr\u00e9tienne de Bordeaux\",\"description\":\"\",\"publisher\":{\"@id\":\"https:\/\/ajc33.com\/#organization\"},\"potentialAction\":[{\"@type\":\"SearchAction\",\"target\":{\"@type\":\"EntryPoint\",\"urlTemplate\":\"https:\/\/ajc33.com\/?s={search_term_string}\"},\"query-input\":{\"@type\":\"PropertyValueSpecification\",\"valueRequired\":true,\"valueName\":\"search_term_string\"}}],\"inLanguage\":\"fr-FR\"},{\"@type\":\"Organization\",\"@id\":\"https:\/\/ajc33.com\/#organization\",\"name\":\"L&#039;amiti\u00e9 Jud\u00e9o-Chr\u00e9tienne de Bordeaux\",\"url\":\"https:\/\/ajc33.com\/\",\"logo\":{\"@type\":\"ImageObject\",\"inLanguage\":\"fr-FR\",\"@id\":\"https:\/\/ajc33.com\/#\/schema\/logo\/image\/\",\"url\":\"https:\/\/ajc33.com\/wp-content\/uploads\/2018\/03\/cropped-ajc-bod-2.jpg\",\"contentUrl\":\"https:\/\/ajc33.com\/wp-content\/uploads\/2018\/03\/cropped-ajc-bod-2.jpg\",\"width\":200,\"height\":191,\"caption\":\"L&#039;amiti\u00e9 Jud\u00e9o-Chr\u00e9tienne de Bordeaux\"},\"image\":{\"@id\":\"https:\/\/ajc33.com\/#\/schema\/logo\/image\/\"}}]}<\/script>\n<!-- \/ Yoast SEO plugin. -->","yoast_head_json":{"title":"Journ\u00e9e annuelle contre l\u2019antis\u00e9mitisme - L&#039;amiti\u00e9 Jud\u00e9o-Chr\u00e9tienne de Bordeaux","robots":{"index":"index","follow":"follow","max-snippet":"max-snippet:-1","max-image-preview":"max-image-preview:large","max-video-preview":"max-video-preview:-1"},"canonical":"https:\/\/ajc33.com\/index.php\/journee-annuelle-contre-lantisemitisme\/","og_locale":"fr_FR","og_type":"article","og_title":"Journ\u00e9e annuelle contre l\u2019antis\u00e9mitisme - L&#039;amiti\u00e9 Jud\u00e9o-Chr\u00e9tienne de Bordeaux","og_description":"\u00c0 l\u2019occasion de la journ\u00e9e annuelle contre l\u2019antis\u00e9mitisme,&nbsp;d\u00e9cid\u00e9e par l\u2019Amiti\u00e9 Jud\u00e9o-Chr\u00e9tienne de France ( AJCF)\u00ab\u00a0Repr\u00e9sentation th\u00e9\u00e2trale: \u00ab\u00a0Que Ta volont\u00e9 soit f\u00eate\u00a0\u00bb&nbsp; \u00ab\u00a0De 1941 \u00e0 1943, \u00e0 Amsterdam, une femme juive&hellip; Lire la suite Journ\u00e9e annuelle contre l\u2019antis\u00e9mitisme","og_url":"https:\/\/ajc33.com\/index.php\/journee-annuelle-contre-lantisemitisme\/","og_site_name":"L&#039;amiti\u00e9 Jud\u00e9o-Chr\u00e9tienne de Bordeaux","article_modified_time":"2024-02-15T07:42:22+00:00","og_image":[{"url":"https:\/\/ajc33.com\/wp-content\/uploads\/2024\/02\/AJC-MARS-724x1024.png","type":"","width":"","height":""}],"twitter_card":"summary_large_image","twitter_misc":{"Dur\u00e9e de lecture estim\u00e9e":"2 minutes"},"schema":{"@context":"https:\/\/schema.org","@graph":[{"@type":"WebPage","@id":"https:\/\/ajc33.com\/index.php\/journee-annuelle-contre-lantisemitisme\/","url":"https:\/\/ajc33.com\/index.php\/journee-annuelle-contre-lantisemitisme\/","name":"Journ\u00e9e annuelle contre l\u2019antis\u00e9mitisme - L&#039;amiti\u00e9 Jud\u00e9o-Chr\u00e9tienne de Bordeaux","isPartOf":{"@id":"https:\/\/ajc33.com\/#website"},"primaryImageOfPage":{"@id":"https:\/\/ajc33.com\/index.php\/journee-annuelle-contre-lantisemitisme\/#primaryimage"},"image":{"@id":"https:\/\/ajc33.com\/index.php\/journee-annuelle-contre-lantisemitisme\/#primaryimage"},"thumbnailUrl":"https:\/\/ajc33.com\/wp-content\/uploads\/2024\/02\/AJC-MARS-724x1024.png","datePublished":"2024-02-15T07:35:25+00:00","dateModified":"2024-02-15T07:42:22+00:00","breadcrumb":{"@id":"https:\/\/ajc33.com\/index.php\/journee-annuelle-contre-lantisemitisme\/#breadcrumb"},"inLanguage":"fr-FR","potentialAction":[{"@type":"ReadAction","target":["https:\/\/ajc33.com\/index.php\/journee-annuelle-contre-lantisemitisme\/"]}]},{"@type":"ImageObject","inLanguage":"fr-FR","@id":"https:\/\/ajc33.com\/index.php\/journee-annuelle-contre-lantisemitisme\/#primaryimage","url":"https:\/\/ajc33.com\/wp-content\/uploads\/2024\/02\/AJC-MARS.png","contentUrl":"https:\/\/ajc33.com\/wp-content\/uploads\/2024\/02\/AJC-MARS.png","width":1587,"height":2245},{"@type":"BreadcrumbList","@id":"https:\/\/ajc33.com\/index.php\/journee-annuelle-contre-lantisemitisme\/#breadcrumb","itemListElement":[{"@type":"ListItem","position":1,"name":"Home","item":"https:\/\/ajc33.com\/"},{"@type":"ListItem","position":2,"name":"Journ\u00e9e annuelle contre l\u2019antis\u00e9mitisme"}]},{"@type":"WebSite","@id":"https:\/\/ajc33.com\/#website","url":"https:\/\/ajc33.com\/","name":"L&#039;amiti\u00e9 Jud\u00e9o-Chr\u00e9tienne de Bordeaux","description":"","publisher":{"@id":"https:\/\/ajc33.com\/#organization"},"potentialAction":[{"@type":"SearchAction","target":{"@type":"EntryPoint","urlTemplate":"https:\/\/ajc33.com\/?s={search_term_string}"},"query-input":{"@type":"PropertyValueSpecification","valueRequired":true,"valueName":"search_term_string"}}],"inLanguage":"fr-FR"},{"@type":"Organization","@id":"https:\/\/ajc33.com\/#organization","name":"L&#039;amiti\u00e9 Jud\u00e9o-Chr\u00e9tienne de Bordeaux","url":"https:\/\/ajc33.com\/","logo":{"@type":"ImageObject","inLanguage":"fr-FR","@id":"https:\/\/ajc33.com\/#\/schema\/logo\/image\/","url":"https:\/\/ajc33.com\/wp-content\/uploads\/2018\/03\/cropped-ajc-bod-2.jpg","contentUrl":"https:\/\/ajc33.com\/wp-content\/uploads\/2018\/03\/cropped-ajc-bod-2.jpg","width":200,"height":191,"caption":"L&#039;amiti\u00e9 Jud\u00e9o-Chr\u00e9tienne de Bordeaux"},"image":{"@id":"https:\/\/ajc33.com\/#\/schema\/logo\/image\/"}}]}},"jetpack_sharing_enabled":true,"_links":{"self":[{"href":"https:\/\/ajc33.com\/index.php\/wp-json\/wp\/v2\/pages\/761","targetHints":{"allow":["GET"]}}],"collection":[{"href":"https:\/\/ajc33.com\/index.php\/wp-json\/wp\/v2\/pages"}],"about":[{"href":"https:\/\/ajc33.com\/index.php\/wp-json\/wp\/v2\/types\/page"}],"author":[{"embeddable":true,"href":"https:\/\/ajc33.com\/index.php\/wp-json\/wp\/v2\/users\/1"}],"replies":[{"embeddable":true,"href":"https:\/\/ajc33.com\/index.php\/wp-json\/wp\/v2\/comments?post=761"}],"version-history":[{"count":2,"href":"https:\/\/ajc33.com\/index.php\/wp-json\/wp\/v2\/pages\/761\/revisions"}],"predecessor-version":[{"id":768,"href":"https:\/\/ajc33.com\/index.php\/wp-json\/wp\/v2\/pages\/761\/revisions\/768"}],"wp:attachment":[{"href":"https:\/\/ajc33.com\/index.php\/wp-json\/wp\/v2\/media?parent=761"}],"wp:term":[{"taxonomy":"post_tag","embeddable":true,"href":"https:\/\/ajc33.com\/index.php\/wp-json\/wp\/v2\/tags?post=761"}],"curies":[{"name":"wp","href":"https:\/\/api.w.org\/{rel}","templated":true}]}}