{"id":716,"date":"2023-10-23T12:04:43","date_gmt":"2023-10-23T10:04:43","guid":{"rendered":"https:\/\/ajc33.com\/?page_id=716"},"modified":"2023-11-05T09:23:20","modified_gmt":"2023-11-05T08:23:20","slug":"3-seances-sur-le-theme-de-lobeissance","status":"publish","type":"page","link":"https:\/\/ajc33.com\/index.php\/3-seances-sur-le-theme-de-lobeissance\/","title":{"rendered":"3 s\u00e9ances sur le th\u00e8me de l&rsquo;Ob\u00e9issance\u00a0"},"content":{"rendered":"\n<p>Vous trouverez en pi\u00e8ce jointe de la part de Philippe Leruste l&rsquo;invitation \u00e0 3 s\u00e9ances sur le th\u00e8me de l&rsquo;Ob\u00e9issance qui se d\u00e9rouleront&nbsp;par zoom.<\/p>\n\n\n\n<p>Voir tous les d\u00e9tails et pr\u00e9sentation en&nbsp;&nbsp;pi\u00e8ce jointe.<\/p>\n\n\n\n<p>Merci pour vos inscriptions avec paiement<br>&#8211; par helloasso (de pr\u00e9f\u00e9rence)<\/p>\n\n\n\n<p><a href=\"https:\/\/www.helloasso.com\/associations\/association-amitie-judeo-chretienne-d-aquitaine\/evenements\/cycle-des-vertus-l-obeissance-les-20-et-27-nov-et-4-dec\">https:\/\/www.helloasso.com\/associations\/association-amitie-judeo-chretienne-d-aquitaine\/evenements\/cycle-des-vertus-l-obeissance-les-20-et-27-nov-et-4-dec<\/a><br>&#8211;&nbsp; o\u00f9 ch\u00e8que \u00e0 l&rsquo;ordre de l&rsquo;AJC Bordeaux \u00e0 exp\u00e9dier \u00e0&nbsp;&nbsp;mon adresse.<br>A tr\u00e8s bient\u00f4t de vos nouvelles.<\/p>\n\n\n\n<p>Bien cordialement&nbsp;<\/p>\n\n\n\n<p>Jeanine pour l&rsquo;ajc Bordeaux<\/p>\n\n\n\n<figure class=\"wp-block-image size-large\"><img loading=\"lazy\" decoding=\"async\" width=\"1024\" height=\"704\" src=\"https:\/\/ajc33.com\/wp-content\/uploads\/2023\/11\/ajc1-1024x704.jpg\" alt=\"\" class=\"wp-image-728\" srcset=\"https:\/\/ajc33.com\/wp-content\/uploads\/2023\/11\/ajc1-1024x704.jpg 1024w, https:\/\/ajc33.com\/wp-content\/uploads\/2023\/11\/ajc1-300x206.jpg 300w, https:\/\/ajc33.com\/wp-content\/uploads\/2023\/11\/ajc1-768x528.jpg 768w, https:\/\/ajc33.com\/wp-content\/uploads\/2023\/11\/ajc1.jpg 1301w\" sizes=\"auto, (max-width: 1024px) 100vw, 1024px\" \/><\/figure>\n\n\n\n<figure class=\"wp-block-image size-large\"><img loading=\"lazy\" decoding=\"async\" width=\"1024\" height=\"632\" src=\"https:\/\/ajc33.com\/wp-content\/uploads\/2023\/11\/ajc2-1024x632.jpg\" alt=\"\" class=\"wp-image-726\" srcset=\"https:\/\/ajc33.com\/wp-content\/uploads\/2023\/11\/ajc2-1024x632.jpg 1024w, https:\/\/ajc33.com\/wp-content\/uploads\/2023\/11\/ajc2-300x185.jpg 300w, https:\/\/ajc33.com\/wp-content\/uploads\/2023\/11\/ajc2-768x474.jpg 768w, https:\/\/ajc33.com\/wp-content\/uploads\/2023\/11\/ajc2.jpg 1303w\" sizes=\"auto, (max-width: 1024px) 100vw, 1024px\" \/><\/figure>\n","protected":false},"excerpt":{"rendered":"<p>Vous trouverez en pi\u00e8ce jointe de la part de Philippe Leruste l&rsquo;invitation \u00e0 3 s\u00e9ances sur le th\u00e8me de l&rsquo;Ob\u00e9issance qui se d\u00e9rouleront&nbsp;par zoom. Voir tous les d\u00e9tails et pr\u00e9sentation&hellip; <a href=\"https:\/\/ajc33.com\/index.php\/3-seances-sur-le-theme-de-lobeissance\/\" class=\"more-link\">Lire la suite <span class=\"screen-reader-text\">3 s\u00e9ances sur le th\u00e8me de l&rsquo;Ob\u00e9issance\u00a0<\/span><\/a><\/p>\n","protected":false},"author":1,"featured_media":0,"parent":0,"menu_order":0,"comment_status":"closed","ping_status":"closed","template":"","meta":{"footnotes":""},"tags":[],"class_list":["post-716","page","type-page","status-publish","hentry","without-featured-image"],"yoast_head":"<!-- This site is optimized with the Yoast SEO plugin v26.6 - https:\/\/yoast.com\/wordpress\/plugins\/seo\/ -->\n<title>3 s\u00e9ances sur le th\u00e8me de l&#039;Ob\u00e9issance\u00a0 - L&#039;amiti\u00e9 Jud\u00e9o-Chr\u00e9tienne de Bordeaux<\/title>\n<meta name=\"robots\" content=\"index, follow, max-snippet:-1, max-image-preview:large, max-video-preview:-1\" \/>\n<link rel=\"canonical\" href=\"https:\/\/ajc33.com\/index.php\/3-seances-sur-le-theme-de-lobeissance\/\" \/>\n<meta property=\"og:locale\" content=\"fr_FR\" \/>\n<meta property=\"og:type\" content=\"article\" \/>\n<meta property=\"og:title\" content=\"3 s\u00e9ances sur le th\u00e8me de l&#039;Ob\u00e9issance\u00a0 - L&#039;amiti\u00e9 Jud\u00e9o-Chr\u00e9tienne de Bordeaux\" \/>\n<meta property=\"og:description\" content=\"Vous trouverez en pi\u00e8ce jointe de la part de Philippe Leruste l&rsquo;invitation \u00e0 3 s\u00e9ances sur le th\u00e8me de l&rsquo;Ob\u00e9issance qui se d\u00e9rouleront&nbsp;par zoom. Voir tous les d\u00e9tails et pr\u00e9sentation&hellip; Lire la suite 3 s\u00e9ances sur le th\u00e8me de l&rsquo;Ob\u00e9issance\u00a0\" \/>\n<meta property=\"og:url\" content=\"https:\/\/ajc33.com\/index.php\/3-seances-sur-le-theme-de-lobeissance\/\" \/>\n<meta property=\"og:site_name\" content=\"L&#039;amiti\u00e9 Jud\u00e9o-Chr\u00e9tienne de Bordeaux\" \/>\n<meta property=\"article:modified_time\" content=\"2023-11-05T08:23:20+00:00\" \/>\n<meta property=\"og:image\" content=\"https:\/\/ajc33.com\/wp-content\/uploads\/2023\/11\/ajc1-1024x704.jpg\" \/>\n<meta name=\"twitter:card\" content=\"summary_large_image\" \/>\n<meta name=\"twitter:label1\" content=\"Dur\u00e9e de lecture estim\u00e9e\" \/>\n\t<meta name=\"twitter:data1\" content=\"1 minute\" \/>\n<script type=\"application\/ld+json\" class=\"yoast-schema-graph\">{\"@context\":\"https:\/\/schema.org\",\"@graph\":[{\"@type\":\"WebPage\",\"@id\":\"https:\/\/ajc33.com\/index.php\/3-seances-sur-le-theme-de-lobeissance\/\",\"url\":\"https:\/\/ajc33.com\/index.php\/3-seances-sur-le-theme-de-lobeissance\/\",\"name\":\"3 s\u00e9ances sur le th\u00e8me de l'Ob\u00e9issance\u00a0 - L&#039;amiti\u00e9 Jud\u00e9o-Chr\u00e9tienne de Bordeaux\",\"isPartOf\":{\"@id\":\"https:\/\/ajc33.com\/#website\"},\"primaryImageOfPage\":{\"@id\":\"https:\/\/ajc33.com\/index.php\/3-seances-sur-le-theme-de-lobeissance\/#primaryimage\"},\"image\":{\"@id\":\"https:\/\/ajc33.com\/index.php\/3-seances-sur-le-theme-de-lobeissance\/#primaryimage\"},\"thumbnailUrl\":\"https:\/\/ajc33.com\/wp-content\/uploads\/2023\/11\/ajc1-1024x704.jpg\",\"datePublished\":\"2023-10-23T10:04:43+00:00\",\"dateModified\":\"2023-11-05T08:23:20+00:00\",\"breadcrumb\":{\"@id\":\"https:\/\/ajc33.com\/index.php\/3-seances-sur-le-theme-de-lobeissance\/#breadcrumb\"},\"inLanguage\":\"fr-FR\",\"potentialAction\":[{\"@type\":\"ReadAction\",\"target\":[\"https:\/\/ajc33.com\/index.php\/3-seances-sur-le-theme-de-lobeissance\/\"]}]},{\"@type\":\"ImageObject\",\"inLanguage\":\"fr-FR\",\"@id\":\"https:\/\/ajc33.com\/index.php\/3-seances-sur-le-theme-de-lobeissance\/#primaryimage\",\"url\":\"https:\/\/ajc33.com\/wp-content\/uploads\/2023\/11\/ajc1.jpg\",\"contentUrl\":\"https:\/\/ajc33.com\/wp-content\/uploads\/2023\/11\/ajc1.jpg\",\"width\":1301,\"height\":894},{\"@type\":\"BreadcrumbList\",\"@id\":\"https:\/\/ajc33.com\/index.php\/3-seances-sur-le-theme-de-lobeissance\/#breadcrumb\",\"itemListElement\":[{\"@type\":\"ListItem\",\"position\":1,\"name\":\"Home\",\"item\":\"https:\/\/ajc33.com\/\"},{\"@type\":\"ListItem\",\"position\":2,\"name\":\"3 s\u00e9ances sur le th\u00e8me de l&#8217;Ob\u00e9issance\u00a0\"}]},{\"@type\":\"WebSite\",\"@id\":\"https:\/\/ajc33.com\/#website\",\"url\":\"https:\/\/ajc33.com\/\",\"name\":\"L&#039;amiti\u00e9 Jud\u00e9o-Chr\u00e9tienne de Bordeaux\",\"description\":\"\",\"publisher\":{\"@id\":\"https:\/\/ajc33.com\/#organization\"},\"potentialAction\":[{\"@type\":\"SearchAction\",\"target\":{\"@type\":\"EntryPoint\",\"urlTemplate\":\"https:\/\/ajc33.com\/?s={search_term_string}\"},\"query-input\":{\"@type\":\"PropertyValueSpecification\",\"valueRequired\":true,\"valueName\":\"search_term_string\"}}],\"inLanguage\":\"fr-FR\"},{\"@type\":\"Organization\",\"@id\":\"https:\/\/ajc33.com\/#organization\",\"name\":\"L&#039;amiti\u00e9 Jud\u00e9o-Chr\u00e9tienne de Bordeaux\",\"url\":\"https:\/\/ajc33.com\/\",\"logo\":{\"@type\":\"ImageObject\",\"inLanguage\":\"fr-FR\",\"@id\":\"https:\/\/ajc33.com\/#\/schema\/logo\/image\/\",\"url\":\"https:\/\/ajc33.com\/wp-content\/uploads\/2018\/03\/cropped-ajc-bod-2.jpg\",\"contentUrl\":\"https:\/\/ajc33.com\/wp-content\/uploads\/2018\/03\/cropped-ajc-bod-2.jpg\",\"width\":200,\"height\":191,\"caption\":\"L&#039;amiti\u00e9 Jud\u00e9o-Chr\u00e9tienne de Bordeaux\"},\"image\":{\"@id\":\"https:\/\/ajc33.com\/#\/schema\/logo\/image\/\"}}]}<\/script>\n<!-- \/ Yoast SEO plugin. -->","yoast_head_json":{"title":"3 s\u00e9ances sur le th\u00e8me de l'Ob\u00e9issance\u00a0 - L&#039;amiti\u00e9 Jud\u00e9o-Chr\u00e9tienne de Bordeaux","robots":{"index":"index","follow":"follow","max-snippet":"max-snippet:-1","max-image-preview":"max-image-preview:large","max-video-preview":"max-video-preview:-1"},"canonical":"https:\/\/ajc33.com\/index.php\/3-seances-sur-le-theme-de-lobeissance\/","og_locale":"fr_FR","og_type":"article","og_title":"3 s\u00e9ances sur le th\u00e8me de l'Ob\u00e9issance\u00a0 - L&#039;amiti\u00e9 Jud\u00e9o-Chr\u00e9tienne de Bordeaux","og_description":"Vous trouverez en pi\u00e8ce jointe de la part de Philippe Leruste l&rsquo;invitation \u00e0 3 s\u00e9ances sur le th\u00e8me de l&rsquo;Ob\u00e9issance qui se d\u00e9rouleront&nbsp;par zoom. Voir tous les d\u00e9tails et pr\u00e9sentation&hellip; Lire la suite 3 s\u00e9ances sur le th\u00e8me de l&rsquo;Ob\u00e9issance\u00a0","og_url":"https:\/\/ajc33.com\/index.php\/3-seances-sur-le-theme-de-lobeissance\/","og_site_name":"L&#039;amiti\u00e9 Jud\u00e9o-Chr\u00e9tienne de Bordeaux","article_modified_time":"2023-11-05T08:23:20+00:00","og_image":[{"url":"https:\/\/ajc33.com\/wp-content\/uploads\/2023\/11\/ajc1-1024x704.jpg","type":"","width":"","height":""}],"twitter_card":"summary_large_image","twitter_misc":{"Dur\u00e9e de lecture estim\u00e9e":"1 minute"},"schema":{"@context":"https:\/\/schema.org","@graph":[{"@type":"WebPage","@id":"https:\/\/ajc33.com\/index.php\/3-seances-sur-le-theme-de-lobeissance\/","url":"https:\/\/ajc33.com\/index.php\/3-seances-sur-le-theme-de-lobeissance\/","name":"3 s\u00e9ances sur le th\u00e8me de l'Ob\u00e9issance\u00a0 - L&#039;amiti\u00e9 Jud\u00e9o-Chr\u00e9tienne de Bordeaux","isPartOf":{"@id":"https:\/\/ajc33.com\/#website"},"primaryImageOfPage":{"@id":"https:\/\/ajc33.com\/index.php\/3-seances-sur-le-theme-de-lobeissance\/#primaryimage"},"image":{"@id":"https:\/\/ajc33.com\/index.php\/3-seances-sur-le-theme-de-lobeissance\/#primaryimage"},"thumbnailUrl":"https:\/\/ajc33.com\/wp-content\/uploads\/2023\/11\/ajc1-1024x704.jpg","datePublished":"2023-10-23T10:04:43+00:00","dateModified":"2023-11-05T08:23:20+00:00","breadcrumb":{"@id":"https:\/\/ajc33.com\/index.php\/3-seances-sur-le-theme-de-lobeissance\/#breadcrumb"},"inLanguage":"fr-FR","potentialAction":[{"@type":"ReadAction","target":["https:\/\/ajc33.com\/index.php\/3-seances-sur-le-theme-de-lobeissance\/"]}]},{"@type":"ImageObject","inLanguage":"fr-FR","@id":"https:\/\/ajc33.com\/index.php\/3-seances-sur-le-theme-de-lobeissance\/#primaryimage","url":"https:\/\/ajc33.com\/wp-content\/uploads\/2023\/11\/ajc1.jpg","contentUrl":"https:\/\/ajc33.com\/wp-content\/uploads\/2023\/11\/ajc1.jpg","width":1301,"height":894},{"@type":"BreadcrumbList","@id":"https:\/\/ajc33.com\/index.php\/3-seances-sur-le-theme-de-lobeissance\/#breadcrumb","itemListElement":[{"@type":"ListItem","position":1,"name":"Home","item":"https:\/\/ajc33.com\/"},{"@type":"ListItem","position":2,"name":"3 s\u00e9ances sur le th\u00e8me de l&#8217;Ob\u00e9issance\u00a0"}]},{"@type":"WebSite","@id":"https:\/\/ajc33.com\/#website","url":"https:\/\/ajc33.com\/","name":"L&#039;amiti\u00e9 Jud\u00e9o-Chr\u00e9tienne de Bordeaux","description":"","publisher":{"@id":"https:\/\/ajc33.com\/#organization"},"potentialAction":[{"@type":"SearchAction","target":{"@type":"EntryPoint","urlTemplate":"https:\/\/ajc33.com\/?s={search_term_string}"},"query-input":{"@type":"PropertyValueSpecification","valueRequired":true,"valueName":"search_term_string"}}],"inLanguage":"fr-FR"},{"@type":"Organization","@id":"https:\/\/ajc33.com\/#organization","name":"L&#039;amiti\u00e9 Jud\u00e9o-Chr\u00e9tienne de Bordeaux","url":"https:\/\/ajc33.com\/","logo":{"@type":"ImageObject","inLanguage":"fr-FR","@id":"https:\/\/ajc33.com\/#\/schema\/logo\/image\/","url":"https:\/\/ajc33.com\/wp-content\/uploads\/2018\/03\/cropped-ajc-bod-2.jpg","contentUrl":"https:\/\/ajc33.com\/wp-content\/uploads\/2018\/03\/cropped-ajc-bod-2.jpg","width":200,"height":191,"caption":"L&#039;amiti\u00e9 Jud\u00e9o-Chr\u00e9tienne de Bordeaux"},"image":{"@id":"https:\/\/ajc33.com\/#\/schema\/logo\/image\/"}}]}},"jetpack_sharing_enabled":true,"_links":{"self":[{"href":"https:\/\/ajc33.com\/index.php\/wp-json\/wp\/v2\/pages\/716","targetHints":{"allow":["GET"]}}],"collection":[{"href":"https:\/\/ajc33.com\/index.php\/wp-json\/wp\/v2\/pages"}],"about":[{"href":"https:\/\/ajc33.com\/index.php\/wp-json\/wp\/v2\/types\/page"}],"author":[{"embeddable":true,"href":"https:\/\/ajc33.com\/index.php\/wp-json\/wp\/v2\/users\/1"}],"replies":[{"embeddable":true,"href":"https:\/\/ajc33.com\/index.php\/wp-json\/wp\/v2\/comments?post=716"}],"version-history":[{"count":3,"href":"https:\/\/ajc33.com\/index.php\/wp-json\/wp\/v2\/pages\/716\/revisions"}],"predecessor-version":[{"id":729,"href":"https:\/\/ajc33.com\/index.php\/wp-json\/wp\/v2\/pages\/716\/revisions\/729"}],"wp:attachment":[{"href":"https:\/\/ajc33.com\/index.php\/wp-json\/wp\/v2\/media?parent=716"}],"wp:term":[{"taxonomy":"post_tag","embeddable":true,"href":"https:\/\/ajc33.com\/index.php\/wp-json\/wp\/v2\/tags?post=716"}],"curies":[{"name":"wp","href":"https:\/\/api.w.org\/{rel}","templated":true}]}}