{"id":705,"date":"2023-10-19T15:40:25","date_gmt":"2023-10-19T13:40:25","guid":{"rendered":"https:\/\/ajc33.com\/?page_id=705"},"modified":"2023-10-23T11:57:36","modified_gmt":"2023-10-23T09:57:36","slug":"conference-de-philippe-leruste-en-deux-parties-les-6-et-13-novembre","status":"publish","type":"page","link":"https:\/\/ajc33.com\/index.php\/conference-de-philippe-leruste-en-deux-parties-les-6-et-13-novembre\/","title":{"rendered":"Conf\u00e9rence de Philippe Leruste en deux parties, les 6 et 13 novembre."},"content":{"rendered":"\n<figure class=\"wp-block-image size-full\"><img loading=\"lazy\" decoding=\"async\" width=\"488\" height=\"694\" src=\"https:\/\/ajc33.com\/wp-content\/uploads\/2023\/10\/conf-1.jpg\" alt=\"\" class=\"wp-image-707\" srcset=\"https:\/\/ajc33.com\/wp-content\/uploads\/2023\/10\/conf-1.jpg 488w, https:\/\/ajc33.com\/wp-content\/uploads\/2023\/10\/conf-1-211x300.jpg 211w\" sizes=\"auto, (max-width: 488px) 100vw, 488px\" \/><\/figure>\n\n\n\n<figure class=\"wp-block-image size-full\"><img loading=\"lazy\" decoding=\"async\" width=\"469\" height=\"669\" src=\"https:\/\/ajc33.com\/wp-content\/uploads\/2023\/10\/conf-2.jpg\" alt=\"\" class=\"wp-image-706\" srcset=\"https:\/\/ajc33.com\/wp-content\/uploads\/2023\/10\/conf-2.jpg 469w, https:\/\/ajc33.com\/wp-content\/uploads\/2023\/10\/conf-2-210x300.jpg 210w\" sizes=\"auto, (max-width: 469px) 100vw, 469px\" \/><\/figure>\n\n\n\n<p>Voici l&rsquo;invitation \u00e0 la conf\u00e9rence de Philippe Leruste en deux parties, les 6 et 13 novembre.<\/p>\n\n\n\n<p><strong>J&rsquo;attends vos inscriptions\u00a0 par mail;<\/strong>\u00a0 le paiement se fera sur place le jour de la conf\u00e9rence soit par ch\u00e8que soit en esp\u00e8ces.<\/p>\n\n\n\n<p>jbarberes@club-internet.fr <\/p>\n\n\n\n<p>Merci et \u00e0 bient\u00f4t<\/p>\n\n\n\n<p>AJC 33<\/p>\n","protected":false},"excerpt":{"rendered":"<p>Voici l&rsquo;invitation \u00e0 la conf\u00e9rence de Philippe Leruste en deux parties, les 6 et 13 novembre. J&rsquo;attends vos inscriptions\u00a0 par mail;\u00a0 le paiement se fera sur place le jour de&hellip; <a href=\"https:\/\/ajc33.com\/index.php\/conference-de-philippe-leruste-en-deux-parties-les-6-et-13-novembre\/\" class=\"more-link\">Lire la suite <span class=\"screen-reader-text\">Conf\u00e9rence de Philippe Leruste en deux parties, les 6 et 13 novembre.<\/span><\/a><\/p>\n","protected":false},"author":1,"featured_media":0,"parent":0,"menu_order":0,"comment_status":"closed","ping_status":"closed","template":"","meta":{"footnotes":""},"tags":[],"class_list":["post-705","page","type-page","status-publish","hentry","without-featured-image"],"yoast_head":"<!-- This site is optimized with the Yoast SEO plugin v26.6 - https:\/\/yoast.com\/wordpress\/plugins\/seo\/ -->\n<title>Conf\u00e9rence de Philippe Leruste en deux parties, les 6 et 13 novembre. - L&#039;amiti\u00e9 Jud\u00e9o-Chr\u00e9tienne de Bordeaux<\/title>\n<meta name=\"robots\" content=\"index, follow, max-snippet:-1, max-image-preview:large, max-video-preview:-1\" \/>\n<link rel=\"canonical\" href=\"https:\/\/ajc33.com\/index.php\/conference-de-philippe-leruste-en-deux-parties-les-6-et-13-novembre\/\" \/>\n<meta property=\"og:locale\" content=\"fr_FR\" \/>\n<meta property=\"og:type\" content=\"article\" \/>\n<meta property=\"og:title\" content=\"Conf\u00e9rence de Philippe Leruste en deux parties, les 6 et 13 novembre. - L&#039;amiti\u00e9 Jud\u00e9o-Chr\u00e9tienne de Bordeaux\" \/>\n<meta property=\"og:description\" content=\"Voici l&rsquo;invitation \u00e0 la conf\u00e9rence de Philippe Leruste en deux parties, les 6 et 13 novembre. J&rsquo;attends vos inscriptions\u00a0 par mail;\u00a0 le paiement se fera sur place le jour de&hellip; Lire la suite Conf\u00e9rence de Philippe Leruste en deux parties, les 6 et 13 novembre.\" \/>\n<meta property=\"og:url\" content=\"https:\/\/ajc33.com\/index.php\/conference-de-philippe-leruste-en-deux-parties-les-6-et-13-novembre\/\" \/>\n<meta property=\"og:site_name\" content=\"L&#039;amiti\u00e9 Jud\u00e9o-Chr\u00e9tienne de Bordeaux\" \/>\n<meta property=\"article:modified_time\" content=\"2023-10-23T09:57:36+00:00\" \/>\n<meta property=\"og:image\" content=\"https:\/\/ajc33.com\/wp-content\/uploads\/2023\/10\/conf-1.jpg\" \/>\n<meta name=\"twitter:card\" content=\"summary_large_image\" \/>\n<meta name=\"twitter:label1\" content=\"Dur\u00e9e de lecture estim\u00e9e\" \/>\n\t<meta name=\"twitter:data1\" content=\"1 minute\" \/>\n<script type=\"application\/ld+json\" class=\"yoast-schema-graph\">{\"@context\":\"https:\/\/schema.org\",\"@graph\":[{\"@type\":\"WebPage\",\"@id\":\"https:\/\/ajc33.com\/index.php\/conference-de-philippe-leruste-en-deux-parties-les-6-et-13-novembre\/\",\"url\":\"https:\/\/ajc33.com\/index.php\/conference-de-philippe-leruste-en-deux-parties-les-6-et-13-novembre\/\",\"name\":\"Conf\u00e9rence de Philippe Leruste en deux parties, les 6 et 13 novembre. - L&#039;amiti\u00e9 Jud\u00e9o-Chr\u00e9tienne de Bordeaux\",\"isPartOf\":{\"@id\":\"https:\/\/ajc33.com\/#website\"},\"primaryImageOfPage\":{\"@id\":\"https:\/\/ajc33.com\/index.php\/conference-de-philippe-leruste-en-deux-parties-les-6-et-13-novembre\/#primaryimage\"},\"image\":{\"@id\":\"https:\/\/ajc33.com\/index.php\/conference-de-philippe-leruste-en-deux-parties-les-6-et-13-novembre\/#primaryimage\"},\"thumbnailUrl\":\"https:\/\/ajc33.com\/wp-content\/uploads\/2023\/10\/conf-1.jpg\",\"datePublished\":\"2023-10-19T13:40:25+00:00\",\"dateModified\":\"2023-10-23T09:57:36+00:00\",\"breadcrumb\":{\"@id\":\"https:\/\/ajc33.com\/index.php\/conference-de-philippe-leruste-en-deux-parties-les-6-et-13-novembre\/#breadcrumb\"},\"inLanguage\":\"fr-FR\",\"potentialAction\":[{\"@type\":\"ReadAction\",\"target\":[\"https:\/\/ajc33.com\/index.php\/conference-de-philippe-leruste-en-deux-parties-les-6-et-13-novembre\/\"]}]},{\"@type\":\"ImageObject\",\"inLanguage\":\"fr-FR\",\"@id\":\"https:\/\/ajc33.com\/index.php\/conference-de-philippe-leruste-en-deux-parties-les-6-et-13-novembre\/#primaryimage\",\"url\":\"https:\/\/ajc33.com\/wp-content\/uploads\/2023\/10\/conf-1.jpg\",\"contentUrl\":\"https:\/\/ajc33.com\/wp-content\/uploads\/2023\/10\/conf-1.jpg\",\"width\":488,\"height\":694},{\"@type\":\"BreadcrumbList\",\"@id\":\"https:\/\/ajc33.com\/index.php\/conference-de-philippe-leruste-en-deux-parties-les-6-et-13-novembre\/#breadcrumb\",\"itemListElement\":[{\"@type\":\"ListItem\",\"position\":1,\"name\":\"Home\",\"item\":\"https:\/\/ajc33.com\/\"},{\"@type\":\"ListItem\",\"position\":2,\"name\":\"Conf\u00e9rence de Philippe Leruste en deux parties, les 6 et 13 novembre.\"}]},{\"@type\":\"WebSite\",\"@id\":\"https:\/\/ajc33.com\/#website\",\"url\":\"https:\/\/ajc33.com\/\",\"name\":\"L&#039;amiti\u00e9 Jud\u00e9o-Chr\u00e9tienne de Bordeaux\",\"description\":\"\",\"publisher\":{\"@id\":\"https:\/\/ajc33.com\/#organization\"},\"potentialAction\":[{\"@type\":\"SearchAction\",\"target\":{\"@type\":\"EntryPoint\",\"urlTemplate\":\"https:\/\/ajc33.com\/?s={search_term_string}\"},\"query-input\":{\"@type\":\"PropertyValueSpecification\",\"valueRequired\":true,\"valueName\":\"search_term_string\"}}],\"inLanguage\":\"fr-FR\"},{\"@type\":\"Organization\",\"@id\":\"https:\/\/ajc33.com\/#organization\",\"name\":\"L&#039;amiti\u00e9 Jud\u00e9o-Chr\u00e9tienne de Bordeaux\",\"url\":\"https:\/\/ajc33.com\/\",\"logo\":{\"@type\":\"ImageObject\",\"inLanguage\":\"fr-FR\",\"@id\":\"https:\/\/ajc33.com\/#\/schema\/logo\/image\/\",\"url\":\"https:\/\/ajc33.com\/wp-content\/uploads\/2018\/03\/cropped-ajc-bod-2.jpg\",\"contentUrl\":\"https:\/\/ajc33.com\/wp-content\/uploads\/2018\/03\/cropped-ajc-bod-2.jpg\",\"width\":200,\"height\":191,\"caption\":\"L&#039;amiti\u00e9 Jud\u00e9o-Chr\u00e9tienne de Bordeaux\"},\"image\":{\"@id\":\"https:\/\/ajc33.com\/#\/schema\/logo\/image\/\"}}]}<\/script>\n<!-- \/ Yoast SEO plugin. -->","yoast_head_json":{"title":"Conf\u00e9rence de Philippe Leruste en deux parties, les 6 et 13 novembre. - L&#039;amiti\u00e9 Jud\u00e9o-Chr\u00e9tienne de Bordeaux","robots":{"index":"index","follow":"follow","max-snippet":"max-snippet:-1","max-image-preview":"max-image-preview:large","max-video-preview":"max-video-preview:-1"},"canonical":"https:\/\/ajc33.com\/index.php\/conference-de-philippe-leruste-en-deux-parties-les-6-et-13-novembre\/","og_locale":"fr_FR","og_type":"article","og_title":"Conf\u00e9rence de Philippe Leruste en deux parties, les 6 et 13 novembre. - L&#039;amiti\u00e9 Jud\u00e9o-Chr\u00e9tienne de Bordeaux","og_description":"Voici l&rsquo;invitation \u00e0 la conf\u00e9rence de Philippe Leruste en deux parties, les 6 et 13 novembre. J&rsquo;attends vos inscriptions\u00a0 par mail;\u00a0 le paiement se fera sur place le jour de&hellip; Lire la suite Conf\u00e9rence de Philippe Leruste en deux parties, les 6 et 13 novembre.","og_url":"https:\/\/ajc33.com\/index.php\/conference-de-philippe-leruste-en-deux-parties-les-6-et-13-novembre\/","og_site_name":"L&#039;amiti\u00e9 Jud\u00e9o-Chr\u00e9tienne de Bordeaux","article_modified_time":"2023-10-23T09:57:36+00:00","og_image":[{"url":"https:\/\/ajc33.com\/wp-content\/uploads\/2023\/10\/conf-1.jpg","type":"","width":"","height":""}],"twitter_card":"summary_large_image","twitter_misc":{"Dur\u00e9e de lecture estim\u00e9e":"1 minute"},"schema":{"@context":"https:\/\/schema.org","@graph":[{"@type":"WebPage","@id":"https:\/\/ajc33.com\/index.php\/conference-de-philippe-leruste-en-deux-parties-les-6-et-13-novembre\/","url":"https:\/\/ajc33.com\/index.php\/conference-de-philippe-leruste-en-deux-parties-les-6-et-13-novembre\/","name":"Conf\u00e9rence de Philippe Leruste en deux parties, les 6 et 13 novembre. - L&#039;amiti\u00e9 Jud\u00e9o-Chr\u00e9tienne de Bordeaux","isPartOf":{"@id":"https:\/\/ajc33.com\/#website"},"primaryImageOfPage":{"@id":"https:\/\/ajc33.com\/index.php\/conference-de-philippe-leruste-en-deux-parties-les-6-et-13-novembre\/#primaryimage"},"image":{"@id":"https:\/\/ajc33.com\/index.php\/conference-de-philippe-leruste-en-deux-parties-les-6-et-13-novembre\/#primaryimage"},"thumbnailUrl":"https:\/\/ajc33.com\/wp-content\/uploads\/2023\/10\/conf-1.jpg","datePublished":"2023-10-19T13:40:25+00:00","dateModified":"2023-10-23T09:57:36+00:00","breadcrumb":{"@id":"https:\/\/ajc33.com\/index.php\/conference-de-philippe-leruste-en-deux-parties-les-6-et-13-novembre\/#breadcrumb"},"inLanguage":"fr-FR","potentialAction":[{"@type":"ReadAction","target":["https:\/\/ajc33.com\/index.php\/conference-de-philippe-leruste-en-deux-parties-les-6-et-13-novembre\/"]}]},{"@type":"ImageObject","inLanguage":"fr-FR","@id":"https:\/\/ajc33.com\/index.php\/conference-de-philippe-leruste-en-deux-parties-les-6-et-13-novembre\/#primaryimage","url":"https:\/\/ajc33.com\/wp-content\/uploads\/2023\/10\/conf-1.jpg","contentUrl":"https:\/\/ajc33.com\/wp-content\/uploads\/2023\/10\/conf-1.jpg","width":488,"height":694},{"@type":"BreadcrumbList","@id":"https:\/\/ajc33.com\/index.php\/conference-de-philippe-leruste-en-deux-parties-les-6-et-13-novembre\/#breadcrumb","itemListElement":[{"@type":"ListItem","position":1,"name":"Home","item":"https:\/\/ajc33.com\/"},{"@type":"ListItem","position":2,"name":"Conf\u00e9rence de Philippe Leruste en deux parties, les 6 et 13 novembre."}]},{"@type":"WebSite","@id":"https:\/\/ajc33.com\/#website","url":"https:\/\/ajc33.com\/","name":"L&#039;amiti\u00e9 Jud\u00e9o-Chr\u00e9tienne de Bordeaux","description":"","publisher":{"@id":"https:\/\/ajc33.com\/#organization"},"potentialAction":[{"@type":"SearchAction","target":{"@type":"EntryPoint","urlTemplate":"https:\/\/ajc33.com\/?s={search_term_string}"},"query-input":{"@type":"PropertyValueSpecification","valueRequired":true,"valueName":"search_term_string"}}],"inLanguage":"fr-FR"},{"@type":"Organization","@id":"https:\/\/ajc33.com\/#organization","name":"L&#039;amiti\u00e9 Jud\u00e9o-Chr\u00e9tienne de Bordeaux","url":"https:\/\/ajc33.com\/","logo":{"@type":"ImageObject","inLanguage":"fr-FR","@id":"https:\/\/ajc33.com\/#\/schema\/logo\/image\/","url":"https:\/\/ajc33.com\/wp-content\/uploads\/2018\/03\/cropped-ajc-bod-2.jpg","contentUrl":"https:\/\/ajc33.com\/wp-content\/uploads\/2018\/03\/cropped-ajc-bod-2.jpg","width":200,"height":191,"caption":"L&#039;amiti\u00e9 Jud\u00e9o-Chr\u00e9tienne de Bordeaux"},"image":{"@id":"https:\/\/ajc33.com\/#\/schema\/logo\/image\/"}}]}},"jetpack_sharing_enabled":true,"_links":{"self":[{"href":"https:\/\/ajc33.com\/index.php\/wp-json\/wp\/v2\/pages\/705","targetHints":{"allow":["GET"]}}],"collection":[{"href":"https:\/\/ajc33.com\/index.php\/wp-json\/wp\/v2\/pages"}],"about":[{"href":"https:\/\/ajc33.com\/index.php\/wp-json\/wp\/v2\/types\/page"}],"author":[{"embeddable":true,"href":"https:\/\/ajc33.com\/index.php\/wp-json\/wp\/v2\/users\/1"}],"replies":[{"embeddable":true,"href":"https:\/\/ajc33.com\/index.php\/wp-json\/wp\/v2\/comments?post=705"}],"version-history":[{"count":3,"href":"https:\/\/ajc33.com\/index.php\/wp-json\/wp\/v2\/pages\/705\/revisions"}],"predecessor-version":[{"id":715,"href":"https:\/\/ajc33.com\/index.php\/wp-json\/wp\/v2\/pages\/705\/revisions\/715"}],"wp:attachment":[{"href":"https:\/\/ajc33.com\/index.php\/wp-json\/wp\/v2\/media?parent=705"}],"wp:term":[{"taxonomy":"post_tag","embeddable":true,"href":"https:\/\/ajc33.com\/index.php\/wp-json\/wp\/v2\/tags?post=705"}],"curies":[{"name":"wp","href":"https:\/\/api.w.org\/{rel}","templated":true}]}}