{"id":675,"date":"2023-09-08T14:02:30","date_gmt":"2023-09-08T12:02:30","guid":{"rendered":"https:\/\/ajc33.com\/?page_id=675"},"modified":"2023-09-08T14:09:34","modified_gmt":"2023-09-08T12:09:34","slug":"annee-jules-isaac","status":"publish","type":"page","link":"https:\/\/ajc33.com\/index.php\/annee-jules-isaac\/","title":{"rendered":"Ann\u00e9e Jules Isaac"},"content":{"rendered":"\n<figure class=\"wp-block-image size-large is-resized\"><img loading=\"lazy\" decoding=\"async\" src=\"https:\/\/ajc33.com\/wp-content\/uploads\/2023\/09\/jules-2-763x1024.webp\" alt=\"\" class=\"wp-image-677\" style=\"width:259px;height:348px\" width=\"259\" height=\"348\" srcset=\"https:\/\/ajc33.com\/wp-content\/uploads\/2023\/09\/jules-2-763x1024.webp 763w, https:\/\/ajc33.com\/wp-content\/uploads\/2023\/09\/jules-2-224x300.webp 224w, https:\/\/ajc33.com\/wp-content\/uploads\/2023\/09\/jules-2-768x1031.webp 768w, https:\/\/ajc33.com\/wp-content\/uploads\/2023\/09\/jules-2-1144x1536.webp 1144w, https:\/\/ajc33.com\/wp-content\/uploads\/2023\/09\/jules-2.webp 1520w\" sizes=\"auto, (max-width: 259px) 100vw, 259px\" \/><\/figure>\n\n\n\n<p><\/p>\n\n\n\n<p><\/p>\n\n\n\n<p>Ci-joint une proposition du coll\u00e8ge des Bernardins dans le cadre de l&rsquo;ann\u00e9e Jules Isaac<\/p>\n\n\n\n<p>De la part de l&rsquo;AJC bordeaux<\/p>\n\n\n\n<p><\/p>\n\n\n\n<p>Journ\u00e9e d\u2019\u00e9tudes \u00ab&nbsp;Jules Isaac et&nbsp;<em>J\u00e9sus et Isra\u00ebl<\/em>&nbsp;\u00bb<\/p>\n\n\n\n<p>L\u2019ann\u00e9e 2023 marque les 75 ans de la fondation \u00e0 Aix-en-Provence de l\u2019Amiti\u00e9 Jud\u00e9o-Chr\u00e9tienne de France et de la publication de&nbsp;<em>J\u00e9sus et Isra\u00ebl<\/em>&nbsp;par Jules Isaac, et les 60 ans de son d\u00e9c\u00e8s le 5 septembre 1963. Ce triple anniversaire est l\u2019occasion de revenir sur le parcours de ce grand p\u00e9dagogue et historien, et sur cet ouvrage fondateur de relations r\u00e9nov\u00e9es entre juifs et chr\u00e9tiens.&nbsp;<em>J\u00e9sus et Isra\u00ebl<\/em>&nbsp;a fait prendre conscience aux chr\u00e9tiens des cons\u00e9quences mortif\u00e8res de l\u2019antijuda\u00efsme transmis de g\u00e9n\u00e9rations en g\u00e9n\u00e9rations depuis des si\u00e8cles. Apr\u00e8s Auschwitz, l\u2019enseignement du m\u00e9pris n\u2019\u00e9tait plus supportable. Jules Isaac pousse l\u00e0 un cri d\u2019indignation et de douleur. Mais en historien, en voulant revoir l\u2019enseignement chr\u00e9tien sur le juda\u00efsme, Jules Isaac a apport\u00e9 une pierre d\u2019angle \u00e0 la recherche de la v\u00e9rit\u00e9, car selon lui, \u00ab&nbsp;aucune autorit\u00e9 ne vaut contre les faits&nbsp;\u00bb. Il a voulu revenir aux textes fondateurs qu\u2019il a d\u00e9cortiqu\u00e9s, analys\u00e9s, confront\u00e9s les uns aux autres. Sa d\u00e9marche est une formidable le\u00e7on de m\u00e9thode pour d\u00e9montrer ce qui paraissait impossible \u00e0 beaucoup, qu\u2019un enseignement transmis d\u2019abord par les P\u00e8res de l\u2019\u00c9glise, puis r\u00e9p\u00e9t\u00e9 des si\u00e8cles durant, devait \u00eatre r\u00e9vis\u00e9 pour \u00eatre fid\u00e8le au Christ et effacer les interpr\u00e9tations erron\u00e9es de la Bible qui entretenaient la haine des juifs.<\/p>\n\n\n\n<p>Une Journ\u00e9e d\u2019\u00e9tudes centr\u00e9e sur&nbsp;<em>J\u00e9sus et Isra\u00ebl<\/em>, le contexte de son \u00e9criture et ses cons\u00e9quences co-organis\u00e9e par le Coll\u00e8ge des Bernardins et l\u2019Amiti\u00e9 Jud\u00e9o-Chr\u00e9tienne de France, aura lieu &nbsp;le mercredi 20 septembre 2023.<\/p>\n\n\n\n<p><strong>Programme&nbsp;:<\/strong><\/p>\n\n\n\n<p>10h Accueil par Sylvaine Lacout, Directrice du Centre d\u2019\u00c9tudes Juives, Coll\u00e8ge des Bernardins<\/p>\n\n\n\n<p>10h15 Mgr Pierre d\u2019Ornellas, archev\u00eaque de Rennes et Grand rabbin Olivier Kaufmann, synagogue de la place des Vosges,&nbsp;<em>Introduction<\/em><\/p>\n\n\n\n<p>10h45 Guila Clara Kessous, Artiste de l\u2019UNESCO pour la Paix,&nbsp;<em>Lire et \u00e9couter J\u00e9sus et Isra\u00ebl<\/em><\/p>\n\n\n\n<p>11h15 Maud Blanc-Haymovici, Agr\u00e9g\u00e9e de l\u2019Universit\u00e9,&nbsp;<em>Du \u00ab&nbsp;Malet &#8211; Isaac&nbsp;\u00bb \u00e0 \u00ab&nbsp;J\u00e9sus et Isra\u00ebl&nbsp;\u00bb<\/em><\/p>\n\n\n\n<p>11h45 Olivier Rota, Universit\u00e9 catholique de Lille,&nbsp;<em>\u00ab&nbsp;J\u00e9sus et Isra\u00ebl&nbsp;\u00bb. r\u00e9ception, pol\u00e9mique, influence<\/em><\/p>\n\n\n\n<p>12h15 D\u00e9bat<\/p>\n\n\n\n<p>14h15 Thierry Vernet, Professeur au Coll\u00e8ge des Bernardins,&nbsp;<em>\u00ab&nbsp;J\u00e9sus et Isra\u00ebl&nbsp;\u00bb au regard du th\u00e9ologien<\/em><\/p>\n\n\n\n<p>14h45 Roland Poupin, Pasteur de l\u2019\u00c9glise protestante unie de France, ancien pr\u00e9sident de la Commission FPF des relations avec le Juda\u00efsme,&nbsp;<em>Au-del\u00e0 du m\u00e9pris. L\u2019appui protestant \u00e0 Jules Isaac<\/em><\/p>\n\n\n\n<p>15h15 Philippe Haddad, Synagogue de la rue Copernic, Juda\u00efsme en Mouvement,&nbsp;<em>Une voix juive parle \u00e0 la foi chr\u00e9tienne<\/em><\/p>\n\n\n\n<p>15h45 D\u00e9bat<\/p>\n\n\n\n<p>16h Jean-Dominique Durand, Pr\u00e9sident de l\u2019Amiti\u00e9 Jud\u00e9o-Chr\u00e9tienne de France,&nbsp;<em>Conclusion<\/em><\/p>\n\n\n\n<p><\/p>\n\n\n\n<p>Lien pour s&rsquo;inscrire : <a href=\"https:\/\/tinyurl.com\/2n665e8r\">https:\/\/tinyurl.com\/2n665e8r<\/a><\/p>\n\n\n\n<p><\/p>\n","protected":false},"excerpt":{"rendered":"<p>Ci-joint une proposition du coll\u00e8ge des Bernardins dans le cadre de l&rsquo;ann\u00e9e Jules Isaac De la part de l&rsquo;AJC bordeaux Journ\u00e9e d\u2019\u00e9tudes \u00ab&nbsp;Jules Isaac et&nbsp;J\u00e9sus et Isra\u00ebl&nbsp;\u00bb L\u2019ann\u00e9e 2023 marque&hellip; <a href=\"https:\/\/ajc33.com\/index.php\/annee-jules-isaac\/\" class=\"more-link\">Lire la suite <span class=\"screen-reader-text\">Ann\u00e9e Jules Isaac<\/span><\/a><\/p>\n","protected":false},"author":1,"featured_media":0,"parent":0,"menu_order":0,"comment_status":"closed","ping_status":"closed","template":"","meta":{"footnotes":""},"tags":[],"class_list":["post-675","page","type-page","status-publish","hentry","without-featured-image"],"yoast_head":"<!-- This site is optimized with the Yoast SEO plugin v26.6 - https:\/\/yoast.com\/wordpress\/plugins\/seo\/ -->\n<title>Ann\u00e9e Jules Isaac - L&#039;amiti\u00e9 Jud\u00e9o-Chr\u00e9tienne de Bordeaux<\/title>\n<meta name=\"robots\" content=\"index, follow, max-snippet:-1, max-image-preview:large, max-video-preview:-1\" \/>\n<link rel=\"canonical\" href=\"https:\/\/ajc33.com\/index.php\/annee-jules-isaac\/\" \/>\n<meta property=\"og:locale\" content=\"fr_FR\" \/>\n<meta property=\"og:type\" content=\"article\" \/>\n<meta property=\"og:title\" content=\"Ann\u00e9e Jules Isaac - L&#039;amiti\u00e9 Jud\u00e9o-Chr\u00e9tienne de Bordeaux\" \/>\n<meta property=\"og:description\" content=\"Ci-joint une proposition du coll\u00e8ge des Bernardins dans le cadre de l&rsquo;ann\u00e9e Jules Isaac De la part de l&rsquo;AJC bordeaux Journ\u00e9e d\u2019\u00e9tudes \u00ab&nbsp;Jules Isaac et&nbsp;J\u00e9sus et Isra\u00ebl&nbsp;\u00bb L\u2019ann\u00e9e 2023 marque&hellip; Lire la suite Ann\u00e9e Jules Isaac\" \/>\n<meta property=\"og:url\" content=\"https:\/\/ajc33.com\/index.php\/annee-jules-isaac\/\" \/>\n<meta property=\"og:site_name\" content=\"L&#039;amiti\u00e9 Jud\u00e9o-Chr\u00e9tienne de Bordeaux\" \/>\n<meta property=\"article:modified_time\" content=\"2023-09-08T12:09:34+00:00\" \/>\n<meta property=\"og:image\" content=\"https:\/\/ajc33.com\/wp-content\/uploads\/2023\/09\/jules-2-763x1024.webp\" \/>\n<meta name=\"twitter:card\" content=\"summary_large_image\" \/>\n<meta name=\"twitter:label1\" content=\"Dur\u00e9e de lecture estim\u00e9e\" \/>\n\t<meta name=\"twitter:data1\" content=\"3 minutes\" \/>\n<script type=\"application\/ld+json\" class=\"yoast-schema-graph\">{\"@context\":\"https:\/\/schema.org\",\"@graph\":[{\"@type\":\"WebPage\",\"@id\":\"https:\/\/ajc33.com\/index.php\/annee-jules-isaac\/\",\"url\":\"https:\/\/ajc33.com\/index.php\/annee-jules-isaac\/\",\"name\":\"Ann\u00e9e Jules Isaac - L&#039;amiti\u00e9 Jud\u00e9o-Chr\u00e9tienne de Bordeaux\",\"isPartOf\":{\"@id\":\"https:\/\/ajc33.com\/#website\"},\"primaryImageOfPage\":{\"@id\":\"https:\/\/ajc33.com\/index.php\/annee-jules-isaac\/#primaryimage\"},\"image\":{\"@id\":\"https:\/\/ajc33.com\/index.php\/annee-jules-isaac\/#primaryimage\"},\"thumbnailUrl\":\"https:\/\/ajc33.com\/wp-content\/uploads\/2023\/09\/jules-2-763x1024.webp\",\"datePublished\":\"2023-09-08T12:02:30+00:00\",\"dateModified\":\"2023-09-08T12:09:34+00:00\",\"breadcrumb\":{\"@id\":\"https:\/\/ajc33.com\/index.php\/annee-jules-isaac\/#breadcrumb\"},\"inLanguage\":\"fr-FR\",\"potentialAction\":[{\"@type\":\"ReadAction\",\"target\":[\"https:\/\/ajc33.com\/index.php\/annee-jules-isaac\/\"]}]},{\"@type\":\"ImageObject\",\"inLanguage\":\"fr-FR\",\"@id\":\"https:\/\/ajc33.com\/index.php\/annee-jules-isaac\/#primaryimage\",\"url\":\"https:\/\/ajc33.com\/wp-content\/uploads\/2023\/09\/jules-2-763x1024.webp\",\"contentUrl\":\"https:\/\/ajc33.com\/wp-content\/uploads\/2023\/09\/jules-2-763x1024.webp\"},{\"@type\":\"BreadcrumbList\",\"@id\":\"https:\/\/ajc33.com\/index.php\/annee-jules-isaac\/#breadcrumb\",\"itemListElement\":[{\"@type\":\"ListItem\",\"position\":1,\"name\":\"Home\",\"item\":\"https:\/\/ajc33.com\/\"},{\"@type\":\"ListItem\",\"position\":2,\"name\":\"Ann\u00e9e Jules Isaac\"}]},{\"@type\":\"WebSite\",\"@id\":\"https:\/\/ajc33.com\/#website\",\"url\":\"https:\/\/ajc33.com\/\",\"name\":\"L&#039;amiti\u00e9 Jud\u00e9o-Chr\u00e9tienne de Bordeaux\",\"description\":\"\",\"publisher\":{\"@id\":\"https:\/\/ajc33.com\/#organization\"},\"potentialAction\":[{\"@type\":\"SearchAction\",\"target\":{\"@type\":\"EntryPoint\",\"urlTemplate\":\"https:\/\/ajc33.com\/?s={search_term_string}\"},\"query-input\":{\"@type\":\"PropertyValueSpecification\",\"valueRequired\":true,\"valueName\":\"search_term_string\"}}],\"inLanguage\":\"fr-FR\"},{\"@type\":\"Organization\",\"@id\":\"https:\/\/ajc33.com\/#organization\",\"name\":\"L&#039;amiti\u00e9 Jud\u00e9o-Chr\u00e9tienne de Bordeaux\",\"url\":\"https:\/\/ajc33.com\/\",\"logo\":{\"@type\":\"ImageObject\",\"inLanguage\":\"fr-FR\",\"@id\":\"https:\/\/ajc33.com\/#\/schema\/logo\/image\/\",\"url\":\"https:\/\/ajc33.com\/wp-content\/uploads\/2018\/03\/cropped-ajc-bod-2.jpg\",\"contentUrl\":\"https:\/\/ajc33.com\/wp-content\/uploads\/2018\/03\/cropped-ajc-bod-2.jpg\",\"width\":200,\"height\":191,\"caption\":\"L&#039;amiti\u00e9 Jud\u00e9o-Chr\u00e9tienne de Bordeaux\"},\"image\":{\"@id\":\"https:\/\/ajc33.com\/#\/schema\/logo\/image\/\"}}]}<\/script>\n<!-- \/ Yoast SEO plugin. -->","yoast_head_json":{"title":"Ann\u00e9e Jules Isaac - L&#039;amiti\u00e9 Jud\u00e9o-Chr\u00e9tienne de Bordeaux","robots":{"index":"index","follow":"follow","max-snippet":"max-snippet:-1","max-image-preview":"max-image-preview:large","max-video-preview":"max-video-preview:-1"},"canonical":"https:\/\/ajc33.com\/index.php\/annee-jules-isaac\/","og_locale":"fr_FR","og_type":"article","og_title":"Ann\u00e9e Jules Isaac - L&#039;amiti\u00e9 Jud\u00e9o-Chr\u00e9tienne de Bordeaux","og_description":"Ci-joint une proposition du coll\u00e8ge des Bernardins dans le cadre de l&rsquo;ann\u00e9e Jules Isaac De la part de l&rsquo;AJC bordeaux Journ\u00e9e d\u2019\u00e9tudes \u00ab&nbsp;Jules Isaac et&nbsp;J\u00e9sus et Isra\u00ebl&nbsp;\u00bb L\u2019ann\u00e9e 2023 marque&hellip; Lire la suite Ann\u00e9e Jules Isaac","og_url":"https:\/\/ajc33.com\/index.php\/annee-jules-isaac\/","og_site_name":"L&#039;amiti\u00e9 Jud\u00e9o-Chr\u00e9tienne de Bordeaux","article_modified_time":"2023-09-08T12:09:34+00:00","og_image":[{"url":"https:\/\/ajc33.com\/wp-content\/uploads\/2023\/09\/jules-2-763x1024.webp","type":"","width":"","height":""}],"twitter_card":"summary_large_image","twitter_misc":{"Dur\u00e9e de lecture estim\u00e9e":"3 minutes"},"schema":{"@context":"https:\/\/schema.org","@graph":[{"@type":"WebPage","@id":"https:\/\/ajc33.com\/index.php\/annee-jules-isaac\/","url":"https:\/\/ajc33.com\/index.php\/annee-jules-isaac\/","name":"Ann\u00e9e Jules Isaac - L&#039;amiti\u00e9 Jud\u00e9o-Chr\u00e9tienne de Bordeaux","isPartOf":{"@id":"https:\/\/ajc33.com\/#website"},"primaryImageOfPage":{"@id":"https:\/\/ajc33.com\/index.php\/annee-jules-isaac\/#primaryimage"},"image":{"@id":"https:\/\/ajc33.com\/index.php\/annee-jules-isaac\/#primaryimage"},"thumbnailUrl":"https:\/\/ajc33.com\/wp-content\/uploads\/2023\/09\/jules-2-763x1024.webp","datePublished":"2023-09-08T12:02:30+00:00","dateModified":"2023-09-08T12:09:34+00:00","breadcrumb":{"@id":"https:\/\/ajc33.com\/index.php\/annee-jules-isaac\/#breadcrumb"},"inLanguage":"fr-FR","potentialAction":[{"@type":"ReadAction","target":["https:\/\/ajc33.com\/index.php\/annee-jules-isaac\/"]}]},{"@type":"ImageObject","inLanguage":"fr-FR","@id":"https:\/\/ajc33.com\/index.php\/annee-jules-isaac\/#primaryimage","url":"https:\/\/ajc33.com\/wp-content\/uploads\/2023\/09\/jules-2-763x1024.webp","contentUrl":"https:\/\/ajc33.com\/wp-content\/uploads\/2023\/09\/jules-2-763x1024.webp"},{"@type":"BreadcrumbList","@id":"https:\/\/ajc33.com\/index.php\/annee-jules-isaac\/#breadcrumb","itemListElement":[{"@type":"ListItem","position":1,"name":"Home","item":"https:\/\/ajc33.com\/"},{"@type":"ListItem","position":2,"name":"Ann\u00e9e Jules Isaac"}]},{"@type":"WebSite","@id":"https:\/\/ajc33.com\/#website","url":"https:\/\/ajc33.com\/","name":"L&#039;amiti\u00e9 Jud\u00e9o-Chr\u00e9tienne de Bordeaux","description":"","publisher":{"@id":"https:\/\/ajc33.com\/#organization"},"potentialAction":[{"@type":"SearchAction","target":{"@type":"EntryPoint","urlTemplate":"https:\/\/ajc33.com\/?s={search_term_string}"},"query-input":{"@type":"PropertyValueSpecification","valueRequired":true,"valueName":"search_term_string"}}],"inLanguage":"fr-FR"},{"@type":"Organization","@id":"https:\/\/ajc33.com\/#organization","name":"L&#039;amiti\u00e9 Jud\u00e9o-Chr\u00e9tienne de Bordeaux","url":"https:\/\/ajc33.com\/","logo":{"@type":"ImageObject","inLanguage":"fr-FR","@id":"https:\/\/ajc33.com\/#\/schema\/logo\/image\/","url":"https:\/\/ajc33.com\/wp-content\/uploads\/2018\/03\/cropped-ajc-bod-2.jpg","contentUrl":"https:\/\/ajc33.com\/wp-content\/uploads\/2018\/03\/cropped-ajc-bod-2.jpg","width":200,"height":191,"caption":"L&#039;amiti\u00e9 Jud\u00e9o-Chr\u00e9tienne de Bordeaux"},"image":{"@id":"https:\/\/ajc33.com\/#\/schema\/logo\/image\/"}}]}},"jetpack_sharing_enabled":true,"_links":{"self":[{"href":"https:\/\/ajc33.com\/index.php\/wp-json\/wp\/v2\/pages\/675","targetHints":{"allow":["GET"]}}],"collection":[{"href":"https:\/\/ajc33.com\/index.php\/wp-json\/wp\/v2\/pages"}],"about":[{"href":"https:\/\/ajc33.com\/index.php\/wp-json\/wp\/v2\/types\/page"}],"author":[{"embeddable":true,"href":"https:\/\/ajc33.com\/index.php\/wp-json\/wp\/v2\/users\/1"}],"replies":[{"embeddable":true,"href":"https:\/\/ajc33.com\/index.php\/wp-json\/wp\/v2\/comments?post=675"}],"version-history":[{"count":2,"href":"https:\/\/ajc33.com\/index.php\/wp-json\/wp\/v2\/pages\/675\/revisions"}],"predecessor-version":[{"id":683,"href":"https:\/\/ajc33.com\/index.php\/wp-json\/wp\/v2\/pages\/675\/revisions\/683"}],"wp:attachment":[{"href":"https:\/\/ajc33.com\/index.php\/wp-json\/wp\/v2\/media?parent=675"}],"wp:term":[{"taxonomy":"post_tag","embeddable":true,"href":"https:\/\/ajc33.com\/index.php\/wp-json\/wp\/v2\/tags?post=675"}],"curies":[{"name":"wp","href":"https:\/\/api.w.org\/{rel}","templated":true}]}}