{"id":633,"date":"2023-04-27T09:37:25","date_gmt":"2023-04-27T07:37:25","guid":{"rendered":"https:\/\/ajc33.com\/?page_id=633"},"modified":"2023-04-27T09:42:57","modified_gmt":"2023-04-27T07:42:57","slug":"exposition-le-camp-dinternement-de-merignac-1940-1944","status":"publish","type":"page","link":"https:\/\/ajc33.com\/index.php\/exposition-le-camp-dinternement-de-merignac-1940-1944\/","title":{"rendered":"Exposition \u00ab\u00a0Le camp d&rsquo;internement de M\u00e9rignac 1940-1944\u00a0\u00bb"},"content":{"rendered":"\n<h2 class=\"wp-block-heading\">Conf\u00e9rence de Florent Leruste et Emmanuel Filhol<\/h2>\n\n\n\n<ul class=\"wp-block-list\">\n<li><strong>Mardi 9 mai<\/strong>&nbsp;&#8211; 19h<\/li>\n\n\n\n<li>Lieu : auditorium de la M\u00e9diath\u00e8que<\/li>\n\n\n\n<li>Dur\u00e9e : 1h30<\/li>\n\n\n\n<li>Sur inscription au&nbsp;05 57 00 02 20<\/li>\n<\/ul>\n\n\n\n<p>La conf\u00e9rence r\u00e9unira Florent Leruste et Emmanuel Filhol, deux historiens sp\u00e9cialistes de l\u2019histoire de la Seconde Guerre Mondiale et de la d\u00e9portation. Ils \u00e9voqueront l\u2019organisation du camp et l\u2019internement des nomades et des Juifs.<br>Florent Leruste, enseignant d\u2019Histoire, a men\u00e9 une \u00e9tude sur le camp d\u2019internement de M\u00e9rignac. Il est l\u2019auteur de l\u2019ouvrage Juifs intern\u00e9s \u00e0 Bordeaux (1940-1944) : le camp de M\u00e9rignac-Beaud\u00e9sert, publi\u00e9 en 2014. Il y \u00e9voque le fonctionnement du camp et s\u2019int\u00e9resse plus particuli\u00e8rement \u00e0 la r\u00e9pression men\u00e9e contre les Juifs \u00e0 Bordeaux.<br>Emmanuel Filhol est enseignant-chercheur \u00e0 l\u2019Universit\u00e9 de Bordeaux. Ses travaux de recherche portent sur l\u2019histoire des nomades et sur leur internement pendant la Guerre. Il a publi\u00e9 plusieurs \u00e9tudes sur la question et a particip\u00e9 \u00e0 l\u2019\u00e9criture d\u2019une pi\u00e8ce de th\u00e9\u00e2tre : M\u00e9rignac-Beaud\u00e9sert, Tsiganes fran\u00e7ais sous l\u2019Occupation, parue en 2011.<\/p>\n\n\n\n<p><\/p>\n\n\n\n<p>Plus d&rsquo;informations ici : <a href=\"https:\/\/www.merignac.com\/agenda\/exposition-le-camp-dinternement-de-merignac-1940-1944\" target=\"_blank\" rel=\"noreferrer noopener\">https:\/\/www.merignac.com\/agenda\/exposition-le-camp-dinternement-de-merignac-1940-1944<\/a><\/p>\n\n\n\n<figure class=\"wp-block-image size-large\"><img loading=\"lazy\" decoding=\"async\" width=\"1024\" height=\"421\" src=\"https:\/\/ajc33.com\/wp-content\/uploads\/2023\/04\/23-050-Bandeau_banniere_agenda-Camp-Beaudesert-1024x421.jpg\" alt=\"\" class=\"wp-image-637\" srcset=\"https:\/\/ajc33.com\/wp-content\/uploads\/2023\/04\/23-050-Bandeau_banniere_agenda-Camp-Beaudesert-1024x421.jpg 1024w, https:\/\/ajc33.com\/wp-content\/uploads\/2023\/04\/23-050-Bandeau_banniere_agenda-Camp-Beaudesert-300x123.jpg 300w, https:\/\/ajc33.com\/wp-content\/uploads\/2023\/04\/23-050-Bandeau_banniere_agenda-Camp-Beaudesert-768x316.jpg 768w, https:\/\/ajc33.com\/wp-content\/uploads\/2023\/04\/23-050-Bandeau_banniere_agenda-Camp-Beaudesert-1536x632.jpg 1536w, https:\/\/ajc33.com\/wp-content\/uploads\/2023\/04\/23-050-Bandeau_banniere_agenda-Camp-Beaudesert-2048x843.jpg 2048w\" sizes=\"auto, (max-width: 1024px) 100vw, 1024px\" \/><figcaption class=\"wp-element-caption\">source image : site merignac.com<\/figcaption><\/figure>\n","protected":false},"excerpt":{"rendered":"<p>Conf\u00e9rence de Florent Leruste et Emmanuel Filhol La conf\u00e9rence r\u00e9unira Florent Leruste et Emmanuel Filhol, deux historiens sp\u00e9cialistes de l\u2019histoire de la Seconde Guerre Mondiale et de la d\u00e9portation. Ils&hellip; <a href=\"https:\/\/ajc33.com\/index.php\/exposition-le-camp-dinternement-de-merignac-1940-1944\/\" class=\"more-link\">Lire la suite <span class=\"screen-reader-text\">Exposition \u00ab\u00a0Le camp d&rsquo;internement de M\u00e9rignac 1940-1944\u00a0\u00bb<\/span><\/a><\/p>\n","protected":false},"author":1,"featured_media":0,"parent":0,"menu_order":0,"comment_status":"closed","ping_status":"closed","template":"","meta":{"footnotes":""},"tags":[],"class_list":["post-633","page","type-page","status-publish","hentry","without-featured-image"],"yoast_head":"<!-- This site is optimized with the Yoast SEO plugin v26.6 - https:\/\/yoast.com\/wordpress\/plugins\/seo\/ -->\n<title>Exposition &quot;Le camp d&#039;internement de M\u00e9rignac 1940-1944&quot; - L&#039;amiti\u00e9 Jud\u00e9o-Chr\u00e9tienne de Bordeaux<\/title>\n<meta name=\"robots\" content=\"index, follow, max-snippet:-1, max-image-preview:large, max-video-preview:-1\" \/>\n<link rel=\"canonical\" href=\"https:\/\/ajc33.com\/index.php\/exposition-le-camp-dinternement-de-merignac-1940-1944\/\" \/>\n<meta property=\"og:locale\" content=\"fr_FR\" \/>\n<meta property=\"og:type\" content=\"article\" \/>\n<meta property=\"og:title\" content=\"Exposition &quot;Le camp d&#039;internement de M\u00e9rignac 1940-1944&quot; - L&#039;amiti\u00e9 Jud\u00e9o-Chr\u00e9tienne de Bordeaux\" \/>\n<meta property=\"og:description\" content=\"Conf\u00e9rence de Florent Leruste et Emmanuel Filhol La conf\u00e9rence r\u00e9unira Florent Leruste et Emmanuel Filhol, deux historiens sp\u00e9cialistes de l\u2019histoire de la Seconde Guerre Mondiale et de la d\u00e9portation. Ils&hellip; Lire la suite Exposition \u00ab\u00a0Le camp d&rsquo;internement de M\u00e9rignac 1940-1944\u00a0\u00bb\" \/>\n<meta property=\"og:url\" content=\"https:\/\/ajc33.com\/index.php\/exposition-le-camp-dinternement-de-merignac-1940-1944\/\" \/>\n<meta property=\"og:site_name\" content=\"L&#039;amiti\u00e9 Jud\u00e9o-Chr\u00e9tienne de Bordeaux\" \/>\n<meta property=\"article:modified_time\" content=\"2023-04-27T07:42:57+00:00\" \/>\n<meta property=\"og:image\" content=\"https:\/\/ajc33.com\/wp-content\/uploads\/2023\/04\/23-050-Bandeau_banniere_agenda-Camp-Beaudesert-1024x421.jpg\" \/>\n<meta name=\"twitter:card\" content=\"summary_large_image\" \/>\n<meta name=\"twitter:label1\" content=\"Dur\u00e9e de lecture estim\u00e9e\" \/>\n\t<meta name=\"twitter:data1\" content=\"2 minutes\" \/>\n<script type=\"application\/ld+json\" class=\"yoast-schema-graph\">{\"@context\":\"https:\/\/schema.org\",\"@graph\":[{\"@type\":\"WebPage\",\"@id\":\"https:\/\/ajc33.com\/index.php\/exposition-le-camp-dinternement-de-merignac-1940-1944\/\",\"url\":\"https:\/\/ajc33.com\/index.php\/exposition-le-camp-dinternement-de-merignac-1940-1944\/\",\"name\":\"Exposition \\\"Le camp d'internement de M\u00e9rignac 1940-1944\\\" - L&#039;amiti\u00e9 Jud\u00e9o-Chr\u00e9tienne de Bordeaux\",\"isPartOf\":{\"@id\":\"https:\/\/ajc33.com\/#website\"},\"primaryImageOfPage\":{\"@id\":\"https:\/\/ajc33.com\/index.php\/exposition-le-camp-dinternement-de-merignac-1940-1944\/#primaryimage\"},\"image\":{\"@id\":\"https:\/\/ajc33.com\/index.php\/exposition-le-camp-dinternement-de-merignac-1940-1944\/#primaryimage\"},\"thumbnailUrl\":\"https:\/\/ajc33.com\/wp-content\/uploads\/2023\/04\/23-050-Bandeau_banniere_agenda-Camp-Beaudesert-1024x421.jpg\",\"datePublished\":\"2023-04-27T07:37:25+00:00\",\"dateModified\":\"2023-04-27T07:42:57+00:00\",\"breadcrumb\":{\"@id\":\"https:\/\/ajc33.com\/index.php\/exposition-le-camp-dinternement-de-merignac-1940-1944\/#breadcrumb\"},\"inLanguage\":\"fr-FR\",\"potentialAction\":[{\"@type\":\"ReadAction\",\"target\":[\"https:\/\/ajc33.com\/index.php\/exposition-le-camp-dinternement-de-merignac-1940-1944\/\"]}]},{\"@type\":\"ImageObject\",\"inLanguage\":\"fr-FR\",\"@id\":\"https:\/\/ajc33.com\/index.php\/exposition-le-camp-dinternement-de-merignac-1940-1944\/#primaryimage\",\"url\":\"https:\/\/ajc33.com\/wp-content\/uploads\/2023\/04\/23-050-Bandeau_banniere_agenda-Camp-Beaudesert-scaled.jpg\",\"contentUrl\":\"https:\/\/ajc33.com\/wp-content\/uploads\/2023\/04\/23-050-Bandeau_banniere_agenda-Camp-Beaudesert-scaled.jpg\",\"width\":2560,\"height\":1053},{\"@type\":\"BreadcrumbList\",\"@id\":\"https:\/\/ajc33.com\/index.php\/exposition-le-camp-dinternement-de-merignac-1940-1944\/#breadcrumb\",\"itemListElement\":[{\"@type\":\"ListItem\",\"position\":1,\"name\":\"Home\",\"item\":\"https:\/\/ajc33.com\/\"},{\"@type\":\"ListItem\",\"position\":2,\"name\":\"Exposition &#8220;Le camp d&#8217;internement de M\u00e9rignac 1940-1944&#8221;\"}]},{\"@type\":\"WebSite\",\"@id\":\"https:\/\/ajc33.com\/#website\",\"url\":\"https:\/\/ajc33.com\/\",\"name\":\"L&#039;amiti\u00e9 Jud\u00e9o-Chr\u00e9tienne de Bordeaux\",\"description\":\"\",\"publisher\":{\"@id\":\"https:\/\/ajc33.com\/#organization\"},\"potentialAction\":[{\"@type\":\"SearchAction\",\"target\":{\"@type\":\"EntryPoint\",\"urlTemplate\":\"https:\/\/ajc33.com\/?s={search_term_string}\"},\"query-input\":{\"@type\":\"PropertyValueSpecification\",\"valueRequired\":true,\"valueName\":\"search_term_string\"}}],\"inLanguage\":\"fr-FR\"},{\"@type\":\"Organization\",\"@id\":\"https:\/\/ajc33.com\/#organization\",\"name\":\"L&#039;amiti\u00e9 Jud\u00e9o-Chr\u00e9tienne de Bordeaux\",\"url\":\"https:\/\/ajc33.com\/\",\"logo\":{\"@type\":\"ImageObject\",\"inLanguage\":\"fr-FR\",\"@id\":\"https:\/\/ajc33.com\/#\/schema\/logo\/image\/\",\"url\":\"https:\/\/ajc33.com\/wp-content\/uploads\/2018\/03\/cropped-ajc-bod-2.jpg\",\"contentUrl\":\"https:\/\/ajc33.com\/wp-content\/uploads\/2018\/03\/cropped-ajc-bod-2.jpg\",\"width\":200,\"height\":191,\"caption\":\"L&#039;amiti\u00e9 Jud\u00e9o-Chr\u00e9tienne de Bordeaux\"},\"image\":{\"@id\":\"https:\/\/ajc33.com\/#\/schema\/logo\/image\/\"}}]}<\/script>\n<!-- \/ Yoast SEO plugin. -->","yoast_head_json":{"title":"Exposition \"Le camp d'internement de M\u00e9rignac 1940-1944\" - L&#039;amiti\u00e9 Jud\u00e9o-Chr\u00e9tienne de Bordeaux","robots":{"index":"index","follow":"follow","max-snippet":"max-snippet:-1","max-image-preview":"max-image-preview:large","max-video-preview":"max-video-preview:-1"},"canonical":"https:\/\/ajc33.com\/index.php\/exposition-le-camp-dinternement-de-merignac-1940-1944\/","og_locale":"fr_FR","og_type":"article","og_title":"Exposition \"Le camp d'internement de M\u00e9rignac 1940-1944\" - L&#039;amiti\u00e9 Jud\u00e9o-Chr\u00e9tienne de Bordeaux","og_description":"Conf\u00e9rence de Florent Leruste et Emmanuel Filhol La conf\u00e9rence r\u00e9unira Florent Leruste et Emmanuel Filhol, deux historiens sp\u00e9cialistes de l\u2019histoire de la Seconde Guerre Mondiale et de la d\u00e9portation. Ils&hellip; Lire la suite Exposition \u00ab\u00a0Le camp d&rsquo;internement de M\u00e9rignac 1940-1944\u00a0\u00bb","og_url":"https:\/\/ajc33.com\/index.php\/exposition-le-camp-dinternement-de-merignac-1940-1944\/","og_site_name":"L&#039;amiti\u00e9 Jud\u00e9o-Chr\u00e9tienne de Bordeaux","article_modified_time":"2023-04-27T07:42:57+00:00","og_image":[{"url":"https:\/\/ajc33.com\/wp-content\/uploads\/2023\/04\/23-050-Bandeau_banniere_agenda-Camp-Beaudesert-1024x421.jpg","type":"","width":"","height":""}],"twitter_card":"summary_large_image","twitter_misc":{"Dur\u00e9e de lecture estim\u00e9e":"2 minutes"},"schema":{"@context":"https:\/\/schema.org","@graph":[{"@type":"WebPage","@id":"https:\/\/ajc33.com\/index.php\/exposition-le-camp-dinternement-de-merignac-1940-1944\/","url":"https:\/\/ajc33.com\/index.php\/exposition-le-camp-dinternement-de-merignac-1940-1944\/","name":"Exposition \"Le camp d'internement de M\u00e9rignac 1940-1944\" - L&#039;amiti\u00e9 Jud\u00e9o-Chr\u00e9tienne de Bordeaux","isPartOf":{"@id":"https:\/\/ajc33.com\/#website"},"primaryImageOfPage":{"@id":"https:\/\/ajc33.com\/index.php\/exposition-le-camp-dinternement-de-merignac-1940-1944\/#primaryimage"},"image":{"@id":"https:\/\/ajc33.com\/index.php\/exposition-le-camp-dinternement-de-merignac-1940-1944\/#primaryimage"},"thumbnailUrl":"https:\/\/ajc33.com\/wp-content\/uploads\/2023\/04\/23-050-Bandeau_banniere_agenda-Camp-Beaudesert-1024x421.jpg","datePublished":"2023-04-27T07:37:25+00:00","dateModified":"2023-04-27T07:42:57+00:00","breadcrumb":{"@id":"https:\/\/ajc33.com\/index.php\/exposition-le-camp-dinternement-de-merignac-1940-1944\/#breadcrumb"},"inLanguage":"fr-FR","potentialAction":[{"@type":"ReadAction","target":["https:\/\/ajc33.com\/index.php\/exposition-le-camp-dinternement-de-merignac-1940-1944\/"]}]},{"@type":"ImageObject","inLanguage":"fr-FR","@id":"https:\/\/ajc33.com\/index.php\/exposition-le-camp-dinternement-de-merignac-1940-1944\/#primaryimage","url":"https:\/\/ajc33.com\/wp-content\/uploads\/2023\/04\/23-050-Bandeau_banniere_agenda-Camp-Beaudesert-scaled.jpg","contentUrl":"https:\/\/ajc33.com\/wp-content\/uploads\/2023\/04\/23-050-Bandeau_banniere_agenda-Camp-Beaudesert-scaled.jpg","width":2560,"height":1053},{"@type":"BreadcrumbList","@id":"https:\/\/ajc33.com\/index.php\/exposition-le-camp-dinternement-de-merignac-1940-1944\/#breadcrumb","itemListElement":[{"@type":"ListItem","position":1,"name":"Home","item":"https:\/\/ajc33.com\/"},{"@type":"ListItem","position":2,"name":"Exposition &#8220;Le camp d&#8217;internement de M\u00e9rignac 1940-1944&#8221;"}]},{"@type":"WebSite","@id":"https:\/\/ajc33.com\/#website","url":"https:\/\/ajc33.com\/","name":"L&#039;amiti\u00e9 Jud\u00e9o-Chr\u00e9tienne de Bordeaux","description":"","publisher":{"@id":"https:\/\/ajc33.com\/#organization"},"potentialAction":[{"@type":"SearchAction","target":{"@type":"EntryPoint","urlTemplate":"https:\/\/ajc33.com\/?s={search_term_string}"},"query-input":{"@type":"PropertyValueSpecification","valueRequired":true,"valueName":"search_term_string"}}],"inLanguage":"fr-FR"},{"@type":"Organization","@id":"https:\/\/ajc33.com\/#organization","name":"L&#039;amiti\u00e9 Jud\u00e9o-Chr\u00e9tienne de Bordeaux","url":"https:\/\/ajc33.com\/","logo":{"@type":"ImageObject","inLanguage":"fr-FR","@id":"https:\/\/ajc33.com\/#\/schema\/logo\/image\/","url":"https:\/\/ajc33.com\/wp-content\/uploads\/2018\/03\/cropped-ajc-bod-2.jpg","contentUrl":"https:\/\/ajc33.com\/wp-content\/uploads\/2018\/03\/cropped-ajc-bod-2.jpg","width":200,"height":191,"caption":"L&#039;amiti\u00e9 Jud\u00e9o-Chr\u00e9tienne de Bordeaux"},"image":{"@id":"https:\/\/ajc33.com\/#\/schema\/logo\/image\/"}}]}},"jetpack_sharing_enabled":true,"_links":{"self":[{"href":"https:\/\/ajc33.com\/index.php\/wp-json\/wp\/v2\/pages\/633","targetHints":{"allow":["GET"]}}],"collection":[{"href":"https:\/\/ajc33.com\/index.php\/wp-json\/wp\/v2\/pages"}],"about":[{"href":"https:\/\/ajc33.com\/index.php\/wp-json\/wp\/v2\/types\/page"}],"author":[{"embeddable":true,"href":"https:\/\/ajc33.com\/index.php\/wp-json\/wp\/v2\/users\/1"}],"replies":[{"embeddable":true,"href":"https:\/\/ajc33.com\/index.php\/wp-json\/wp\/v2\/comments?post=633"}],"version-history":[{"count":2,"href":"https:\/\/ajc33.com\/index.php\/wp-json\/wp\/v2\/pages\/633\/revisions"}],"predecessor-version":[{"id":639,"href":"https:\/\/ajc33.com\/index.php\/wp-json\/wp\/v2\/pages\/633\/revisions\/639"}],"wp:attachment":[{"href":"https:\/\/ajc33.com\/index.php\/wp-json\/wp\/v2\/media?parent=633"}],"wp:term":[{"taxonomy":"post_tag","embeddable":true,"href":"https:\/\/ajc33.com\/index.php\/wp-json\/wp\/v2\/tags?post=633"}],"curies":[{"name":"wp","href":"https:\/\/api.w.org\/{rel}","templated":true}]}}