{"id":621,"date":"2023-04-07T15:10:20","date_gmt":"2023-04-07T13:10:20","guid":{"rendered":"https:\/\/ajc33.com\/?page_id=621"},"modified":"2023-04-07T15:14:34","modified_gmt":"2023-04-07T13:14:34","slug":"quel-lien-faire-entre-la-paque-juive-et-la-fete-de-paques-chretienne","status":"publish","type":"page","link":"https:\/\/ajc33.com\/index.php\/quel-lien-faire-entre-la-paque-juive-et-la-fete-de-paques-chretienne\/","title":{"rendered":"<strong>Quel lien faire entre la P\u00e2que juive et la f\u00eate de P\u00e2ques chr\u00e9tienne ?<\/strong>"},"content":{"rendered":"\n<p><\/p>\n\n\n\n<p><strong>P\u00e2que juive et P\u00e2que chr\u00e9tienne<\/strong><\/p>\n\n\n\n<p>C\u2019est en pleine c\u00e9l\u00e9bration de Pessah \u00e0 J\u00e9rusalem que J\u00e9sus a v\u00e9cu sa Passion.<br>Tous les \u00e9vangiles sans exception le notent.<br>Il est toutefois difficile de s\u2019appuyer sur les t\u00e9moignages \u00e9vang\u00e9liques pour \u00e9tablir la chronologie exacte des \u00e9v\u00e9nements, d\u2019autant plus que les pr\u00e9cisions apport\u00e9es par les \u00e9vangiles synoptiques ne cadrent pas avec celles que donne l\u2019\u00e9vangile de Jean.<br>D\u2019autre part, les sources juives (notamment la Mishna) aussi bien que l\u2019historien Flavius Jos\u00e8phe r\u00e9v\u00e8lent que, dans l\u2019empire romain, aucun juif ne pouvait \u00eatre traduit devant un tribunal une veille de shabbat ou une veille de f\u00eate, ce qui semble contredire les r\u00e9cits du Nouveau Testament.<br>Il faut donc reconna\u00eetre qu\u2019on ne sait pas exactement quand le proc\u00e8s de J\u00e9sus eut lieu, qu\u2019il s\u2019agisse de sa comparution devant le Grand Pr\u00eatre ou de sa confrontation \u00e0 Pilate. De m\u00eame, le jour de sa crucifixion et de sa mort reste incertain.<\/p>\n\n\n\n<figure class=\"wp-block-image size-full\"><img loading=\"lazy\" decoding=\"async\" width=\"254\" height=\"189\" src=\"https:\/\/ajc33.com\/wp-content\/uploads\/2023\/04\/pessah-1.jpg\" alt=\"\" class=\"wp-image-623\"\/><\/figure>\n\n\n\n<p><img loading=\"lazy\" decoding=\"async\" width=\"254\" height=\"189\" src=\"\" alt=\"c\u00e8ne\">\u00c0 l\u2019heure actuelle pourtant, personne ne conteste l\u2019historicit\u00e9 des faits&nbsp;: J\u00e9sus, pr\u00e9sent \u00e0 J\u00e9rusalem pour la P\u00e2que, a \u00e9t\u00e9 condamn\u00e9 \u00e0 mort \u00e0 l\u2019instigation des autorit\u00e9s juives et crucifi\u00e9 comme le voulait la loi romaine alors en vigueur. On sait combien les Pharisiens, qui faisaient partie du proche entourage de J\u00e9sus, attachaient d\u2019importance aux questions de datation.<\/p>\n\n\n\n<p>Or, la f\u00eate de Pessah et, par cons\u00e9quent, le seder ou repas pascal, tombant le 14 Nissan, jour de la nouvelle lune de printemps, on ne saurait s\u2019\u00e9tonner que les \u00e9vang\u00e9listes (qui, rappelons-le, \u00e9crivaient plusieurs d\u00e9cennies apr\u00e8s la mort et la r\u00e9surrection du Christ) aient tenu \u00e0 situer l\u2019arrestation de J\u00e9sus \u00e0 cette date, au moment o\u00f9 l\u2019on apportait au Temple les animaux destin\u00e9s \u00e0 \u00eatre sacrifi\u00e9s, et \u00e0 faire co\u00efncider son dernier repas avec le seder pascal.<\/p>\n\n\n\n<p>S\u2019il ne peut \u00eatre attest\u00e9 avec exactitude, ce rapprochement est parfaitement conforme \u00e0 la pens\u00e9e de J\u00e9sus lui-m\u00eame et au sens qu\u2019il donnait \u00e0 sa derni\u00e8re P\u00e2que. Il l\u2019expliquera d\u2019ailleurs plus tard aux p\u00e8lerins d\u2019Emma\u00fcs : \u00ab&nbsp;<em>Ne fallait-il pas que le Christ souffr\u00eet cela et entr\u00e2t dans sa gloire&nbsp;?&nbsp;\u00bb<\/em> <strong>(Lc 24, 26<\/strong>)<\/p>\n\n\n\n<figure class=\"wp-block-image size-full\"><img loading=\"lazy\" decoding=\"async\" width=\"300\" height=\"167\" src=\"https:\/\/ajc33.com\/wp-content\/uploads\/2023\/04\/pessah-2.png\" alt=\"\" class=\"wp-image-624\"\/><\/figure>\n\n\n\n<p>Aujourd\u2019hui, l\u2019\u00c9glise reconna\u00eet en J\u00e9sus, pour reprendre l\u2019expression du Baptiste <strong>(Jn 1, 29<\/strong>), le v\u00e9ritable \u00ab\u00a0agneau de Dieu\u00a0\u00bb qui a fait librement l\u2019offrande de sa vie.<\/p>\n\n\n\n<p>Elle croit que c\u2019est ce m\u00eame J\u00e9sus que Dieu a fait Christ en le ressuscitant d\u2019entre les morts et que, en lui, Dieu a r\u00e9alis\u00e9 ce que pr\u00e9figuraient la sortie d\u2019\u00c9gypte et la travers\u00e9e de la mer Rouge&nbsp;: la lib\u00e9ration d\u00e9finitive de toute l\u2019humanit\u00e9 du mal et de la mort. &nbsp;Et c\u2019est ce qu\u2019elle c\u00e9l\u00e8bre \u00e0 P\u00e2ques.<\/p>\n\n\n\n<p>Ainsi appara\u00eet clairement l\u2019enracinement de la P\u00e2que chr\u00e9tienne dans la P\u00e2que juive.<br>En occident, dans le rite romain, on lit d\u2019ailleurs le r\u00e9cit de l\u2019Exode au cours de la nuit pascale. Si l\u2019\u00c9glise primitive a l\u00e9g\u00e8rement d\u00e9plac\u00e9 la date de P\u00e2ques, en la fixant au premier dimanche suivant la nouvelle lune de printemps, c\u2019est pour honorer le dimanche, jour de la R\u00e9surrection du Christ.<\/p>\n\n\n\n<p><em>\u00ab&nbsp;Faites cela en m\u00e9moire de moi&nbsp;\u00bb<\/em>, demande J\u00e9sus (<strong>Lc 20, 19<\/strong>).<br>En r\u00e9p\u00e9tant les gestes accomplis par J\u00e9sus lors du dernier repas qu\u2019il a partag\u00e9 avec ses disciples, les chr\u00e9tiens actualisent son offrande.<br>En recevant son corps et son sang donn\u00e9s par anticipation lors de sa derni\u00e8re P\u00e2que, ce n\u2019est plus de la sortie d\u2019\u00c9gypte qu\u2019ils font m\u00e9moire, mais du Christ, Fils de Dieu et Sauveur du monde.<\/p>\n\n\n\n<p>Une m\u00e9ditation de notre ami Bruno Charmet sur la <a href=\"https:\/\/catechese.catholique.fr\/outils\/conference-contribution\/310266-vigile-pascale-unique-dessein-dieu-revele-ancien-nouveau-testament\/\" target=\"_blank\" rel=\"noreferrer noopener\">Vigile Pascale<\/a> et le dessein de Dieu pour sa cr\u00e9ature cl\u00f4t ce dossier.<\/p>\n","protected":false},"excerpt":{"rendered":"<p>P\u00e2que juive et P\u00e2que chr\u00e9tienne C\u2019est en pleine c\u00e9l\u00e9bration de Pessah \u00e0 J\u00e9rusalem que J\u00e9sus a v\u00e9cu sa Passion.Tous les \u00e9vangiles sans exception le notent.Il est toutefois difficile de s\u2019appuyer&hellip; <a href=\"https:\/\/ajc33.com\/index.php\/quel-lien-faire-entre-la-paque-juive-et-la-fete-de-paques-chretienne\/\" class=\"more-link\">Lire la suite <span class=\"screen-reader-text\">Quel lien faire entre la P\u00e2que juive et la f\u00eate de P\u00e2ques chr\u00e9tienne ?<\/span><\/a><\/p>\n","protected":false},"author":1,"featured_media":0,"parent":0,"menu_order":0,"comment_status":"closed","ping_status":"closed","template":"","meta":{"footnotes":""},"tags":[],"class_list":["post-621","page","type-page","status-publish","hentry","without-featured-image"],"yoast_head":"<!-- This site is optimized with the Yoast SEO plugin v26.6 - https:\/\/yoast.com\/wordpress\/plugins\/seo\/ -->\n<title>Quel lien faire entre la P\u00e2que juive et la f\u00eate de P\u00e2ques chr\u00e9tienne ? - L&#039;amiti\u00e9 Jud\u00e9o-Chr\u00e9tienne de Bordeaux<\/title>\n<meta name=\"robots\" content=\"index, follow, max-snippet:-1, max-image-preview:large, max-video-preview:-1\" \/>\n<link rel=\"canonical\" href=\"https:\/\/ajc33.com\/index.php\/quel-lien-faire-entre-la-paque-juive-et-la-fete-de-paques-chretienne\/\" \/>\n<meta property=\"og:locale\" content=\"fr_FR\" \/>\n<meta property=\"og:type\" content=\"article\" \/>\n<meta property=\"og:title\" content=\"Quel lien faire entre la P\u00e2que juive et la f\u00eate de P\u00e2ques chr\u00e9tienne ? - L&#039;amiti\u00e9 Jud\u00e9o-Chr\u00e9tienne de Bordeaux\" \/>\n<meta property=\"og:description\" content=\"P\u00e2que juive et P\u00e2que chr\u00e9tienne C\u2019est en pleine c\u00e9l\u00e9bration de Pessah \u00e0 J\u00e9rusalem que J\u00e9sus a v\u00e9cu sa Passion.Tous les \u00e9vangiles sans exception le notent.Il est toutefois difficile de s\u2019appuyer&hellip; Lire la suite Quel lien faire entre la P\u00e2que juive et la f\u00eate de P\u00e2ques chr\u00e9tienne ?\" \/>\n<meta property=\"og:url\" content=\"https:\/\/ajc33.com\/index.php\/quel-lien-faire-entre-la-paque-juive-et-la-fete-de-paques-chretienne\/\" \/>\n<meta property=\"og:site_name\" content=\"L&#039;amiti\u00e9 Jud\u00e9o-Chr\u00e9tienne de Bordeaux\" \/>\n<meta property=\"article:modified_time\" content=\"2023-04-07T13:14:34+00:00\" \/>\n<meta property=\"og:image\" content=\"https:\/\/ajc33.com\/wp-content\/uploads\/2023\/04\/pessah-1.jpg\" \/>\n<meta name=\"twitter:card\" content=\"summary_large_image\" \/>\n<meta name=\"twitter:label1\" content=\"Dur\u00e9e de lecture estim\u00e9e\" \/>\n\t<meta name=\"twitter:data1\" content=\"4 minutes\" \/>\n<script type=\"application\/ld+json\" class=\"yoast-schema-graph\">{\"@context\":\"https:\/\/schema.org\",\"@graph\":[{\"@type\":\"WebPage\",\"@id\":\"https:\/\/ajc33.com\/index.php\/quel-lien-faire-entre-la-paque-juive-et-la-fete-de-paques-chretienne\/\",\"url\":\"https:\/\/ajc33.com\/index.php\/quel-lien-faire-entre-la-paque-juive-et-la-fete-de-paques-chretienne\/\",\"name\":\"Quel lien faire entre la P\u00e2que juive et la f\u00eate de P\u00e2ques chr\u00e9tienne ? - L&#039;amiti\u00e9 Jud\u00e9o-Chr\u00e9tienne de Bordeaux\",\"isPartOf\":{\"@id\":\"https:\/\/ajc33.com\/#website\"},\"primaryImageOfPage\":{\"@id\":\"https:\/\/ajc33.com\/index.php\/quel-lien-faire-entre-la-paque-juive-et-la-fete-de-paques-chretienne\/#primaryimage\"},\"image\":{\"@id\":\"https:\/\/ajc33.com\/index.php\/quel-lien-faire-entre-la-paque-juive-et-la-fete-de-paques-chretienne\/#primaryimage\"},\"thumbnailUrl\":\"https:\/\/ajc33.com\/wp-content\/uploads\/2023\/04\/pessah-1.jpg\",\"datePublished\":\"2023-04-07T13:10:20+00:00\",\"dateModified\":\"2023-04-07T13:14:34+00:00\",\"breadcrumb\":{\"@id\":\"https:\/\/ajc33.com\/index.php\/quel-lien-faire-entre-la-paque-juive-et-la-fete-de-paques-chretienne\/#breadcrumb\"},\"inLanguage\":\"fr-FR\",\"potentialAction\":[{\"@type\":\"ReadAction\",\"target\":[\"https:\/\/ajc33.com\/index.php\/quel-lien-faire-entre-la-paque-juive-et-la-fete-de-paques-chretienne\/\"]}]},{\"@type\":\"ImageObject\",\"inLanguage\":\"fr-FR\",\"@id\":\"https:\/\/ajc33.com\/index.php\/quel-lien-faire-entre-la-paque-juive-et-la-fete-de-paques-chretienne\/#primaryimage\",\"url\":\"https:\/\/ajc33.com\/wp-content\/uploads\/2023\/04\/pessah-1.jpg\",\"contentUrl\":\"https:\/\/ajc33.com\/wp-content\/uploads\/2023\/04\/pessah-1.jpg\",\"width\":254,\"height\":189},{\"@type\":\"BreadcrumbList\",\"@id\":\"https:\/\/ajc33.com\/index.php\/quel-lien-faire-entre-la-paque-juive-et-la-fete-de-paques-chretienne\/#breadcrumb\",\"itemListElement\":[{\"@type\":\"ListItem\",\"position\":1,\"name\":\"Home\",\"item\":\"https:\/\/ajc33.com\/\"},{\"@type\":\"ListItem\",\"position\":2,\"name\":\"Quel lien faire entre la P\u00e2que juive et la f\u00eate de P\u00e2ques chr\u00e9tienne ?\"}]},{\"@type\":\"WebSite\",\"@id\":\"https:\/\/ajc33.com\/#website\",\"url\":\"https:\/\/ajc33.com\/\",\"name\":\"L&#039;amiti\u00e9 Jud\u00e9o-Chr\u00e9tienne de Bordeaux\",\"description\":\"\",\"publisher\":{\"@id\":\"https:\/\/ajc33.com\/#organization\"},\"potentialAction\":[{\"@type\":\"SearchAction\",\"target\":{\"@type\":\"EntryPoint\",\"urlTemplate\":\"https:\/\/ajc33.com\/?s={search_term_string}\"},\"query-input\":{\"@type\":\"PropertyValueSpecification\",\"valueRequired\":true,\"valueName\":\"search_term_string\"}}],\"inLanguage\":\"fr-FR\"},{\"@type\":\"Organization\",\"@id\":\"https:\/\/ajc33.com\/#organization\",\"name\":\"L&#039;amiti\u00e9 Jud\u00e9o-Chr\u00e9tienne de Bordeaux\",\"url\":\"https:\/\/ajc33.com\/\",\"logo\":{\"@type\":\"ImageObject\",\"inLanguage\":\"fr-FR\",\"@id\":\"https:\/\/ajc33.com\/#\/schema\/logo\/image\/\",\"url\":\"https:\/\/ajc33.com\/wp-content\/uploads\/2018\/03\/cropped-ajc-bod-2.jpg\",\"contentUrl\":\"https:\/\/ajc33.com\/wp-content\/uploads\/2018\/03\/cropped-ajc-bod-2.jpg\",\"width\":200,\"height\":191,\"caption\":\"L&#039;amiti\u00e9 Jud\u00e9o-Chr\u00e9tienne de Bordeaux\"},\"image\":{\"@id\":\"https:\/\/ajc33.com\/#\/schema\/logo\/image\/\"}}]}<\/script>\n<!-- \/ Yoast SEO plugin. -->","yoast_head_json":{"title":"Quel lien faire entre la P\u00e2que juive et la f\u00eate de P\u00e2ques chr\u00e9tienne ? - L&#039;amiti\u00e9 Jud\u00e9o-Chr\u00e9tienne de Bordeaux","robots":{"index":"index","follow":"follow","max-snippet":"max-snippet:-1","max-image-preview":"max-image-preview:large","max-video-preview":"max-video-preview:-1"},"canonical":"https:\/\/ajc33.com\/index.php\/quel-lien-faire-entre-la-paque-juive-et-la-fete-de-paques-chretienne\/","og_locale":"fr_FR","og_type":"article","og_title":"Quel lien faire entre la P\u00e2que juive et la f\u00eate de P\u00e2ques chr\u00e9tienne ? - L&#039;amiti\u00e9 Jud\u00e9o-Chr\u00e9tienne de Bordeaux","og_description":"P\u00e2que juive et P\u00e2que chr\u00e9tienne C\u2019est en pleine c\u00e9l\u00e9bration de Pessah \u00e0 J\u00e9rusalem que J\u00e9sus a v\u00e9cu sa Passion.Tous les \u00e9vangiles sans exception le notent.Il est toutefois difficile de s\u2019appuyer&hellip; Lire la suite Quel lien faire entre la P\u00e2que juive et la f\u00eate de P\u00e2ques chr\u00e9tienne ?","og_url":"https:\/\/ajc33.com\/index.php\/quel-lien-faire-entre-la-paque-juive-et-la-fete-de-paques-chretienne\/","og_site_name":"L&#039;amiti\u00e9 Jud\u00e9o-Chr\u00e9tienne de Bordeaux","article_modified_time":"2023-04-07T13:14:34+00:00","og_image":[{"url":"https:\/\/ajc33.com\/wp-content\/uploads\/2023\/04\/pessah-1.jpg","type":"","width":"","height":""}],"twitter_card":"summary_large_image","twitter_misc":{"Dur\u00e9e de lecture estim\u00e9e":"4 minutes"},"schema":{"@context":"https:\/\/schema.org","@graph":[{"@type":"WebPage","@id":"https:\/\/ajc33.com\/index.php\/quel-lien-faire-entre-la-paque-juive-et-la-fete-de-paques-chretienne\/","url":"https:\/\/ajc33.com\/index.php\/quel-lien-faire-entre-la-paque-juive-et-la-fete-de-paques-chretienne\/","name":"Quel lien faire entre la P\u00e2que juive et la f\u00eate de P\u00e2ques chr\u00e9tienne ? - L&#039;amiti\u00e9 Jud\u00e9o-Chr\u00e9tienne de Bordeaux","isPartOf":{"@id":"https:\/\/ajc33.com\/#website"},"primaryImageOfPage":{"@id":"https:\/\/ajc33.com\/index.php\/quel-lien-faire-entre-la-paque-juive-et-la-fete-de-paques-chretienne\/#primaryimage"},"image":{"@id":"https:\/\/ajc33.com\/index.php\/quel-lien-faire-entre-la-paque-juive-et-la-fete-de-paques-chretienne\/#primaryimage"},"thumbnailUrl":"https:\/\/ajc33.com\/wp-content\/uploads\/2023\/04\/pessah-1.jpg","datePublished":"2023-04-07T13:10:20+00:00","dateModified":"2023-04-07T13:14:34+00:00","breadcrumb":{"@id":"https:\/\/ajc33.com\/index.php\/quel-lien-faire-entre-la-paque-juive-et-la-fete-de-paques-chretienne\/#breadcrumb"},"inLanguage":"fr-FR","potentialAction":[{"@type":"ReadAction","target":["https:\/\/ajc33.com\/index.php\/quel-lien-faire-entre-la-paque-juive-et-la-fete-de-paques-chretienne\/"]}]},{"@type":"ImageObject","inLanguage":"fr-FR","@id":"https:\/\/ajc33.com\/index.php\/quel-lien-faire-entre-la-paque-juive-et-la-fete-de-paques-chretienne\/#primaryimage","url":"https:\/\/ajc33.com\/wp-content\/uploads\/2023\/04\/pessah-1.jpg","contentUrl":"https:\/\/ajc33.com\/wp-content\/uploads\/2023\/04\/pessah-1.jpg","width":254,"height":189},{"@type":"BreadcrumbList","@id":"https:\/\/ajc33.com\/index.php\/quel-lien-faire-entre-la-paque-juive-et-la-fete-de-paques-chretienne\/#breadcrumb","itemListElement":[{"@type":"ListItem","position":1,"name":"Home","item":"https:\/\/ajc33.com\/"},{"@type":"ListItem","position":2,"name":"Quel lien faire entre la P\u00e2que juive et la f\u00eate de P\u00e2ques chr\u00e9tienne ?"}]},{"@type":"WebSite","@id":"https:\/\/ajc33.com\/#website","url":"https:\/\/ajc33.com\/","name":"L&#039;amiti\u00e9 Jud\u00e9o-Chr\u00e9tienne de Bordeaux","description":"","publisher":{"@id":"https:\/\/ajc33.com\/#organization"},"potentialAction":[{"@type":"SearchAction","target":{"@type":"EntryPoint","urlTemplate":"https:\/\/ajc33.com\/?s={search_term_string}"},"query-input":{"@type":"PropertyValueSpecification","valueRequired":true,"valueName":"search_term_string"}}],"inLanguage":"fr-FR"},{"@type":"Organization","@id":"https:\/\/ajc33.com\/#organization","name":"L&#039;amiti\u00e9 Jud\u00e9o-Chr\u00e9tienne de Bordeaux","url":"https:\/\/ajc33.com\/","logo":{"@type":"ImageObject","inLanguage":"fr-FR","@id":"https:\/\/ajc33.com\/#\/schema\/logo\/image\/","url":"https:\/\/ajc33.com\/wp-content\/uploads\/2018\/03\/cropped-ajc-bod-2.jpg","contentUrl":"https:\/\/ajc33.com\/wp-content\/uploads\/2018\/03\/cropped-ajc-bod-2.jpg","width":200,"height":191,"caption":"L&#039;amiti\u00e9 Jud\u00e9o-Chr\u00e9tienne de Bordeaux"},"image":{"@id":"https:\/\/ajc33.com\/#\/schema\/logo\/image\/"}}]}},"jetpack_sharing_enabled":true,"_links":{"self":[{"href":"https:\/\/ajc33.com\/index.php\/wp-json\/wp\/v2\/pages\/621","targetHints":{"allow":["GET"]}}],"collection":[{"href":"https:\/\/ajc33.com\/index.php\/wp-json\/wp\/v2\/pages"}],"about":[{"href":"https:\/\/ajc33.com\/index.php\/wp-json\/wp\/v2\/types\/page"}],"author":[{"embeddable":true,"href":"https:\/\/ajc33.com\/index.php\/wp-json\/wp\/v2\/users\/1"}],"replies":[{"embeddable":true,"href":"https:\/\/ajc33.com\/index.php\/wp-json\/wp\/v2\/comments?post=621"}],"version-history":[{"count":2,"href":"https:\/\/ajc33.com\/index.php\/wp-json\/wp\/v2\/pages\/621\/revisions"}],"predecessor-version":[{"id":628,"href":"https:\/\/ajc33.com\/index.php\/wp-json\/wp\/v2\/pages\/621\/revisions\/628"}],"wp:attachment":[{"href":"https:\/\/ajc33.com\/index.php\/wp-json\/wp\/v2\/media?parent=621"}],"wp:term":[{"taxonomy":"post_tag","embeddable":true,"href":"https:\/\/ajc33.com\/index.php\/wp-json\/wp\/v2\/tags?post=621"}],"curies":[{"name":"wp","href":"https:\/\/api.w.org\/{rel}","templated":true}]}}