{"id":537,"date":"2022-07-23T09:51:09","date_gmt":"2022-07-23T07:51:09","guid":{"rendered":"https:\/\/ajc33.com\/?page_id=537"},"modified":"2022-07-23T09:51:10","modified_gmt":"2022-07-23T07:51:10","slug":"declaration-de-mme-elisabeth-bornepremiere-ministre-sur-la-commemorationde-la-rafle-du-vel-dhiv","status":"publish","type":"page","link":"https:\/\/ajc33.com\/index.php\/declaration-de-mme-elisabeth-bornepremiere-ministre-sur-la-commemorationde-la-rafle-du-vel-dhiv\/","title":{"rendered":"D\u00e9claration de Mme Elisabeth Borne,<br>Premi\u00e8re ministre, sur la comm\u00e9moration<br>de la rafle du Vel d&rsquo;Hiv"},"content":{"rendered":"\n<p><\/p>\n\n\n\n<figure class=\"wp-block-embed is-type-video is-provider-youtube wp-block-embed-youtube wp-embed-aspect-16-9 wp-has-aspect-ratio\"><div class=\"wp-block-embed__wrapper\">\n<div class=\"jetpack-video-wrapper\"><iframe loading=\"lazy\" title=\"\u00c9lisabeth Borne : nous combattons l\u2019antis\u00e9mitisme &quot;partout o\u00f9 il se trouve&quot; \u2022 FRANCE 24\" width=\"825\" height=\"464\" src=\"https:\/\/www.youtube.com\/embed\/uisYbeXOMP4?feature=oembed\" frameborder=\"0\" allow=\"accelerometer; autoplay; clipboard-write; encrypted-media; gyroscope; picture-in-picture\" allowfullscreen title=\"\u00c9lisabeth Borne : nous combattons l\u2019antis\u00e9mitisme \"partout o\u00f9 il se trouve\" \u2022 FRANCE 24\"><\/iframe><\/div>\n<\/div><\/figure>\n\n\n\n<p>D\u00e9claration de Mme Elisabeth Borne,<br>Premi\u00e8re ministre, sur la comm\u00e9moration<br>de la rafle du Vel d&rsquo;Hiv les 16 et 17 juillet<br>1942, Paris le 17 juillet 2022.<br>Intervenant(s) :<\/p>\n\n\n\n<ul class=\"wp-block-list\"><li>Elisabeth Borne &#8211; Premi\u00e8re ministre<br>Circonstance : C\u00e9r\u00e9monie comm\u00e9morative de la rafle du Vel d&rsquo;Hiv<br>Prononc\u00e9 le 17 juillet 2022<br>Texte int\u00e9gral<br>Mesdames et Messieurs les ministres, Madame l&rsquo;ambassadrice, Messieurs les<br>ambassadeurs, Mesdames et Messieurs les parlementaires, Madame la maire de Paris,<br>Mesdames et Messieurs les \u00e9lus, Monsieur le pr\u00e9sident du Conseil Repr\u00e9sentatif des<br>Institutions Juives de France et son successeur, ch\u00e8re Francis KHALIFAT, Cher<br>Jonathan ARFI, Monsieur le pr\u00e9sident du consistoire central, cher Elie KORCHIA,<br>Monsieur le Grand rabbin de France, cher Ha\u00efm KORSIA, Mesdames et Messieurs les<br>pr\u00e9sidents de l&rsquo;association des fils et filles des d\u00e9port\u00e9s juifs de France, cher Beate et<br>Serge KLARSFELD, Monsieur le pr\u00e9sident de la fondation pour la m\u00e9moire de la<br>Shoah, cher David De ROTHSCHILD, Monsieur le pr\u00e9sident du comit\u00e9 fran\u00e7ais pour<br>Yad VASHEM, cher Pierre-Fran\u00e7ois VEIL, Monsieur le vice-pr\u00e9sident de l&rsquo;Union<br>Fran\u00e7aise des Associations Tziganes, cher Fernand MARAVAL,<\/li><\/ul>\n\n\n\n<p>Mesdames et Messieurs,&nbsp;<\/p>\n\n\n\n<p class=\"has-text-align-left\">c&rsquo;\u00e9tait il y a 80 ans, et pourtant ici, l&rsquo;\u00e9cho de l&rsquo;horreur r\u00e9sonne encore.<\/p>\n\n\n\n<p class=\"has-text-align-left\">Ici, on entend toujours les cris de d\u00e9tresse et les ordres hurl\u00e9s. Ici, les mots paraissent comme vides de sens, d\u00e9risoires. Car m\u00eame si le Vel d&rsquo;Hiv a \u00e9t\u00e9 ras\u00e9, le murmure monte encore, il nous saisit, il nous \u00e9touffe. Et ces phrases que nous pronon\u00e7ons paraissent presque sans force face \u00e0 la violence et \u00e0 l&rsquo;horreur dans sa cruelle r\u00e9alit\u00e9, car on se rappelle ces femmes, ces enfants, ces hommes arr\u00eat\u00e9s, parqu\u00e9s, humili\u00e9s ici. Ici m\u00eame, ce sont plus de 13 000 personnes que la France a livr\u00e9 au supplice, \u00e0 la haine, \u00e0 la mort. \u00ab Nous sommes tr\u00e8s malheureux. \u00c0 chaque instant, il y a de nouveaux malades. Il y a des femmes enceintes, des aveugles, nous couchons par terre \u00bb, \u00e9crivait Clara GARNEK, 15 ans. Pour elle comme pour les autres, le Vel d&rsquo;Hiv a marqu\u00e9 le passage de l&rsquo;humanit\u00e9 vers la barbarie, le passage d&rsquo;une France qui prot\u00e8ge \u00e0 une France qui se trahit.<\/p>\n\n\n\n<p class=\"has-text-align-left\">Ces 16 et 17 juillet 1942, l&rsquo;histoire de la France a \u00e9t\u00e9 marqu\u00e9e d&rsquo;une blessure qui reste \u00e0 nu. Ce sont bien nos lois qui ont impos\u00e9 le fichage des juifs, leur mise au ban. C&rsquo;est bien notre police qui a cherch\u00e9 et arr\u00eat\u00e9 des milliers de familles sans distinction d&rsquo;\u00e2ge ou d&rsquo;\u00e9tat de sant\u00e9. C&rsquo;est bien notre pays qui les a laiss\u00e9s suffoquer ici dans la chaleur de juillet, avant un tri macabre, avant leur transfert vers les camps du Loiret ou vers Drancy, avant leur d\u00e9portation vers Auschwitz-Birkenau. Ces jours-l\u00e0, l&rsquo;\u00c9tat fran\u00e7ais est all\u00e9 plus loin que les exigences de l&rsquo;occupant nazi, en livrant notamment des enfants, en les envoyant \u00e0 la mort. Ces jours-l\u00e0, des milliers d&rsquo;innocents ont \u00e9t\u00e9 livr\u00e9s \u00e0 un destin dont personne, parmi les responsables de l&rsquo;\u00c9tat fran\u00e7ais, n&rsquo;ignorait l&rsquo;issue. Ces images tournent n\u00e9cessairement dans nos esprits, quelle que soit notre histoire personnelle, notre proximit\u00e9 avec le gouffre que dit la Shoah pour l&rsquo;humanit\u00e9. Oui, ces jours de juillet, comme lors des rafles qui ont suivi, la France a perdu un peu de son \u00e2me. Le chemin a \u00e9t\u00e9 long, il a fallu le travail des historiens, la parole des t\u00e9moins, l&rsquo;ampleur des faits. Notre pays a attendu 1995 et les mots du Pr\u00e9sident Jacques CHIRAC, 1995, il y a moins de 30 ans, pour reconna\u00eetre sa responsabilit\u00e9. C&rsquo;\u00e9tait une \u00e9tape forte, n\u00e9cessaire. Ce fut un soulagement aussi, immense. Un de ces moments o\u00f9 les mots mettent enfin une r\u00e9alit\u00e9 sur les choses, sur l&rsquo;indicible. La force de ces paroles reste ancr\u00e9e profond\u00e9ment en chacun de nous. Car pour garder son honneur, notre pays devait et doit regarder son histoire en face. Ce n&rsquo;est pas \u00eatre patriote que de d\u00e9chirer les pages de l&rsquo;Histoire qui nous d\u00e9range, de les occulter ou de les amoindrir. (applaudissements) C&rsquo;est parce que la France est la patrie des Lumi\u00e8res, c&rsquo;est parce que notre pays est un des berceaux du progr\u00e8s que la blessure est plus grave encore et que le vrai courage consiste \u00e0 la reconna\u00eetre et \u00e0 la comm\u00e9morer. C&rsquo;est aussi parce que nous reconnaissons la noirceur de certaines heures que nous pouvons voir briller plus fort encore celles et ceux qui se sont dress\u00e9s contre la haine, contre l&rsquo;arbitraire, contre la barbarie. Je pense \u00e0 ceux parmi les policiers qui ont refus\u00e9 les ordres et laiss\u00e9 certains s&rsquo;\u00e9chapper. Je pense \u00e0 ces Fran\u00e7aises et ces Fran\u00e7ais anonymes qui ont prot\u00e9g\u00e9, aid\u00e9 et cach\u00e9 des juifs de notre pays. Je pense aux Justes de France pour qui l&rsquo;humanit\u00e9 comptait plus que le danger. Je pense \u00e0 la France libre dont le c\u0153ur battait \u00e0 Londres ou dans le maquis. Ensemble, nous comm\u00e9morons les 80 ans de la rafle du V\u00e9l&rsquo;d&rsquo;Hiv. Mais nous envoyons aussi un message \u00e0 notre jeunesse et aux g\u00e9n\u00e9rations \u00e0 venir. N&rsquo;oubliez pas, n&rsquo;oubliez jamais, le devoir de m\u00e9moire est un devoir pour l&rsquo;avenir. \u00c0 l&rsquo;heure o\u00f9 l&rsquo;antis\u00e9mitisme tue encore, o\u00f9 la haine prend bien des visages, o\u00f9 certains menacent l&rsquo;unit\u00e9 de notre R\u00e9publique. Nous devons par tous moyens faire savoir, faire conna\u00eetre. Nous continuerons \u00e0 porter et faire entendre les t\u00e9moignages des victimes, des rescap\u00e9s. Pour \u00e9veiller les consciences, la m\u00e9moire doit \u00eatre incarn\u00e9e. C&rsquo;est la condition m\u00eame de la transmission car si les donn\u00e9es sont gla\u00e7antes et les faits insupportables, ce sont les mots et les r\u00e9cits des victimes qui, pour toujours, marquent. Ces derniers mois, ces derni\u00e8res ann\u00e9es, plusieurs des grands t\u00e9moins de la Shoah nous ont quitt\u00e9s. Aujourd&rsquo;hui, je pense \u00e0 ces voix qui se sont \u00e9teintes, \u00e0 Elie BUZYN, \u00e0 Marceline LORIDAN-IVENS ou encore \u00e0 Walter SPITZER. Je veux leur rendre hommage, dire notre admiration, notre admiration d&rsquo;\u00eatre parvenues \u00e0 mettre des mots sur ce qu&rsquo;aucun mot ne peut r\u00e9ellement saisir. Notre admiration de s&rsquo;\u00eatre sans doute fait violence pour nous transmettre des souvenirs, des images, des moments. Et je veux le dire, leur r\u00e9cit ne nous quitteront pas. Leurs mots sont ancr\u00e9s dans les esprits de tous les jeunes auxquels des rescap\u00e9s ont d\u00e9crit ce qu&rsquo;\u00e9tait l&rsquo;horreur. Ils vivent dans l&rsquo;engagement des descendants, dans le travail des historiens, dans la d\u00e9termination de tous ceux qui refusent que l&rsquo;on tourne le dos ou que l&rsquo;on jette un voile de mensonge sur l&rsquo;histoire. Ce sont les lettres pr\u00e9serv\u00e9es, publi\u00e9es, expos\u00e9es. Ce sont les t\u00e9moignages enregistr\u00e9s, diffus\u00e9s. C&rsquo;est la mobilisation de la culture, ce sont les lieux de m\u00e9moire de la Shoah. Ce sont ces listes de noms sur les murs du M\u00e9morial, le travail de Beate et Serge KLARSFELD. Ces listes de noms comme une psalmodie, ces listes de noms que nous devons sans cesse relire, redire \u00e0 haute voix pour que vive les m\u00e9moires. Nous continuerons \u00e0 soutenir ces initiatives, \u00e0 les encourager. La parole des t\u00e9moins est pr\u00e9cieuse, et partout nous la ferons perdurer. Je crois aussi que la m\u00e9moire repose sur notre jeunesse, nous enseignerons encore et toujours la r\u00e9alit\u00e9 du g\u00e9nocide et de ses ann\u00e9es noires. Et je le dis clairement devant vous, il n&rsquo;y a pas une salle de classe en France o\u00f9 la m\u00e9moire de la Shoah ne doit pas \u00eatre enseign\u00e9e, pas une \u00e9cole o\u00f9 elle peut \u00eatre contest\u00e9e. [Applaudissements] Car le travail de m\u00e9moire, c&rsquo;est aussi de ne jamais laisser passer le moindre geste, le moindre mot que l&rsquo;antis\u00e9mitisme peut encore faire germer. La barbarie se trouve toujours au bout du chemin de la haine. Sous l&rsquo;autorit\u00e9 du pr\u00e9sident de la R\u00e9publique, nous avons agi avec force, d\u00e9termination. Nous avons fait en sorte de combattre l&rsquo;antis\u00e9mitisme partout o\u00f9 il se trouve qu&rsquo;il se dissimule en ligne ou derri\u00e8re des opinions d\u00e9voy\u00e9es. Nous avons dissout des associations qui promouvaient la haine. Nous avons pris des mesures pour que la justice soit rendue, pour que chacun puisse pratiquer sa foi en toute s\u00e9curit\u00e9. Nous luttons avec la plus grande intransigeance contre le s\u00e9paratisme. Nous continuerons, nous poursuivrons sans rel\u00e2che, sans jamais nous dire que la bataille est gagn\u00e9e. Le combat contre l&rsquo;antis\u00e9mitisme ne s&rsquo;arr\u00eate jamais. En cette journ\u00e9e de comm\u00e9moration, en cette journ\u00e9e nationale \u00e0 la m\u00e9moire des victimes des crimes racistes et antis\u00e9mites de l&rsquo;\u00c9tat fran\u00e7ais et d&rsquo;hommage aux Justes de France, je veux dire \u00e9galement que je n&rsquo;oublie pas que lors de ces ann\u00e9es sombres d&rsquo;autres communaut\u00e9s, d&rsquo;autres peuples ont \u00e9t\u00e9 victimes de ce racisme d&rsquo;\u00c9tat, notamment les Tziganes. Eux aussi ont \u00e9t\u00e9 victimes de la barbarie [applaudissements]. Pour eux aussi, nous ferons vivre la m\u00e9moire et nous lutterons contre toutes les haines, toutes les discriminations. Mesdames et Messieurs, l&rsquo;oubli, l&rsquo;indiff\u00e9rence et le relativisme sont autant de p\u00e9rils mortels. Ils servent les th\u00e9ories les plus abjectes, ils nourrissent la division, justifient la violence. Ils sonnent comme des outrages \u00e0 toutes les victimes et leurs descendants. Par la m\u00e9moire, par l&rsquo;\u00e9ducation, la culture, par le combat incessant contre l&rsquo;antis\u00e9mitisme, nous ferons conna\u00eetre le destin des femmes, des hommes, des enfants du Vel d&rsquo;Hiv. Alors, 80 ans apr\u00e8s la rafle, nous le r\u00e9affirmons, la R\u00e9publique sera toujours le refuge de ceux qui souffrent et ont souffert. La R\u00e9publique m\u00e8nera toujours le combat pour la justice et la v\u00e9rit\u00e9. Mesdames et Messieurs, il y a 80 ans, la France se perdait et commettait l&rsquo;irr\u00e9parable. \u00c0 nous, \u00e0 nous tous aujourd&rsquo;hui, de veiller \u00e0 ce que la m\u00e9moire des visages des victimes nous \u00e9claire, \u00e0 ce que la m\u00e9moire de ces visages nous rappelle que nous ne devons rien c\u00e9der dans ces combats.\u00a0<\/p>\n\n\n\n<p class=\"has-text-align-left\"><br>Vive la R\u00e9publique et vive la France !&nbsp;<\/p>\n\n\n\n<p class=\"has-text-align-left\"><br>Source https:\/\/www.gouvernement.fr, le 19 juillet 2022&nbsp;<\/p>\n","protected":false},"excerpt":{"rendered":"<p>D\u00e9claration de Mme Elisabeth Borne,Premi\u00e8re ministre, sur la comm\u00e9morationde la rafle du Vel d&rsquo;Hiv les 16 et 17 juillet1942, Paris le 17 juillet 2022.Intervenant(s) : Elisabeth Borne &#8211; Premi\u00e8re ministreCirconstance&hellip; <a href=\"https:\/\/ajc33.com\/index.php\/declaration-de-mme-elisabeth-bornepremiere-ministre-sur-la-commemorationde-la-rafle-du-vel-dhiv\/\" class=\"more-link\">Lire la suite <span class=\"screen-reader-text\">D\u00e9claration de Mme Elisabeth Borne,Premi\u00e8re ministre, sur la comm\u00e9morationde la rafle du Vel d&rsquo;Hiv<\/span><\/a><\/p>\n","protected":false},"author":1,"featured_media":0,"parent":0,"menu_order":0,"comment_status":"closed","ping_status":"closed","template":"","meta":{"footnotes":""},"tags":[],"class_list":["post-537","page","type-page","status-publish","hentry","without-featured-image"],"yoast_head":"<!-- This site is optimized with the Yoast SEO plugin v26.6 - https:\/\/yoast.com\/wordpress\/plugins\/seo\/ -->\n<title>D\u00e9claration de Mme Elisabeth Borne,Premi\u00e8re ministre, sur la comm\u00e9morationde la rafle du Vel d&#039;Hiv - L&#039;amiti\u00e9 Jud\u00e9o-Chr\u00e9tienne de Bordeaux<\/title>\n<meta name=\"robots\" content=\"index, follow, max-snippet:-1, max-image-preview:large, max-video-preview:-1\" \/>\n<link rel=\"canonical\" href=\"https:\/\/ajc33.com\/index.php\/declaration-de-mme-elisabeth-bornepremiere-ministre-sur-la-commemorationde-la-rafle-du-vel-dhiv\/\" \/>\n<meta property=\"og:locale\" content=\"fr_FR\" \/>\n<meta property=\"og:type\" content=\"article\" \/>\n<meta property=\"og:title\" content=\"D\u00e9claration de Mme Elisabeth Borne,Premi\u00e8re ministre, sur la comm\u00e9morationde la rafle du Vel d&#039;Hiv - L&#039;amiti\u00e9 Jud\u00e9o-Chr\u00e9tienne de Bordeaux\" \/>\n<meta property=\"og:description\" content=\"D\u00e9claration de Mme Elisabeth Borne,Premi\u00e8re ministre, sur la comm\u00e9morationde la rafle du Vel d&rsquo;Hiv les 16 et 17 juillet1942, Paris le 17 juillet 2022.Intervenant(s) : Elisabeth Borne &#8211; Premi\u00e8re ministreCirconstance&hellip; Lire la suite D\u00e9claration de Mme Elisabeth Borne,Premi\u00e8re ministre, sur la comm\u00e9morationde la rafle du Vel d&rsquo;Hiv\" \/>\n<meta property=\"og:url\" content=\"https:\/\/ajc33.com\/index.php\/declaration-de-mme-elisabeth-bornepremiere-ministre-sur-la-commemorationde-la-rafle-du-vel-dhiv\/\" \/>\n<meta property=\"og:site_name\" content=\"L&#039;amiti\u00e9 Jud\u00e9o-Chr\u00e9tienne de Bordeaux\" \/>\n<meta property=\"article:modified_time\" content=\"2022-07-23T07:51:10+00:00\" \/>\n<meta name=\"twitter:card\" content=\"summary_large_image\" \/>\n<meta name=\"twitter:label1\" content=\"Dur\u00e9e de lecture estim\u00e9e\" \/>\n\t<meta name=\"twitter:data1\" content=\"9 minutes\" \/>\n<script type=\"application\/ld+json\" class=\"yoast-schema-graph\">{\"@context\":\"https:\/\/schema.org\",\"@graph\":[{\"@type\":\"WebPage\",\"@id\":\"https:\/\/ajc33.com\/index.php\/declaration-de-mme-elisabeth-bornepremiere-ministre-sur-la-commemorationde-la-rafle-du-vel-dhiv\/\",\"url\":\"https:\/\/ajc33.com\/index.php\/declaration-de-mme-elisabeth-bornepremiere-ministre-sur-la-commemorationde-la-rafle-du-vel-dhiv\/\",\"name\":\"D\u00e9claration de Mme Elisabeth Borne, Premi\u00e8re ministre, sur la comm\u00e9moration de la rafle du Vel d'Hiv - L&#039;amiti\u00e9 Jud\u00e9o-Chr\u00e9tienne de Bordeaux\",\"isPartOf\":{\"@id\":\"https:\/\/ajc33.com\/#website\"},\"datePublished\":\"2022-07-23T07:51:09+00:00\",\"dateModified\":\"2022-07-23T07:51:10+00:00\",\"breadcrumb\":{\"@id\":\"https:\/\/ajc33.com\/index.php\/declaration-de-mme-elisabeth-bornepremiere-ministre-sur-la-commemorationde-la-rafle-du-vel-dhiv\/#breadcrumb\"},\"inLanguage\":\"fr-FR\",\"potentialAction\":[{\"@type\":\"ReadAction\",\"target\":[\"https:\/\/ajc33.com\/index.php\/declaration-de-mme-elisabeth-bornepremiere-ministre-sur-la-commemorationde-la-rafle-du-vel-dhiv\/\"]}]},{\"@type\":\"BreadcrumbList\",\"@id\":\"https:\/\/ajc33.com\/index.php\/declaration-de-mme-elisabeth-bornepremiere-ministre-sur-la-commemorationde-la-rafle-du-vel-dhiv\/#breadcrumb\",\"itemListElement\":[{\"@type\":\"ListItem\",\"position\":1,\"name\":\"Home\",\"item\":\"https:\/\/ajc33.com\/\"},{\"@type\":\"ListItem\",\"position\":2,\"name\":\"D\u00e9claration de Mme Elisabeth Borne,Premi\u00e8re ministre, sur la comm\u00e9morationde la rafle du Vel d&#8217;Hiv\"}]},{\"@type\":\"WebSite\",\"@id\":\"https:\/\/ajc33.com\/#website\",\"url\":\"https:\/\/ajc33.com\/\",\"name\":\"L&#039;amiti\u00e9 Jud\u00e9o-Chr\u00e9tienne de Bordeaux\",\"description\":\"\",\"publisher\":{\"@id\":\"https:\/\/ajc33.com\/#organization\"},\"potentialAction\":[{\"@type\":\"SearchAction\",\"target\":{\"@type\":\"EntryPoint\",\"urlTemplate\":\"https:\/\/ajc33.com\/?s={search_term_string}\"},\"query-input\":{\"@type\":\"PropertyValueSpecification\",\"valueRequired\":true,\"valueName\":\"search_term_string\"}}],\"inLanguage\":\"fr-FR\"},{\"@type\":\"Organization\",\"@id\":\"https:\/\/ajc33.com\/#organization\",\"name\":\"L&#039;amiti\u00e9 Jud\u00e9o-Chr\u00e9tienne de Bordeaux\",\"url\":\"https:\/\/ajc33.com\/\",\"logo\":{\"@type\":\"ImageObject\",\"inLanguage\":\"fr-FR\",\"@id\":\"https:\/\/ajc33.com\/#\/schema\/logo\/image\/\",\"url\":\"https:\/\/ajc33.com\/wp-content\/uploads\/2018\/03\/cropped-ajc-bod-2.jpg\",\"contentUrl\":\"https:\/\/ajc33.com\/wp-content\/uploads\/2018\/03\/cropped-ajc-bod-2.jpg\",\"width\":200,\"height\":191,\"caption\":\"L&#039;amiti\u00e9 Jud\u00e9o-Chr\u00e9tienne de Bordeaux\"},\"image\":{\"@id\":\"https:\/\/ajc33.com\/#\/schema\/logo\/image\/\"}}]}<\/script>\n<!-- \/ Yoast SEO plugin. -->","yoast_head_json":{"title":"D\u00e9claration de Mme Elisabeth Borne,Premi\u00e8re ministre, sur la comm\u00e9morationde la rafle du Vel d'Hiv - L&#039;amiti\u00e9 Jud\u00e9o-Chr\u00e9tienne de Bordeaux","robots":{"index":"index","follow":"follow","max-snippet":"max-snippet:-1","max-image-preview":"max-image-preview:large","max-video-preview":"max-video-preview:-1"},"canonical":"https:\/\/ajc33.com\/index.php\/declaration-de-mme-elisabeth-bornepremiere-ministre-sur-la-commemorationde-la-rafle-du-vel-dhiv\/","og_locale":"fr_FR","og_type":"article","og_title":"D\u00e9claration de Mme Elisabeth Borne,Premi\u00e8re ministre, sur la comm\u00e9morationde la rafle du Vel d'Hiv - L&#039;amiti\u00e9 Jud\u00e9o-Chr\u00e9tienne de Bordeaux","og_description":"D\u00e9claration de Mme Elisabeth Borne,Premi\u00e8re ministre, sur la comm\u00e9morationde la rafle du Vel d&rsquo;Hiv les 16 et 17 juillet1942, Paris le 17 juillet 2022.Intervenant(s) : Elisabeth Borne &#8211; Premi\u00e8re ministreCirconstance&hellip; Lire la suite D\u00e9claration de Mme Elisabeth Borne,Premi\u00e8re ministre, sur la comm\u00e9morationde la rafle du Vel d&rsquo;Hiv","og_url":"https:\/\/ajc33.com\/index.php\/declaration-de-mme-elisabeth-bornepremiere-ministre-sur-la-commemorationde-la-rafle-du-vel-dhiv\/","og_site_name":"L&#039;amiti\u00e9 Jud\u00e9o-Chr\u00e9tienne de Bordeaux","article_modified_time":"2022-07-23T07:51:10+00:00","twitter_card":"summary_large_image","twitter_misc":{"Dur\u00e9e de lecture estim\u00e9e":"9 minutes"},"schema":{"@context":"https:\/\/schema.org","@graph":[{"@type":"WebPage","@id":"https:\/\/ajc33.com\/index.php\/declaration-de-mme-elisabeth-bornepremiere-ministre-sur-la-commemorationde-la-rafle-du-vel-dhiv\/","url":"https:\/\/ajc33.com\/index.php\/declaration-de-mme-elisabeth-bornepremiere-ministre-sur-la-commemorationde-la-rafle-du-vel-dhiv\/","name":"D\u00e9claration de Mme Elisabeth Borne, Premi\u00e8re ministre, sur la comm\u00e9moration de la rafle du Vel d'Hiv - L&#039;amiti\u00e9 Jud\u00e9o-Chr\u00e9tienne de Bordeaux","isPartOf":{"@id":"https:\/\/ajc33.com\/#website"},"datePublished":"2022-07-23T07:51:09+00:00","dateModified":"2022-07-23T07:51:10+00:00","breadcrumb":{"@id":"https:\/\/ajc33.com\/index.php\/declaration-de-mme-elisabeth-bornepremiere-ministre-sur-la-commemorationde-la-rafle-du-vel-dhiv\/#breadcrumb"},"inLanguage":"fr-FR","potentialAction":[{"@type":"ReadAction","target":["https:\/\/ajc33.com\/index.php\/declaration-de-mme-elisabeth-bornepremiere-ministre-sur-la-commemorationde-la-rafle-du-vel-dhiv\/"]}]},{"@type":"BreadcrumbList","@id":"https:\/\/ajc33.com\/index.php\/declaration-de-mme-elisabeth-bornepremiere-ministre-sur-la-commemorationde-la-rafle-du-vel-dhiv\/#breadcrumb","itemListElement":[{"@type":"ListItem","position":1,"name":"Home","item":"https:\/\/ajc33.com\/"},{"@type":"ListItem","position":2,"name":"D\u00e9claration de Mme Elisabeth Borne,Premi\u00e8re ministre, sur la comm\u00e9morationde la rafle du Vel d&#8217;Hiv"}]},{"@type":"WebSite","@id":"https:\/\/ajc33.com\/#website","url":"https:\/\/ajc33.com\/","name":"L&#039;amiti\u00e9 Jud\u00e9o-Chr\u00e9tienne de Bordeaux","description":"","publisher":{"@id":"https:\/\/ajc33.com\/#organization"},"potentialAction":[{"@type":"SearchAction","target":{"@type":"EntryPoint","urlTemplate":"https:\/\/ajc33.com\/?s={search_term_string}"},"query-input":{"@type":"PropertyValueSpecification","valueRequired":true,"valueName":"search_term_string"}}],"inLanguage":"fr-FR"},{"@type":"Organization","@id":"https:\/\/ajc33.com\/#organization","name":"L&#039;amiti\u00e9 Jud\u00e9o-Chr\u00e9tienne de Bordeaux","url":"https:\/\/ajc33.com\/","logo":{"@type":"ImageObject","inLanguage":"fr-FR","@id":"https:\/\/ajc33.com\/#\/schema\/logo\/image\/","url":"https:\/\/ajc33.com\/wp-content\/uploads\/2018\/03\/cropped-ajc-bod-2.jpg","contentUrl":"https:\/\/ajc33.com\/wp-content\/uploads\/2018\/03\/cropped-ajc-bod-2.jpg","width":200,"height":191,"caption":"L&#039;amiti\u00e9 Jud\u00e9o-Chr\u00e9tienne de Bordeaux"},"image":{"@id":"https:\/\/ajc33.com\/#\/schema\/logo\/image\/"}}]}},"jetpack_sharing_enabled":true,"_links":{"self":[{"href":"https:\/\/ajc33.com\/index.php\/wp-json\/wp\/v2\/pages\/537","targetHints":{"allow":["GET"]}}],"collection":[{"href":"https:\/\/ajc33.com\/index.php\/wp-json\/wp\/v2\/pages"}],"about":[{"href":"https:\/\/ajc33.com\/index.php\/wp-json\/wp\/v2\/types\/page"}],"author":[{"embeddable":true,"href":"https:\/\/ajc33.com\/index.php\/wp-json\/wp\/v2\/users\/1"}],"replies":[{"embeddable":true,"href":"https:\/\/ajc33.com\/index.php\/wp-json\/wp\/v2\/comments?post=537"}],"version-history":[{"count":1,"href":"https:\/\/ajc33.com\/index.php\/wp-json\/wp\/v2\/pages\/537\/revisions"}],"predecessor-version":[{"id":539,"href":"https:\/\/ajc33.com\/index.php\/wp-json\/wp\/v2\/pages\/537\/revisions\/539"}],"wp:attachment":[{"href":"https:\/\/ajc33.com\/index.php\/wp-json\/wp\/v2\/media?parent=537"}],"wp:term":[{"taxonomy":"post_tag","embeddable":true,"href":"https:\/\/ajc33.com\/index.php\/wp-json\/wp\/v2\/tags?post=537"}],"curies":[{"name":"wp","href":"https:\/\/api.w.org\/{rel}","templated":true}]}}