{"id":530,"date":"2022-06-27T09:02:45","date_gmt":"2022-06-27T07:02:45","guid":{"rendered":"https:\/\/ajc33.com\/?page_id=530"},"modified":"2022-06-29T12:07:43","modified_gmt":"2022-06-29T10:07:43","slug":"prix-de-lamitie-judeo-chretienne-de-france-2022","status":"publish","type":"page","link":"https:\/\/ajc33.com\/index.php\/prix-de-lamitie-judeo-chretienne-de-france-2022\/","title":{"rendered":"Prix de l\u2019Amiti\u00e9 jud\u00e9o-chr\u00e9tienne de France 2022"},"content":{"rendered":"\n<p>Toutes nos f\u00e9licitations au Grand Rabbin de France <a href=\"https:\/\/www.facebook.com\/haim.korsia?__cft__[0]=AZX_zjPsQU2OkgU6EurCGnrqb09yPXlgd-7yV5axmjkBPkhscAMI5mVnHZRA31fWt5L8L6rNSDI5h-Np0Ds7FMvyBSP7G8juCWbS7AvOe7fYrt4PR-VnvMFeAOibKy6p51iPQJWhJHcYAdDcGy_N_PhBa9NSJLNtg9M5DqA8--H_9Q&amp;__tn__=-]K-R\">Ha\u00efm Korsia<\/a> qui s\u2019est vu d\u00e9cerner le Prix de l\u2019Amiti\u00e9 jud\u00e9o-chr\u00e9tienne de France 2022 par le comit\u00e9 directeur de l\u2019AJCF. La remise du prix aura lieu au cours de l\u2019automne.<\/p>\n\n\n\n<figure class=\"wp-block-image size-full\"><img loading=\"lazy\" decoding=\"async\" width=\"526\" height=\"790\" src=\"https:\/\/ajc33.com\/wp-content\/uploads\/2022\/06\/haim.jpg\" alt=\"\" class=\"wp-image-531\" srcset=\"https:\/\/ajc33.com\/wp-content\/uploads\/2022\/06\/haim.jpg 526w, https:\/\/ajc33.com\/wp-content\/uploads\/2022\/06\/haim-200x300.jpg 200w\" sizes=\"auto, (max-width: 526px) 100vw, 526px\" \/><\/figure>\n","protected":false},"excerpt":{"rendered":"<p>Toutes nos f\u00e9licitations au Grand Rabbin de France Ha\u00efm Korsia qui s\u2019est vu d\u00e9cerner le Prix de l\u2019Amiti\u00e9 jud\u00e9o-chr\u00e9tienne de France 2022 par le comit\u00e9 directeur de l\u2019AJCF. La remise&hellip; <a href=\"https:\/\/ajc33.com\/index.php\/prix-de-lamitie-judeo-chretienne-de-france-2022\/\" class=\"more-link\">Lire la suite <span class=\"screen-reader-text\">Prix de l\u2019Amiti\u00e9 jud\u00e9o-chr\u00e9tienne de France 2022<\/span><\/a><\/p>\n","protected":false},"author":1,"featured_media":0,"parent":0,"menu_order":0,"comment_status":"closed","ping_status":"closed","template":"","meta":{"footnotes":""},"tags":[],"class_list":["post-530","page","type-page","status-publish","hentry","without-featured-image"],"yoast_head":"<!-- This site is optimized with the Yoast SEO plugin v26.6 - https:\/\/yoast.com\/wordpress\/plugins\/seo\/ -->\n<title>Prix de l\u2019Amiti\u00e9 jud\u00e9o-chr\u00e9tienne de France 2022 - L&#039;amiti\u00e9 Jud\u00e9o-Chr\u00e9tienne de Bordeaux<\/title>\n<meta name=\"robots\" content=\"index, follow, max-snippet:-1, max-image-preview:large, max-video-preview:-1\" \/>\n<link rel=\"canonical\" href=\"https:\/\/ajc33.com\/index.php\/prix-de-lamitie-judeo-chretienne-de-france-2022\/\" \/>\n<meta property=\"og:locale\" content=\"fr_FR\" \/>\n<meta property=\"og:type\" content=\"article\" \/>\n<meta property=\"og:title\" content=\"Prix de l\u2019Amiti\u00e9 jud\u00e9o-chr\u00e9tienne de France 2022 - L&#039;amiti\u00e9 Jud\u00e9o-Chr\u00e9tienne de Bordeaux\" \/>\n<meta property=\"og:description\" content=\"Toutes nos f\u00e9licitations au Grand Rabbin de France Ha\u00efm Korsia qui s\u2019est vu d\u00e9cerner le Prix de l\u2019Amiti\u00e9 jud\u00e9o-chr\u00e9tienne de France 2022 par le comit\u00e9 directeur de l\u2019AJCF. La remise&hellip; Lire la suite Prix de l\u2019Amiti\u00e9 jud\u00e9o-chr\u00e9tienne de France 2022\" \/>\n<meta property=\"og:url\" content=\"https:\/\/ajc33.com\/index.php\/prix-de-lamitie-judeo-chretienne-de-france-2022\/\" \/>\n<meta property=\"og:site_name\" content=\"L&#039;amiti\u00e9 Jud\u00e9o-Chr\u00e9tienne de Bordeaux\" \/>\n<meta property=\"article:modified_time\" content=\"2022-06-29T10:07:43+00:00\" \/>\n<meta property=\"og:image\" content=\"https:\/\/ajc33.com\/wp-content\/uploads\/2022\/06\/haim.jpg\" \/>\n<meta name=\"twitter:card\" content=\"summary_large_image\" \/>\n<meta name=\"twitter:label1\" content=\"Dur\u00e9e de lecture estim\u00e9e\" \/>\n\t<meta name=\"twitter:data1\" content=\"1 minute\" \/>\n<script type=\"application\/ld+json\" class=\"yoast-schema-graph\">{\"@context\":\"https:\/\/schema.org\",\"@graph\":[{\"@type\":\"WebPage\",\"@id\":\"https:\/\/ajc33.com\/index.php\/prix-de-lamitie-judeo-chretienne-de-france-2022\/\",\"url\":\"https:\/\/ajc33.com\/index.php\/prix-de-lamitie-judeo-chretienne-de-france-2022\/\",\"name\":\"Prix de l\u2019Amiti\u00e9 jud\u00e9o-chr\u00e9tienne de France 2022 - L&#039;amiti\u00e9 Jud\u00e9o-Chr\u00e9tienne de Bordeaux\",\"isPartOf\":{\"@id\":\"https:\/\/ajc33.com\/#website\"},\"primaryImageOfPage\":{\"@id\":\"https:\/\/ajc33.com\/index.php\/prix-de-lamitie-judeo-chretienne-de-france-2022\/#primaryimage\"},\"image\":{\"@id\":\"https:\/\/ajc33.com\/index.php\/prix-de-lamitie-judeo-chretienne-de-france-2022\/#primaryimage\"},\"thumbnailUrl\":\"https:\/\/ajc33.com\/wp-content\/uploads\/2022\/06\/haim.jpg\",\"datePublished\":\"2022-06-27T07:02:45+00:00\",\"dateModified\":\"2022-06-29T10:07:43+00:00\",\"breadcrumb\":{\"@id\":\"https:\/\/ajc33.com\/index.php\/prix-de-lamitie-judeo-chretienne-de-france-2022\/#breadcrumb\"},\"inLanguage\":\"fr-FR\",\"potentialAction\":[{\"@type\":\"ReadAction\",\"target\":[\"https:\/\/ajc33.com\/index.php\/prix-de-lamitie-judeo-chretienne-de-france-2022\/\"]}]},{\"@type\":\"ImageObject\",\"inLanguage\":\"fr-FR\",\"@id\":\"https:\/\/ajc33.com\/index.php\/prix-de-lamitie-judeo-chretienne-de-france-2022\/#primaryimage\",\"url\":\"https:\/\/ajc33.com\/wp-content\/uploads\/2022\/06\/haim.jpg\",\"contentUrl\":\"https:\/\/ajc33.com\/wp-content\/uploads\/2022\/06\/haim.jpg\",\"width\":526,\"height\":790},{\"@type\":\"BreadcrumbList\",\"@id\":\"https:\/\/ajc33.com\/index.php\/prix-de-lamitie-judeo-chretienne-de-france-2022\/#breadcrumb\",\"itemListElement\":[{\"@type\":\"ListItem\",\"position\":1,\"name\":\"Home\",\"item\":\"https:\/\/ajc33.com\/\"},{\"@type\":\"ListItem\",\"position\":2,\"name\":\"Prix de l\u2019Amiti\u00e9 jud\u00e9o-chr\u00e9tienne de France 2022\"}]},{\"@type\":\"WebSite\",\"@id\":\"https:\/\/ajc33.com\/#website\",\"url\":\"https:\/\/ajc33.com\/\",\"name\":\"L&#039;amiti\u00e9 Jud\u00e9o-Chr\u00e9tienne de Bordeaux\",\"description\":\"\",\"publisher\":{\"@id\":\"https:\/\/ajc33.com\/#organization\"},\"potentialAction\":[{\"@type\":\"SearchAction\",\"target\":{\"@type\":\"EntryPoint\",\"urlTemplate\":\"https:\/\/ajc33.com\/?s={search_term_string}\"},\"query-input\":{\"@type\":\"PropertyValueSpecification\",\"valueRequired\":true,\"valueName\":\"search_term_string\"}}],\"inLanguage\":\"fr-FR\"},{\"@type\":\"Organization\",\"@id\":\"https:\/\/ajc33.com\/#organization\",\"name\":\"L&#039;amiti\u00e9 Jud\u00e9o-Chr\u00e9tienne de Bordeaux\",\"url\":\"https:\/\/ajc33.com\/\",\"logo\":{\"@type\":\"ImageObject\",\"inLanguage\":\"fr-FR\",\"@id\":\"https:\/\/ajc33.com\/#\/schema\/logo\/image\/\",\"url\":\"https:\/\/ajc33.com\/wp-content\/uploads\/2018\/03\/cropped-ajc-bod-2.jpg\",\"contentUrl\":\"https:\/\/ajc33.com\/wp-content\/uploads\/2018\/03\/cropped-ajc-bod-2.jpg\",\"width\":200,\"height\":191,\"caption\":\"L&#039;amiti\u00e9 Jud\u00e9o-Chr\u00e9tienne de Bordeaux\"},\"image\":{\"@id\":\"https:\/\/ajc33.com\/#\/schema\/logo\/image\/\"}}]}<\/script>\n<!-- \/ Yoast SEO plugin. -->","yoast_head_json":{"title":"Prix de l\u2019Amiti\u00e9 jud\u00e9o-chr\u00e9tienne de France 2022 - L&#039;amiti\u00e9 Jud\u00e9o-Chr\u00e9tienne de Bordeaux","robots":{"index":"index","follow":"follow","max-snippet":"max-snippet:-1","max-image-preview":"max-image-preview:large","max-video-preview":"max-video-preview:-1"},"canonical":"https:\/\/ajc33.com\/index.php\/prix-de-lamitie-judeo-chretienne-de-france-2022\/","og_locale":"fr_FR","og_type":"article","og_title":"Prix de l\u2019Amiti\u00e9 jud\u00e9o-chr\u00e9tienne de France 2022 - L&#039;amiti\u00e9 Jud\u00e9o-Chr\u00e9tienne de Bordeaux","og_description":"Toutes nos f\u00e9licitations au Grand Rabbin de France Ha\u00efm Korsia qui s\u2019est vu d\u00e9cerner le Prix de l\u2019Amiti\u00e9 jud\u00e9o-chr\u00e9tienne de France 2022 par le comit\u00e9 directeur de l\u2019AJCF. La remise&hellip; Lire la suite Prix de l\u2019Amiti\u00e9 jud\u00e9o-chr\u00e9tienne de France 2022","og_url":"https:\/\/ajc33.com\/index.php\/prix-de-lamitie-judeo-chretienne-de-france-2022\/","og_site_name":"L&#039;amiti\u00e9 Jud\u00e9o-Chr\u00e9tienne de Bordeaux","article_modified_time":"2022-06-29T10:07:43+00:00","og_image":[{"url":"https:\/\/ajc33.com\/wp-content\/uploads\/2022\/06\/haim.jpg","type":"","width":"","height":""}],"twitter_card":"summary_large_image","twitter_misc":{"Dur\u00e9e de lecture estim\u00e9e":"1 minute"},"schema":{"@context":"https:\/\/schema.org","@graph":[{"@type":"WebPage","@id":"https:\/\/ajc33.com\/index.php\/prix-de-lamitie-judeo-chretienne-de-france-2022\/","url":"https:\/\/ajc33.com\/index.php\/prix-de-lamitie-judeo-chretienne-de-france-2022\/","name":"Prix de l\u2019Amiti\u00e9 jud\u00e9o-chr\u00e9tienne de France 2022 - L&#039;amiti\u00e9 Jud\u00e9o-Chr\u00e9tienne de Bordeaux","isPartOf":{"@id":"https:\/\/ajc33.com\/#website"},"primaryImageOfPage":{"@id":"https:\/\/ajc33.com\/index.php\/prix-de-lamitie-judeo-chretienne-de-france-2022\/#primaryimage"},"image":{"@id":"https:\/\/ajc33.com\/index.php\/prix-de-lamitie-judeo-chretienne-de-france-2022\/#primaryimage"},"thumbnailUrl":"https:\/\/ajc33.com\/wp-content\/uploads\/2022\/06\/haim.jpg","datePublished":"2022-06-27T07:02:45+00:00","dateModified":"2022-06-29T10:07:43+00:00","breadcrumb":{"@id":"https:\/\/ajc33.com\/index.php\/prix-de-lamitie-judeo-chretienne-de-france-2022\/#breadcrumb"},"inLanguage":"fr-FR","potentialAction":[{"@type":"ReadAction","target":["https:\/\/ajc33.com\/index.php\/prix-de-lamitie-judeo-chretienne-de-france-2022\/"]}]},{"@type":"ImageObject","inLanguage":"fr-FR","@id":"https:\/\/ajc33.com\/index.php\/prix-de-lamitie-judeo-chretienne-de-france-2022\/#primaryimage","url":"https:\/\/ajc33.com\/wp-content\/uploads\/2022\/06\/haim.jpg","contentUrl":"https:\/\/ajc33.com\/wp-content\/uploads\/2022\/06\/haim.jpg","width":526,"height":790},{"@type":"BreadcrumbList","@id":"https:\/\/ajc33.com\/index.php\/prix-de-lamitie-judeo-chretienne-de-france-2022\/#breadcrumb","itemListElement":[{"@type":"ListItem","position":1,"name":"Home","item":"https:\/\/ajc33.com\/"},{"@type":"ListItem","position":2,"name":"Prix de l\u2019Amiti\u00e9 jud\u00e9o-chr\u00e9tienne de France 2022"}]},{"@type":"WebSite","@id":"https:\/\/ajc33.com\/#website","url":"https:\/\/ajc33.com\/","name":"L&#039;amiti\u00e9 Jud\u00e9o-Chr\u00e9tienne de Bordeaux","description":"","publisher":{"@id":"https:\/\/ajc33.com\/#organization"},"potentialAction":[{"@type":"SearchAction","target":{"@type":"EntryPoint","urlTemplate":"https:\/\/ajc33.com\/?s={search_term_string}"},"query-input":{"@type":"PropertyValueSpecification","valueRequired":true,"valueName":"search_term_string"}}],"inLanguage":"fr-FR"},{"@type":"Organization","@id":"https:\/\/ajc33.com\/#organization","name":"L&#039;amiti\u00e9 Jud\u00e9o-Chr\u00e9tienne de Bordeaux","url":"https:\/\/ajc33.com\/","logo":{"@type":"ImageObject","inLanguage":"fr-FR","@id":"https:\/\/ajc33.com\/#\/schema\/logo\/image\/","url":"https:\/\/ajc33.com\/wp-content\/uploads\/2018\/03\/cropped-ajc-bod-2.jpg","contentUrl":"https:\/\/ajc33.com\/wp-content\/uploads\/2018\/03\/cropped-ajc-bod-2.jpg","width":200,"height":191,"caption":"L&#039;amiti\u00e9 Jud\u00e9o-Chr\u00e9tienne de Bordeaux"},"image":{"@id":"https:\/\/ajc33.com\/#\/schema\/logo\/image\/"}}]}},"jetpack_sharing_enabled":true,"_links":{"self":[{"href":"https:\/\/ajc33.com\/index.php\/wp-json\/wp\/v2\/pages\/530","targetHints":{"allow":["GET"]}}],"collection":[{"href":"https:\/\/ajc33.com\/index.php\/wp-json\/wp\/v2\/pages"}],"about":[{"href":"https:\/\/ajc33.com\/index.php\/wp-json\/wp\/v2\/types\/page"}],"author":[{"embeddable":true,"href":"https:\/\/ajc33.com\/index.php\/wp-json\/wp\/v2\/users\/1"}],"replies":[{"embeddable":true,"href":"https:\/\/ajc33.com\/index.php\/wp-json\/wp\/v2\/comments?post=530"}],"version-history":[{"count":2,"href":"https:\/\/ajc33.com\/index.php\/wp-json\/wp\/v2\/pages\/530\/revisions"}],"predecessor-version":[{"id":535,"href":"https:\/\/ajc33.com\/index.php\/wp-json\/wp\/v2\/pages\/530\/revisions\/535"}],"wp:attachment":[{"href":"https:\/\/ajc33.com\/index.php\/wp-json\/wp\/v2\/media?parent=530"}],"wp:term":[{"taxonomy":"post_tag","embeddable":true,"href":"https:\/\/ajc33.com\/index.php\/wp-json\/wp\/v2\/tags?post=530"}],"curies":[{"name":"wp","href":"https:\/\/api.w.org\/{rel}","templated":true}]}}

Prix de l’Amitié judéo-chrétienne de France 2022

<p>Toutes nos félicitations au Grand Rabbin de France <a href="https://www.facebook.com/haim.korsia?__cft__[0]=AZX_zjPsQU2OkgU6EurCGnrqb09yPXlgd-7yV5axmjkBPkhscAMI5mVnHZRA31fWt5L8L6rNSDI5h-Np0Ds7FMvyBSP7G8juCWbS7AvOe7fYrt4PR-VnvMFeAOibKy6p51iPQJWhJHcYAdDcGy_N_PhBa9NSJLNtg9M5DqA8--H_9Q&amp;__tn__=-]K-R">Haïm Korsia</a> qui s’est vu décerner le Prix de l’Amitié judéo-chrétienne de France 2022 par le comité directeur de l’AJCF. La remise du prix aura lieu au cours de l’automne.</p>



<figure class="wp-block-image size-full"><img loading="lazy" decoding="async" width="526" height="790" src="https://ajc33.com/wp-content/uploads/2022/06/haim.jpg" alt="" class="wp-image-531" srcset="https://ajc33.com/wp-content/uploads/2022/06/haim.jpg 526w, https://ajc33.com/wp-content/uploads/2022/06/haim-200x300.jpg 200w" sizes="auto, (max-width: 526px) 100vw, 526px" /></figure>

<p>Toutes nos félicitations au Grand Rabbin de France Haïm Korsia qui s’est vu décerner le Prix de l’Amitié judéo-chrétienne de France 2022 par le comité directeur de l’AJCF. La remise&hellip; <a href="https://ajc33.com/index.php/prix-de-lamitie-judeo-chretienne-de-france-2022/" class="more-link">Lire la suite <span class="screen-reader-text">Prix de l’Amitié judéo-chrétienne de France 2022</span></a></p>

<!-- This site is optimized with the Yoast SEO plugin v26.6 - https://yoast.com/wordpress/plugins/seo/ -->
<title>Prix de l’Amitié judéo-chrétienne de France 2022 - L&#039;amitié Judéo-Chrétienne de Bordeaux</title>
<meta name="robots" content="index, follow, max-snippet:-1, max-image-preview:large, max-video-preview:-1" />
<link rel="canonical" href="https://ajc33.com/index.php/prix-de-lamitie-judeo-chretienne-de-france-2022/" />
<meta property="og:locale" content="fr_FR" />
<meta property="og:type" content="article" />
<meta property="og:title" content="Prix de l’Amitié judéo-chrétienne de France 2022 - L&#039;amitié Judéo-Chrétienne de Bordeaux" />
<meta property="og:description" content="Toutes nos félicitations au Grand Rabbin de France Haïm Korsia qui s’est vu décerner le Prix de l’Amitié judéo-chrétienne de France 2022 par le comité directeur de l’AJCF. La remise&hellip; Lire la suite Prix de l’Amitié judéo-chrétienne de France 2022" />
<meta property="og:url" content="https://ajc33.com/index.php/prix-de-lamitie-judeo-chretienne-de-france-2022/" />
<meta property="og:site_name" content="L&#039;amitié Judéo-Chrétienne de Bordeaux" />
<meta property="article:modified_time" content="2022-06-29T10:07:43+00:00" />
<meta property="og:image" content="https://ajc33.com/wp-content/uploads/2022/06/haim.jpg" />
<meta name="twitter:card" content="summary_large_image" />
<meta name="twitter:label1" content="Durée de lecture estimée" />
	<meta name="twitter:data1" content="1 minute" />
<script type="application/ld+json" class="yoast-schema-graph">{"@context":"https://schema.org","@graph":[{"@type":"WebPage","@id":"https://ajc33.com/index.php/prix-de-lamitie-judeo-chretienne-de-france-2022/","url":"https://ajc33.com/index.php/prix-de-lamitie-judeo-chretienne-de-france-2022/","name":"Prix de l’Amitié judéo-chrétienne de France 2022 - L&#039;amitié Judéo-Chrétienne de Bordeaux","isPartOf":{"@id":"https://ajc33.com/#website"},"primaryImageOfPage":{"@id":"https://ajc33.com/index.php/prix-de-lamitie-judeo-chretienne-de-france-2022/#primaryimage"},"image":{"@id":"https://ajc33.com/index.php/prix-de-lamitie-judeo-chretienne-de-france-2022/#primaryimage"},"thumbnailUrl":"https://ajc33.com/wp-content/uploads/2022/06/haim.jpg","datePublished":"2022-06-27T07:02:45+00:00","dateModified":"2022-06-29T10:07:43+00:00","breadcrumb":{"@id":"https://ajc33.com/index.php/prix-de-lamitie-judeo-chretienne-de-france-2022/#breadcrumb"},"inLanguage":"fr-FR","potentialAction":[{"@type":"ReadAction","target":["https://ajc33.com/index.php/prix-de-lamitie-judeo-chretienne-de-france-2022/"]}]},{"@type":"ImageObject","inLanguage":"fr-FR","@id":"https://ajc33.com/index.php/prix-de-lamitie-judeo-chretienne-de-france-2022/#primaryimage","url":"https://ajc33.com/wp-content/uploads/2022/06/haim.jpg","contentUrl":"https://ajc33.com/wp-content/uploads/2022/06/haim.jpg","width":526,"height":790},{"@type":"BreadcrumbList","@id":"https://ajc33.com/index.php/prix-de-lamitie-judeo-chretienne-de-france-2022/#breadcrumb","itemListElement":[{"@type":"ListItem","position":1,"name":"Home","item":"https://ajc33.com/"},{"@type":"ListItem","position":2,"name":"Prix de l’Amitié judéo-chrétienne de France 2022"}]},{"@type":"WebSite","@id":"https://ajc33.com/#website","url":"https://ajc33.com/","name":"L&#039;amitié Judéo-Chrétienne de Bordeaux","description":"","publisher":{"@id":"https://ajc33.com/#organization"},"potentialAction":[{"@type":"SearchAction","target":{"@type":"EntryPoint","urlTemplate":"https://ajc33.com/?s={search_term_string}"},"query-input":{"@type":"PropertyValueSpecification","valueRequired":true,"valueName":"search_term_string"}}],"inLanguage":"fr-FR"},{"@type":"Organization","@id":"https://ajc33.com/#organization","name":"L&#039;amitié Judéo-Chrétienne de Bordeaux","url":"https://ajc33.com/","logo":{"@type":"ImageObject","inLanguage":"fr-FR","@id":"https://ajc33.com/#/schema/logo/image/","url":"https://ajc33.com/wp-content/uploads/2018/03/cropped-ajc-bod-2.jpg","contentUrl":"https://ajc33.com/wp-content/uploads/2018/03/cropped-ajc-bod-2.jpg","width":200,"height":191,"caption":"L&#039;amitié Judéo-Chrétienne de Bordeaux"},"image":{"@id":"https://ajc33.com/#/schema/logo/image/"}}]}</script>
<!-- / Yoast SEO plugin. -->

Prix de l’Amitié judéo-chrétienne de France 2022 - L&#039;amitié Judéo-Chrétienne de Bordeaux

Toutes nos félicitations au Grand Rabbin de France Haïm Korsia qui s’est vu décerner le Prix de l’Amitié judéo-chrétienne de France 2022 par le comité directeur de l’AJCF. La remise&hellip; Lire la suite Prix de l’Amitié judéo-chrétienne de France 2022

L&#039;amitié Judéo-Chrétienne de Bordeaux
