{"id":500,"date":"2022-01-17T11:38:59","date_gmt":"2022-01-17T10:38:59","guid":{"rendered":"https:\/\/ajc33.com\/?page_id=500"},"modified":"2022-01-17T11:39:00","modified_gmt":"2022-01-17T10:39:00","slug":"formation-antijudaisme-chretien","status":"publish","type":"page","link":"https:\/\/ajc33.com\/index.php\/formation-antijudaisme-chretien\/","title":{"rendered":"Formation antijuda\u00efsme chr\u00e9tien"},"content":{"rendered":"\n<p>Nous vous rappelons notre prochaine rencontre du<strong>\u00a0samedi 5 f\u00e9vrier 2022.<\/strong><\/p>\n\n\n\n<p><strong>Avec Fr\u00e8re Louis-Marie Coudray ( de l&rsquo;abbaye d&rsquo;Abu Gosh-Israel)\u00a0 et Sandrine Caneri\u00a0 ( de l&rsquo;Institut St Serge \u00e0 Paris)En pr\u00e9sence de Mgr JP James<\/strong>\u00a0\u00a0<\/p>\n\n\n\n<p>Cette rencontre sera une formation de la plus grande importance sur l&rsquo;antijuda\u00efsme que nous pouvons encore v\u00e9hiculer par nos paroles de transmission de la foi, par exemple en cat\u00e9ch\u00e8se, en lecture de Bible ou en pr\u00e9dication.\u00a0<\/p>\n\n\n\n<p>\u00a0Regarder bien le d\u00e9pliant d&rsquo;inscription ; remplissez-le, diffusez-le autour de vous, dans vos divers services et mouvements ; affichez l&rsquo;affiche &#8230;et venez tr\u00e8s nombreux&#8230;<\/p>\n\n\n\n<p>La salle est grande et les mesures sanitaires respect\u00e9es<\/p>\n\n\n\n<p>Philippe Leruste et le comit\u00e9 dioc\u00e9sain<\/p>\n\n\n\n<p>PS Il est possible de s&rsquo;inscrire et r\u00e9gler la participation par helloasso en cliquant sur le lien suivant\u00a0\u200c<a rel=\"noreferrer noopener\" target=\"_blank\" href=\"http:\/\/www.helloasso.com\/associations\/association-amitie-judeo-chretienne-d-aquitaine\/evenements\/antijudaisme-chretien-lm-coudray-et-s-caneri\">http:\/\/www.helloasso.com\/associations\/association-amitie-judeo-chretienne-d-aquitaine\/evenements\/antijudaisme-chretien-lm-coudray-et-s-caneri<\/a><\/p>\n\n\n\n<div data-wp-interactive=\"core\/file\" class=\"wp-block-file\"><object data-wp-bind--hidden=\"!state.hasPdfPreview\" hidden class=\"wp-block-file__embed\" data=\"https:\/\/ajc33.com\/wp-content\/uploads\/2022\/01\/Coudray-affiche-5-2-2022-pdf.pdf\" type=\"application\/pdf\" style=\"width:100%;height:600px\" aria-label=\"Contenu embarqu\u00e9 Contenu embarqu\u00e9 Coudray-affiche-5-2-2022-pdf..\"><\/object><a href=\"https:\/\/ajc33.com\/wp-content\/uploads\/2022\/01\/Coudray-affiche-5-2-2022-pdf.pdf\">Coudray-affiche-5-2-2022-pdf<\/a><a href=\"https:\/\/ajc33.com\/wp-content\/uploads\/2022\/01\/Coudray-affiche-5-2-2022-pdf.pdf\" class=\"wp-block-file__button\" download>T\u00e9l\u00e9charger<\/a><\/div>\n","protected":false},"excerpt":{"rendered":"<p>Nous vous rappelons notre prochaine rencontre du\u00a0samedi 5 f\u00e9vrier 2022. Avec Fr\u00e8re Louis-Marie Coudray ( de l&rsquo;abbaye d&rsquo;Abu Gosh-Israel)\u00a0 et Sandrine Caneri\u00a0 ( de l&rsquo;Institut St Serge \u00e0 Paris)En pr\u00e9sence&hellip; <a href=\"https:\/\/ajc33.com\/index.php\/formation-antijudaisme-chretien\/\" class=\"more-link\">Lire la suite <span class=\"screen-reader-text\">Formation antijuda\u00efsme chr\u00e9tien<\/span><\/a><\/p>\n","protected":false},"author":1,"featured_media":0,"parent":0,"menu_order":0,"comment_status":"closed","ping_status":"closed","template":"","meta":{"footnotes":""},"tags":[],"class_list":["post-500","page","type-page","status-publish","hentry","without-featured-image"],"yoast_head":"<!-- This site is optimized with the Yoast SEO plugin v26.6 - https:\/\/yoast.com\/wordpress\/plugins\/seo\/ -->\n<title>Formation antijuda\u00efsme chr\u00e9tien - L&#039;amiti\u00e9 Jud\u00e9o-Chr\u00e9tienne de Bordeaux<\/title>\n<meta name=\"robots\" content=\"index, follow, max-snippet:-1, max-image-preview:large, max-video-preview:-1\" \/>\n<link rel=\"canonical\" href=\"https:\/\/ajc33.com\/index.php\/formation-antijudaisme-chretien\/\" \/>\n<meta property=\"og:locale\" content=\"fr_FR\" \/>\n<meta property=\"og:type\" content=\"article\" \/>\n<meta property=\"og:title\" content=\"Formation antijuda\u00efsme chr\u00e9tien - L&#039;amiti\u00e9 Jud\u00e9o-Chr\u00e9tienne de Bordeaux\" \/>\n<meta property=\"og:description\" content=\"Nous vous rappelons notre prochaine rencontre du\u00a0samedi 5 f\u00e9vrier 2022. Avec Fr\u00e8re Louis-Marie Coudray ( de l&rsquo;abbaye d&rsquo;Abu Gosh-Israel)\u00a0 et Sandrine Caneri\u00a0 ( de l&rsquo;Institut St Serge \u00e0 Paris)En pr\u00e9sence&hellip; Lire la suite Formation antijuda\u00efsme chr\u00e9tien\" \/>\n<meta property=\"og:url\" content=\"https:\/\/ajc33.com\/index.php\/formation-antijudaisme-chretien\/\" \/>\n<meta property=\"og:site_name\" content=\"L&#039;amiti\u00e9 Jud\u00e9o-Chr\u00e9tienne de Bordeaux\" \/>\n<meta property=\"article:modified_time\" content=\"2022-01-17T10:39:00+00:00\" \/>\n<meta name=\"twitter:card\" content=\"summary_large_image\" \/>\n<meta name=\"twitter:label1\" content=\"Dur\u00e9e de lecture estim\u00e9e\" \/>\n\t<meta name=\"twitter:data1\" content=\"1 minute\" \/>\n<script type=\"application\/ld+json\" class=\"yoast-schema-graph\">{\"@context\":\"https:\/\/schema.org\",\"@graph\":[{\"@type\":\"WebPage\",\"@id\":\"https:\/\/ajc33.com\/index.php\/formation-antijudaisme-chretien\/\",\"url\":\"https:\/\/ajc33.com\/index.php\/formation-antijudaisme-chretien\/\",\"name\":\"Formation antijuda\u00efsme chr\u00e9tien - L&#039;amiti\u00e9 Jud\u00e9o-Chr\u00e9tienne de Bordeaux\",\"isPartOf\":{\"@id\":\"https:\/\/ajc33.com\/#website\"},\"datePublished\":\"2022-01-17T10:38:59+00:00\",\"dateModified\":\"2022-01-17T10:39:00+00:00\",\"breadcrumb\":{\"@id\":\"https:\/\/ajc33.com\/index.php\/formation-antijudaisme-chretien\/#breadcrumb\"},\"inLanguage\":\"fr-FR\",\"potentialAction\":[{\"@type\":\"ReadAction\",\"target\":[\"https:\/\/ajc33.com\/index.php\/formation-antijudaisme-chretien\/\"]}]},{\"@type\":\"BreadcrumbList\",\"@id\":\"https:\/\/ajc33.com\/index.php\/formation-antijudaisme-chretien\/#breadcrumb\",\"itemListElement\":[{\"@type\":\"ListItem\",\"position\":1,\"name\":\"Home\",\"item\":\"https:\/\/ajc33.com\/\"},{\"@type\":\"ListItem\",\"position\":2,\"name\":\"Formation antijuda\u00efsme chr\u00e9tien\"}]},{\"@type\":\"WebSite\",\"@id\":\"https:\/\/ajc33.com\/#website\",\"url\":\"https:\/\/ajc33.com\/\",\"name\":\"L&#039;amiti\u00e9 Jud\u00e9o-Chr\u00e9tienne de Bordeaux\",\"description\":\"\",\"publisher\":{\"@id\":\"https:\/\/ajc33.com\/#organization\"},\"potentialAction\":[{\"@type\":\"SearchAction\",\"target\":{\"@type\":\"EntryPoint\",\"urlTemplate\":\"https:\/\/ajc33.com\/?s={search_term_string}\"},\"query-input\":{\"@type\":\"PropertyValueSpecification\",\"valueRequired\":true,\"valueName\":\"search_term_string\"}}],\"inLanguage\":\"fr-FR\"},{\"@type\":\"Organization\",\"@id\":\"https:\/\/ajc33.com\/#organization\",\"name\":\"L&#039;amiti\u00e9 Jud\u00e9o-Chr\u00e9tienne de Bordeaux\",\"url\":\"https:\/\/ajc33.com\/\",\"logo\":{\"@type\":\"ImageObject\",\"inLanguage\":\"fr-FR\",\"@id\":\"https:\/\/ajc33.com\/#\/schema\/logo\/image\/\",\"url\":\"https:\/\/ajc33.com\/wp-content\/uploads\/2018\/03\/cropped-ajc-bod-2.jpg\",\"contentUrl\":\"https:\/\/ajc33.com\/wp-content\/uploads\/2018\/03\/cropped-ajc-bod-2.jpg\",\"width\":200,\"height\":191,\"caption\":\"L&#039;amiti\u00e9 Jud\u00e9o-Chr\u00e9tienne de Bordeaux\"},\"image\":{\"@id\":\"https:\/\/ajc33.com\/#\/schema\/logo\/image\/\"}}]}<\/script>\n<!-- \/ Yoast SEO plugin. -->","yoast_head_json":{"title":"Formation antijuda\u00efsme chr\u00e9tien - L&#039;amiti\u00e9 Jud\u00e9o-Chr\u00e9tienne de Bordeaux","robots":{"index":"index","follow":"follow","max-snippet":"max-snippet:-1","max-image-preview":"max-image-preview:large","max-video-preview":"max-video-preview:-1"},"canonical":"https:\/\/ajc33.com\/index.php\/formation-antijudaisme-chretien\/","og_locale":"fr_FR","og_type":"article","og_title":"Formation antijuda\u00efsme chr\u00e9tien - L&#039;amiti\u00e9 Jud\u00e9o-Chr\u00e9tienne de Bordeaux","og_description":"Nous vous rappelons notre prochaine rencontre du\u00a0samedi 5 f\u00e9vrier 2022. Avec Fr\u00e8re Louis-Marie Coudray ( de l&rsquo;abbaye d&rsquo;Abu Gosh-Israel)\u00a0 et Sandrine Caneri\u00a0 ( de l&rsquo;Institut St Serge \u00e0 Paris)En pr\u00e9sence&hellip; Lire la suite Formation antijuda\u00efsme chr\u00e9tien","og_url":"https:\/\/ajc33.com\/index.php\/formation-antijudaisme-chretien\/","og_site_name":"L&#039;amiti\u00e9 Jud\u00e9o-Chr\u00e9tienne de Bordeaux","article_modified_time":"2022-01-17T10:39:00+00:00","twitter_card":"summary_large_image","twitter_misc":{"Dur\u00e9e de lecture estim\u00e9e":"1 minute"},"schema":{"@context":"https:\/\/schema.org","@graph":[{"@type":"WebPage","@id":"https:\/\/ajc33.com\/index.php\/formation-antijudaisme-chretien\/","url":"https:\/\/ajc33.com\/index.php\/formation-antijudaisme-chretien\/","name":"Formation antijuda\u00efsme chr\u00e9tien - L&#039;amiti\u00e9 Jud\u00e9o-Chr\u00e9tienne de Bordeaux","isPartOf":{"@id":"https:\/\/ajc33.com\/#website"},"datePublished":"2022-01-17T10:38:59+00:00","dateModified":"2022-01-17T10:39:00+00:00","breadcrumb":{"@id":"https:\/\/ajc33.com\/index.php\/formation-antijudaisme-chretien\/#breadcrumb"},"inLanguage":"fr-FR","potentialAction":[{"@type":"ReadAction","target":["https:\/\/ajc33.com\/index.php\/formation-antijudaisme-chretien\/"]}]},{"@type":"BreadcrumbList","@id":"https:\/\/ajc33.com\/index.php\/formation-antijudaisme-chretien\/#breadcrumb","itemListElement":[{"@type":"ListItem","position":1,"name":"Home","item":"https:\/\/ajc33.com\/"},{"@type":"ListItem","position":2,"name":"Formation antijuda\u00efsme chr\u00e9tien"}]},{"@type":"WebSite","@id":"https:\/\/ajc33.com\/#website","url":"https:\/\/ajc33.com\/","name":"L&#039;amiti\u00e9 Jud\u00e9o-Chr\u00e9tienne de Bordeaux","description":"","publisher":{"@id":"https:\/\/ajc33.com\/#organization"},"potentialAction":[{"@type":"SearchAction","target":{"@type":"EntryPoint","urlTemplate":"https:\/\/ajc33.com\/?s={search_term_string}"},"query-input":{"@type":"PropertyValueSpecification","valueRequired":true,"valueName":"search_term_string"}}],"inLanguage":"fr-FR"},{"@type":"Organization","@id":"https:\/\/ajc33.com\/#organization","name":"L&#039;amiti\u00e9 Jud\u00e9o-Chr\u00e9tienne de Bordeaux","url":"https:\/\/ajc33.com\/","logo":{"@type":"ImageObject","inLanguage":"fr-FR","@id":"https:\/\/ajc33.com\/#\/schema\/logo\/image\/","url":"https:\/\/ajc33.com\/wp-content\/uploads\/2018\/03\/cropped-ajc-bod-2.jpg","contentUrl":"https:\/\/ajc33.com\/wp-content\/uploads\/2018\/03\/cropped-ajc-bod-2.jpg","width":200,"height":191,"caption":"L&#039;amiti\u00e9 Jud\u00e9o-Chr\u00e9tienne de Bordeaux"},"image":{"@id":"https:\/\/ajc33.com\/#\/schema\/logo\/image\/"}}]}},"jetpack_sharing_enabled":true,"_links":{"self":[{"href":"https:\/\/ajc33.com\/index.php\/wp-json\/wp\/v2\/pages\/500","targetHints":{"allow":["GET"]}}],"collection":[{"href":"https:\/\/ajc33.com\/index.php\/wp-json\/wp\/v2\/pages"}],"about":[{"href":"https:\/\/ajc33.com\/index.php\/wp-json\/wp\/v2\/types\/page"}],"author":[{"embeddable":true,"href":"https:\/\/ajc33.com\/index.php\/wp-json\/wp\/v2\/users\/1"}],"replies":[{"embeddable":true,"href":"https:\/\/ajc33.com\/index.php\/wp-json\/wp\/v2\/comments?post=500"}],"version-history":[{"count":1,"href":"https:\/\/ajc33.com\/index.php\/wp-json\/wp\/v2\/pages\/500\/revisions"}],"predecessor-version":[{"id":503,"href":"https:\/\/ajc33.com\/index.php\/wp-json\/wp\/v2\/pages\/500\/revisions\/503"}],"wp:attachment":[{"href":"https:\/\/ajc33.com\/index.php\/wp-json\/wp\/v2\/media?parent=500"}],"wp:term":[{"taxonomy":"post_tag","embeddable":true,"href":"https:\/\/ajc33.com\/index.php\/wp-json\/wp\/v2\/tags?post=500"}],"curies":[{"name":"wp","href":"https:\/\/api.w.org\/{rel}","templated":true}]}}

Formation antijudaïsme chrétien

<p>Nous vous rappelons notre prochaine rencontre du<strong> samedi 5 février 2022.</strong></p>



<p><strong>Avec Frère Louis-Marie Coudray ( de l&rsquo;abbaye d&rsquo;Abu Gosh-Israel)  et Sandrine Caneri  ( de l&rsquo;Institut St Serge à Paris)En présence de Mgr JP James</strong>  </p>



<p>Cette rencontre sera une formation de la plus grande importance sur l&rsquo;antijudaïsme que nous pouvons encore véhiculer par nos paroles de transmission de la foi, par exemple en catéchèse, en lecture de Bible ou en prédication. </p>



<p> Regarder bien le dépliant d&rsquo;inscription ; remplissez-le, diffusez-le autour de vous, dans vos divers services et mouvements ; affichez l&rsquo;affiche &#8230;et venez très nombreux&#8230;</p>



<p>La salle est grande et les mesures sanitaires respectées</p>



<p>Philippe Leruste et le comité diocésain</p>



<p>PS Il est possible de s&rsquo;inscrire et régler la participation par helloasso en cliquant sur le lien suivant ‌<a rel="noreferrer noopener" target="_blank" href="http://www.helloasso.com/associations/association-amitie-judeo-chretienne-d-aquitaine/evenements/antijudaisme-chretien-lm-coudray-et-s-caneri">http://www.helloasso.com/associations/association-amitie-judeo-chretienne-d-aquitaine/evenements/antijudaisme-chretien-lm-coudray-et-s-caneri</a></p>



<div data-wp-interactive="core/file" class="wp-block-file"><object data-wp-bind--hidden="!state.hasPdfPreview" hidden class="wp-block-file__embed" data="https://ajc33.com/wp-content/uploads/2022/01/Coudray-affiche-5-2-2022-pdf.pdf" type="application/pdf" style="width:100%;height:600px" aria-label="Contenu embarqué Contenu embarqué Coudray-affiche-5-2-2022-pdf.."></object><a href="https://ajc33.com/wp-content/uploads/2022/01/Coudray-affiche-5-2-2022-pdf.pdf">Coudray-affiche-5-2-2022-pdf</a><a href="https://ajc33.com/wp-content/uploads/2022/01/Coudray-affiche-5-2-2022-pdf.pdf" class="wp-block-file__button" download>Télécharger</a></div>

<p>Nous vous rappelons notre prochaine rencontre du samedi 5 février 2022. Avec Frère Louis-Marie Coudray ( de l&rsquo;abbaye d&rsquo;Abu Gosh-Israel)  et Sandrine Caneri  ( de l&rsquo;Institut St Serge à Paris)En présence&hellip; <a href="https://ajc33.com/index.php/formation-antijudaisme-chretien/" class="more-link">Lire la suite <span class="screen-reader-text">Formation antijudaïsme chrétien</span></a></p>

<!-- This site is optimized with the Yoast SEO plugin v26.6 - https://yoast.com/wordpress/plugins/seo/ -->
<title>Formation antijudaïsme chrétien - L&#039;amitié Judéo-Chrétienne de Bordeaux</title>
<meta name="robots" content="index, follow, max-snippet:-1, max-image-preview:large, max-video-preview:-1" />
<link rel="canonical" href="https://ajc33.com/index.php/formation-antijudaisme-chretien/" />
<meta property="og:locale" content="fr_FR" />
<meta property="og:type" content="article" />
<meta property="og:title" content="Formation antijudaïsme chrétien - L&#039;amitié Judéo-Chrétienne de Bordeaux" />
<meta property="og:description" content="Nous vous rappelons notre prochaine rencontre du samedi 5 février 2022. Avec Frère Louis-Marie Coudray ( de l&rsquo;abbaye d&rsquo;Abu Gosh-Israel)  et Sandrine Caneri  ( de l&rsquo;Institut St Serge à Paris)En présence&hellip; Lire la suite Formation antijudaïsme chrétien" />
<meta property="og:url" content="https://ajc33.com/index.php/formation-antijudaisme-chretien/" />
<meta property="og:site_name" content="L&#039;amitié Judéo-Chrétienne de Bordeaux" />
<meta property="article:modified_time" content="2022-01-17T10:39:00+00:00" />
<meta name="twitter:card" content="summary_large_image" />
<meta name="twitter:label1" content="Durée de lecture estimée" />
	<meta name="twitter:data1" content="1 minute" />
<script type="application/ld+json" class="yoast-schema-graph">{"@context":"https://schema.org","@graph":[{"@type":"WebPage","@id":"https://ajc33.com/index.php/formation-antijudaisme-chretien/","url":"https://ajc33.com/index.php/formation-antijudaisme-chretien/","name":"Formation antijudaïsme chrétien - L&#039;amitié Judéo-Chrétienne de Bordeaux","isPartOf":{"@id":"https://ajc33.com/#website"},"datePublished":"2022-01-17T10:38:59+00:00","dateModified":"2022-01-17T10:39:00+00:00","breadcrumb":{"@id":"https://ajc33.com/index.php/formation-antijudaisme-chretien/#breadcrumb"},"inLanguage":"fr-FR","potentialAction":[{"@type":"ReadAction","target":["https://ajc33.com/index.php/formation-antijudaisme-chretien/"]}]},{"@type":"BreadcrumbList","@id":"https://ajc33.com/index.php/formation-antijudaisme-chretien/#breadcrumb","itemListElement":[{"@type":"ListItem","position":1,"name":"Home","item":"https://ajc33.com/"},{"@type":"ListItem","position":2,"name":"Formation antijudaïsme chrétien"}]},{"@type":"WebSite","@id":"https://ajc33.com/#website","url":"https://ajc33.com/","name":"L&#039;amitié Judéo-Chrétienne de Bordeaux","description":"","publisher":{"@id":"https://ajc33.com/#organization"},"potentialAction":[{"@type":"SearchAction","target":{"@type":"EntryPoint","urlTemplate":"https://ajc33.com/?s={search_term_string}"},"query-input":{"@type":"PropertyValueSpecification","valueRequired":true,"valueName":"search_term_string"}}],"inLanguage":"fr-FR"},{"@type":"Organization","@id":"https://ajc33.com/#organization","name":"L&#039;amitié Judéo-Chrétienne de Bordeaux","url":"https://ajc33.com/","logo":{"@type":"ImageObject","inLanguage":"fr-FR","@id":"https://ajc33.com/#/schema/logo/image/","url":"https://ajc33.com/wp-content/uploads/2018/03/cropped-ajc-bod-2.jpg","contentUrl":"https://ajc33.com/wp-content/uploads/2018/03/cropped-ajc-bod-2.jpg","width":200,"height":191,"caption":"L&#039;amitié Judéo-Chrétienne de Bordeaux"},"image":{"@id":"https://ajc33.com/#/schema/logo/image/"}}]}</script>
<!-- / Yoast SEO plugin. -->

Formation antijudaïsme chrétien - L&#039;amitié Judéo-Chrétienne de Bordeaux

Nous vous rappelons notre prochaine rencontre du samedi 5 février 2022. Avec Frère Louis-Marie Coudray ( de l&rsquo;abbaye d&rsquo;Abu Gosh-Israel)  et Sandrine Caneri  ( de l&rsquo;Institut St Serge à Paris)En présence&hellip; Lire la suite Formation antijudaïsme chrétien

L&#039;amitié Judéo-Chrétienne de Bordeaux
