{"id":414,"date":"2020-09-17T11:42:53","date_gmt":"2020-09-17T09:42:53","guid":{"rendered":"https:\/\/ajc33.com\/?page_id=414"},"modified":"2020-09-17T11:42:54","modified_gmt":"2020-09-17T09:42:54","slug":"programme-2020-2021","status":"publish","type":"page","link":"https:\/\/ajc33.com\/index.php\/programme-2020-2021\/","title":{"rendered":"Programme 2020-2021"},"content":{"rendered":"\n<p>Depuis maintenant d\u2019assez nombreuses ann\u00e9es, et de mani\u00e8re de plus en plus appuy\u00e9e, l\u2019Eglise, au plus haut niveau, demande aux \ufb01d\u00e8les une lecture rapproch\u00e9e et travaill\u00e9e du Premier Testament et du Nouveau Testament. Dans cette d\u00e9marche, elle demande d\u2019accueillir les apports des ex\u00e9g\u00e8ses juives du Premier Testament. R\u00e9cemment encore, le Pape Fran\u00e7ois a demand\u00e9 aux communaut\u00e9s catholiques de pouvoir b\u00e9n\u00e9\ufb01cier des immenses richesses de la Tradition juive. Pour nous Chr\u00e9tiens, cette d\u00e9marche est une condition du dialogue entre Juifs et Chr\u00e9tiens et la possibilit\u00e9 d\u2019un approfondissement de notre foi. Mais, pour les communaut\u00e9s juives aussi, un tel rapprochement montre que l\u2019Eglise reconna\u00eet le \u00ab lien intrins\u00e8que \u00bb, comme le disait le Pape Jean-Paul II, qui existe entre la foi chr\u00e9tienne et le Juda\u00efsme. En ce sens, \u00e0 l\u2019occasion de la c\u00e9l\u00e9bration du cinquantenaire de Nostra Aetate, le 23 novembre 2015, le Grand Rabbin de France Ha\u00efm Korsia a remis au Cardinal Vingt Trois une d\u00e9claration, sign\u00e9e par des Rabbins de plusieurs courants du Juda\u00efsme, pour le jubil\u00e9 de fraternit\u00e9 entre Juifs et Chr\u00e9tiens, ouvrant des perspectives de travail , de r\u00e9\ufb02exion \u00e9thique et biblique pour les cinquante prochaines ann\u00e9es. (vous pouvez regarder cette manifestation, sur le site internet des Bernardins notamment, ou sur le site de l\u2019AJCF) . Cette d\u00e9claration a \u00e9t\u00e9 suivie par d\u2019autres au niveau national comme international.<\/p>\n\n\n\n<p>La proposition de lecture biblique que nous vous faisons s\u2019inscrit dans cette d\u00e9marche. Au cours d\u2019une premi\u00e8re rencontre, les participants liront ensemble un texte choisi dans la Torah, le groupe ayant un animateur chr\u00e9tien, et la lecture se faisant sans apport de l\u2019ex\u00e9g\u00e8se juive. Une seconde rencontre sera consacr\u00e9e \u00e0 une intervention d&rsquo;un membre de la communaut\u00e9 juive, qui donnera son interpr\u00e9tation du texte, avec le recours \u00e0 la tradition juive. Un partage permettra de rapprocher des \u00e9l\u00e9ments d&rsquo;interpr\u00e9tation d\u00e9gag\u00e9s lors de la premi\u00e8re rencontre. C\u2019est le&nbsp; Rabbin de Bordeaux, ou son repr\u00e9sentant, qui nous facilitera l\u2019acc\u00e8s aux ex\u00e9g\u00e8ses juives. Au cours d\u2019une troisi\u00e8me rencontre, les participants liront ensemble, avec le m\u00eame animateur qu&rsquo;\u00e0 la premi\u00e8re rencontre, un texte choisi du Nouveau Testament qui peut \u00eatre rapproch\u00e9 du texte choisi de la Torah.<\/p>\n\n\n\n<p>Il y aura trois cycles trimestriels et un cycle sp\u00e9ci\ufb01que. <strong>Voici les dates pour l\u2019ann\u00e9e 2020-2021 :<\/strong><\/p>\n\n\n\n<p>Premier cycle : Mardis 10 novembre 2020; 24 novembre; <strong><u>1 d\u00e9cembre.<\/u><\/strong><\/p>\n\n\n\n<p>Deuxi\u00e8me cycle : 5 janv 2021; 19 janv; 26 janv.<\/p>\n\n\n\n<p>Troisi\u00e8me cycle : Mardi 23 fev 2021 ; 9 mars ; 16 mars.<\/p>\n\n\n\n<p>Quatri\u00e8me cycle : 4 Mai 2021 ; 18 mai ; 1 juin<\/p>\n\n\n\n<p>L\u2019un de ces cycles sera une intervention sur les vertus travers\u00e9es par les Ecritures.<\/p>\n\n\n\n<p>Les rencontres ont lieu de 20h \u00e0 22h, \u00e0 la Maison de l\u2019Autre au Bouscat 19 rue Formig\u00e9 (derri\u00e8re l\u2019\u00e9glise)- <strong>Sur inscription<\/strong>&#8211; Dans une grande salle pour respecter les normes sanitaires en vigueur ( masque obligatoire, gel hydroalcoolique, distanciation, a\u00e9ration et d\u00e9sinfection) . Bien s\u00fbr, tout cela variera en fonction de l\u2019\u00e9volution de la situation sanitaire et du nombre d\u2019inscrits (qui permet de pr\u00e9parer la salle en cons\u00e9quence). En cas de crise, ce sera par zoom. Nous vous esp\u00e9rons nombreux.<\/p>\n\n\n\n<p>Philippe Leruste, D\u00e9l\u00e9gu\u00e9 \u00e9piscopal pour les relations avec le Juda\u00efsme.<\/p>\n\n\n\n<p><strong>Pri\u00e8re de s\u2019inscrire aupr\u00e8s de Catherine Leruste : <\/strong><a href=\"mailto:cph.leruste@hotmail.fr\"><strong>cph.leruste@hotmail.fr<\/strong><\/a><strong><\/strong><\/p>\n","protected":false},"excerpt":{"rendered":"<p>Depuis maintenant d\u2019assez nombreuses ann\u00e9es, et de mani\u00e8re de plus en plus appuy\u00e9e, l\u2019Eglise, au plus haut niveau, demande aux \ufb01d\u00e8les une lecture rapproch\u00e9e et travaill\u00e9e du Premier Testament et&hellip; <a href=\"https:\/\/ajc33.com\/index.php\/programme-2020-2021\/\" class=\"more-link\">Lire la suite <span class=\"screen-reader-text\">Programme 2020-2021<\/span><\/a><\/p>\n","protected":false},"author":1,"featured_media":0,"parent":0,"menu_order":0,"comment_status":"closed","ping_status":"closed","template":"","meta":{"footnotes":""},"tags":[],"class_list":["post-414","page","type-page","status-publish","hentry","without-featured-image"],"yoast_head":"<!-- This site is optimized with the Yoast SEO plugin v26.6 - https:\/\/yoast.com\/wordpress\/plugins\/seo\/ -->\n<title>Programme 2020-2021 - L&#039;amiti\u00e9 Jud\u00e9o-Chr\u00e9tienne de Bordeaux<\/title>\n<meta name=\"robots\" content=\"index, follow, max-snippet:-1, max-image-preview:large, max-video-preview:-1\" \/>\n<link rel=\"canonical\" href=\"https:\/\/ajc33.com\/index.php\/programme-2020-2021\/\" \/>\n<meta property=\"og:locale\" content=\"fr_FR\" \/>\n<meta property=\"og:type\" content=\"article\" \/>\n<meta property=\"og:title\" content=\"Programme 2020-2021 - L&#039;amiti\u00e9 Jud\u00e9o-Chr\u00e9tienne de Bordeaux\" \/>\n<meta property=\"og:description\" content=\"Depuis maintenant d\u2019assez nombreuses ann\u00e9es, et de mani\u00e8re de plus en plus appuy\u00e9e, l\u2019Eglise, au plus haut niveau, demande aux \ufb01d\u00e8les une lecture rapproch\u00e9e et travaill\u00e9e du Premier Testament et&hellip; Lire la suite Programme 2020-2021\" \/>\n<meta property=\"og:url\" content=\"https:\/\/ajc33.com\/index.php\/programme-2020-2021\/\" \/>\n<meta property=\"og:site_name\" content=\"L&#039;amiti\u00e9 Jud\u00e9o-Chr\u00e9tienne de Bordeaux\" \/>\n<meta property=\"article:modified_time\" content=\"2020-09-17T09:42:54+00:00\" \/>\n<meta name=\"twitter:card\" content=\"summary_large_image\" \/>\n<meta name=\"twitter:label1\" content=\"Dur\u00e9e de lecture estim\u00e9e\" \/>\n\t<meta name=\"twitter:data1\" content=\"3 minutes\" \/>\n<script type=\"application\/ld+json\" class=\"yoast-schema-graph\">{\"@context\":\"https:\/\/schema.org\",\"@graph\":[{\"@type\":\"WebPage\",\"@id\":\"https:\/\/ajc33.com\/index.php\/programme-2020-2021\/\",\"url\":\"https:\/\/ajc33.com\/index.php\/programme-2020-2021\/\",\"name\":\"Programme 2020-2021 - L&#039;amiti\u00e9 Jud\u00e9o-Chr\u00e9tienne de Bordeaux\",\"isPartOf\":{\"@id\":\"https:\/\/ajc33.com\/#website\"},\"datePublished\":\"2020-09-17T09:42:53+00:00\",\"dateModified\":\"2020-09-17T09:42:54+00:00\",\"breadcrumb\":{\"@id\":\"https:\/\/ajc33.com\/index.php\/programme-2020-2021\/#breadcrumb\"},\"inLanguage\":\"fr-FR\",\"potentialAction\":[{\"@type\":\"ReadAction\",\"target\":[\"https:\/\/ajc33.com\/index.php\/programme-2020-2021\/\"]}]},{\"@type\":\"BreadcrumbList\",\"@id\":\"https:\/\/ajc33.com\/index.php\/programme-2020-2021\/#breadcrumb\",\"itemListElement\":[{\"@type\":\"ListItem\",\"position\":1,\"name\":\"Home\",\"item\":\"https:\/\/ajc33.com\/\"},{\"@type\":\"ListItem\",\"position\":2,\"name\":\"Programme 2020-2021\"}]},{\"@type\":\"WebSite\",\"@id\":\"https:\/\/ajc33.com\/#website\",\"url\":\"https:\/\/ajc33.com\/\",\"name\":\"L&#039;amiti\u00e9 Jud\u00e9o-Chr\u00e9tienne de Bordeaux\",\"description\":\"\",\"publisher\":{\"@id\":\"https:\/\/ajc33.com\/#organization\"},\"potentialAction\":[{\"@type\":\"SearchAction\",\"target\":{\"@type\":\"EntryPoint\",\"urlTemplate\":\"https:\/\/ajc33.com\/?s={search_term_string}\"},\"query-input\":{\"@type\":\"PropertyValueSpecification\",\"valueRequired\":true,\"valueName\":\"search_term_string\"}}],\"inLanguage\":\"fr-FR\"},{\"@type\":\"Organization\",\"@id\":\"https:\/\/ajc33.com\/#organization\",\"name\":\"L&#039;amiti\u00e9 Jud\u00e9o-Chr\u00e9tienne de Bordeaux\",\"url\":\"https:\/\/ajc33.com\/\",\"logo\":{\"@type\":\"ImageObject\",\"inLanguage\":\"fr-FR\",\"@id\":\"https:\/\/ajc33.com\/#\/schema\/logo\/image\/\",\"url\":\"https:\/\/ajc33.com\/wp-content\/uploads\/2018\/03\/cropped-ajc-bod-2.jpg\",\"contentUrl\":\"https:\/\/ajc33.com\/wp-content\/uploads\/2018\/03\/cropped-ajc-bod-2.jpg\",\"width\":200,\"height\":191,\"caption\":\"L&#039;amiti\u00e9 Jud\u00e9o-Chr\u00e9tienne de Bordeaux\"},\"image\":{\"@id\":\"https:\/\/ajc33.com\/#\/schema\/logo\/image\/\"}}]}<\/script>\n<!-- \/ Yoast SEO plugin. -->","yoast_head_json":{"title":"Programme 2020-2021 - L&#039;amiti\u00e9 Jud\u00e9o-Chr\u00e9tienne de Bordeaux","robots":{"index":"index","follow":"follow","max-snippet":"max-snippet:-1","max-image-preview":"max-image-preview:large","max-video-preview":"max-video-preview:-1"},"canonical":"https:\/\/ajc33.com\/index.php\/programme-2020-2021\/","og_locale":"fr_FR","og_type":"article","og_title":"Programme 2020-2021 - L&#039;amiti\u00e9 Jud\u00e9o-Chr\u00e9tienne de Bordeaux","og_description":"Depuis maintenant d\u2019assez nombreuses ann\u00e9es, et de mani\u00e8re de plus en plus appuy\u00e9e, l\u2019Eglise, au plus haut niveau, demande aux \ufb01d\u00e8les une lecture rapproch\u00e9e et travaill\u00e9e du Premier Testament et&hellip; Lire la suite Programme 2020-2021","og_url":"https:\/\/ajc33.com\/index.php\/programme-2020-2021\/","og_site_name":"L&#039;amiti\u00e9 Jud\u00e9o-Chr\u00e9tienne de Bordeaux","article_modified_time":"2020-09-17T09:42:54+00:00","twitter_card":"summary_large_image","twitter_misc":{"Dur\u00e9e de lecture estim\u00e9e":"3 minutes"},"schema":{"@context":"https:\/\/schema.org","@graph":[{"@type":"WebPage","@id":"https:\/\/ajc33.com\/index.php\/programme-2020-2021\/","url":"https:\/\/ajc33.com\/index.php\/programme-2020-2021\/","name":"Programme 2020-2021 - L&#039;amiti\u00e9 Jud\u00e9o-Chr\u00e9tienne de Bordeaux","isPartOf":{"@id":"https:\/\/ajc33.com\/#website"},"datePublished":"2020-09-17T09:42:53+00:00","dateModified":"2020-09-17T09:42:54+00:00","breadcrumb":{"@id":"https:\/\/ajc33.com\/index.php\/programme-2020-2021\/#breadcrumb"},"inLanguage":"fr-FR","potentialAction":[{"@type":"ReadAction","target":["https:\/\/ajc33.com\/index.php\/programme-2020-2021\/"]}]},{"@type":"BreadcrumbList","@id":"https:\/\/ajc33.com\/index.php\/programme-2020-2021\/#breadcrumb","itemListElement":[{"@type":"ListItem","position":1,"name":"Home","item":"https:\/\/ajc33.com\/"},{"@type":"ListItem","position":2,"name":"Programme 2020-2021"}]},{"@type":"WebSite","@id":"https:\/\/ajc33.com\/#website","url":"https:\/\/ajc33.com\/","name":"L&#039;amiti\u00e9 Jud\u00e9o-Chr\u00e9tienne de Bordeaux","description":"","publisher":{"@id":"https:\/\/ajc33.com\/#organization"},"potentialAction":[{"@type":"SearchAction","target":{"@type":"EntryPoint","urlTemplate":"https:\/\/ajc33.com\/?s={search_term_string}"},"query-input":{"@type":"PropertyValueSpecification","valueRequired":true,"valueName":"search_term_string"}}],"inLanguage":"fr-FR"},{"@type":"Organization","@id":"https:\/\/ajc33.com\/#organization","name":"L&#039;amiti\u00e9 Jud\u00e9o-Chr\u00e9tienne de Bordeaux","url":"https:\/\/ajc33.com\/","logo":{"@type":"ImageObject","inLanguage":"fr-FR","@id":"https:\/\/ajc33.com\/#\/schema\/logo\/image\/","url":"https:\/\/ajc33.com\/wp-content\/uploads\/2018\/03\/cropped-ajc-bod-2.jpg","contentUrl":"https:\/\/ajc33.com\/wp-content\/uploads\/2018\/03\/cropped-ajc-bod-2.jpg","width":200,"height":191,"caption":"L&#039;amiti\u00e9 Jud\u00e9o-Chr\u00e9tienne de Bordeaux"},"image":{"@id":"https:\/\/ajc33.com\/#\/schema\/logo\/image\/"}}]}},"jetpack_sharing_enabled":true,"_links":{"self":[{"href":"https:\/\/ajc33.com\/index.php\/wp-json\/wp\/v2\/pages\/414","targetHints":{"allow":["GET"]}}],"collection":[{"href":"https:\/\/ajc33.com\/index.php\/wp-json\/wp\/v2\/pages"}],"about":[{"href":"https:\/\/ajc33.com\/index.php\/wp-json\/wp\/v2\/types\/page"}],"author":[{"embeddable":true,"href":"https:\/\/ajc33.com\/index.php\/wp-json\/wp\/v2\/users\/1"}],"replies":[{"embeddable":true,"href":"https:\/\/ajc33.com\/index.php\/wp-json\/wp\/v2\/comments?post=414"}],"version-history":[{"count":1,"href":"https:\/\/ajc33.com\/index.php\/wp-json\/wp\/v2\/pages\/414\/revisions"}],"predecessor-version":[{"id":416,"href":"https:\/\/ajc33.com\/index.php\/wp-json\/wp\/v2\/pages\/414\/revisions\/416"}],"wp:attachment":[{"href":"https:\/\/ajc33.com\/index.php\/wp-json\/wp\/v2\/media?parent=414"}],"wp:term":[{"taxonomy":"post_tag","embeddable":true,"href":"https:\/\/ajc33.com\/index.php\/wp-json\/wp\/v2\/tags?post=414"}],"curies":[{"name":"wp","href":"https:\/\/api.w.org\/{rel}","templated":true}]}}