{"id":359,"date":"2020-01-06T13:36:00","date_gmt":"2020-01-06T12:36:00","guid":{"rendered":"https:\/\/ajc33.com\/?page_id=359"},"modified":"2020-01-06T13:39:23","modified_gmt":"2020-01-06T12:39:23","slug":"ajc-voeux","status":"publish","type":"page","link":"https:\/\/ajc33.com\/index.php\/ajc-voeux\/","title":{"rendered":"AJC V\u0153ux 2019-2020"},"content":{"rendered":"\n<figure class=\"wp-block-image size-large\"><img loading=\"lazy\" decoding=\"async\" width=\"697\" height=\"1024\" src=\"https:\/\/ajc33.com\/wp-content\/uploads\/2020\/01\/Caravaggio_-_Adorazione_dei_pastori-1-697x1024.jpg\" alt=\"\" class=\"wp-image-364\" srcset=\"https:\/\/ajc33.com\/wp-content\/uploads\/2020\/01\/Caravaggio_-_Adorazione_dei_pastori-1-697x1024.jpg 697w, https:\/\/ajc33.com\/wp-content\/uploads\/2020\/01\/Caravaggio_-_Adorazione_dei_pastori-1-204x300.jpg 204w, https:\/\/ajc33.com\/wp-content\/uploads\/2020\/01\/Caravaggio_-_Adorazione_dei_pastori-1-768x1129.jpg 768w, https:\/\/ajc33.com\/wp-content\/uploads\/2020\/01\/Caravaggio_-_Adorazione_dei_pastori-1.jpg 851w\" sizes=\"auto, (max-width: 697px) 100vw, 697px\" \/><figcaption>Caravaggio &#8211; Adorazione dei pastori<\/figcaption><\/figure>\n\n\n\n<p>Eh oui, le Caravage a su le peindre Eh oui , nous sommes en l&rsquo;an de gr\u00e2ce 2020 et dans le temps de No\u00ebl\u00a0 qui se d\u00e9ploie\u00a0 comme pour nous apprendre encore \u00e0 compter autrement , \u00e0 souhaiter des voeux autrement, \u00e0 d\u00e9sirer respirer , souffler, rencontrer l&rsquo;autre autrement;\u00a0 ce temps  de naissance qui nous ouvre \u00e0 la vie, qui nous fait na\u00eetre \u00e0 la Vie , \u00e0 l&rsquo;Amour, \u00e0 la Parole; ce temps de suivre l&rsquo;\u00e9toile qui nous d\u00e9range de nos recherches, ou de nos simples p\u00e2tures , \u00e9toile qui nous attire, qui nous \u00e9claire, ou illumine, qui nous d\u00e9route  &#8230; <br> Que J\u00e9sus,\u00a0 \u00ab\u00a0le Prince de la Paix\u00a0\u00bb\u00a0 ,soit la lumi\u00e8re\u00a0de nos vies , de nos rencontres , de notre travail , de nos oeuvres. <br> Bon chemin \u00e0 vous <br><br> Catherine et Philippe Leruste<\/p>\n","protected":false},"excerpt":{"rendered":"<p>Eh oui, le Caravage a su le peindre Eh oui , nous sommes en l&rsquo;an de gr\u00e2ce 2020 et dans le temps de No\u00ebl\u00a0 qui se d\u00e9ploie\u00a0 comme pour nous&hellip; <a href=\"https:\/\/ajc33.com\/index.php\/ajc-voeux\/\" class=\"more-link\">Lire la suite <span class=\"screen-reader-text\">AJC V\u0153ux 2019-2020<\/span><\/a><\/p>\n","protected":false},"author":1,"featured_media":0,"parent":0,"menu_order":0,"comment_status":"closed","ping_status":"closed","template":"","meta":{"footnotes":""},"tags":[],"class_list":["post-359","page","type-page","status-publish","hentry","without-featured-image"],"yoast_head":"<!-- This site is optimized with the Yoast SEO plugin v26.6 - https:\/\/yoast.com\/wordpress\/plugins\/seo\/ -->\n<title>AJC V\u0153ux 2019-2020 - L&#039;amiti\u00e9 Jud\u00e9o-Chr\u00e9tienne de Bordeaux<\/title>\n<meta name=\"robots\" content=\"index, follow, max-snippet:-1, max-image-preview:large, max-video-preview:-1\" \/>\n<link rel=\"canonical\" href=\"https:\/\/ajc33.com\/index.php\/ajc-voeux\/\" \/>\n<meta property=\"og:locale\" content=\"fr_FR\" \/>\n<meta property=\"og:type\" content=\"article\" \/>\n<meta property=\"og:title\" content=\"AJC V\u0153ux 2019-2020 - L&#039;amiti\u00e9 Jud\u00e9o-Chr\u00e9tienne de Bordeaux\" \/>\n<meta property=\"og:description\" content=\"Eh oui, le Caravage a su le peindre Eh oui , nous sommes en l&rsquo;an de gr\u00e2ce 2020 et dans le temps de No\u00ebl\u00a0 qui se d\u00e9ploie\u00a0 comme pour nous&hellip; Lire la suite AJC V\u0153ux 2019-2020\" \/>\n<meta property=\"og:url\" content=\"https:\/\/ajc33.com\/index.php\/ajc-voeux\/\" \/>\n<meta property=\"og:site_name\" content=\"L&#039;amiti\u00e9 Jud\u00e9o-Chr\u00e9tienne de Bordeaux\" \/>\n<meta property=\"article:modified_time\" content=\"2020-01-06T12:39:23+00:00\" \/>\n<meta property=\"og:image\" content=\"https:\/\/ajc33.com\/wp-content\/uploads\/2020\/01\/Caravaggio_-_Adorazione_dei_pastori-1-697x1024.jpg\" \/>\n<meta name=\"twitter:card\" content=\"summary_large_image\" \/>\n<meta name=\"twitter:label1\" content=\"Dur\u00e9e de lecture estim\u00e9e\" \/>\n\t<meta name=\"twitter:data1\" content=\"1 minute\" \/>\n<script type=\"application\/ld+json\" class=\"yoast-schema-graph\">{\"@context\":\"https:\/\/schema.org\",\"@graph\":[{\"@type\":\"WebPage\",\"@id\":\"https:\/\/ajc33.com\/index.php\/ajc-voeux\/\",\"url\":\"https:\/\/ajc33.com\/index.php\/ajc-voeux\/\",\"name\":\"AJC V\u0153ux 2019-2020 - L&#039;amiti\u00e9 Jud\u00e9o-Chr\u00e9tienne de Bordeaux\",\"isPartOf\":{\"@id\":\"https:\/\/ajc33.com\/#website\"},\"primaryImageOfPage\":{\"@id\":\"https:\/\/ajc33.com\/index.php\/ajc-voeux\/#primaryimage\"},\"image\":{\"@id\":\"https:\/\/ajc33.com\/index.php\/ajc-voeux\/#primaryimage\"},\"thumbnailUrl\":\"https:\/\/ajc33.com\/wp-content\/uploads\/2020\/01\/Caravaggio_-_Adorazione_dei_pastori-1-697x1024.jpg\",\"datePublished\":\"2020-01-06T12:36:00+00:00\",\"dateModified\":\"2020-01-06T12:39:23+00:00\",\"breadcrumb\":{\"@id\":\"https:\/\/ajc33.com\/index.php\/ajc-voeux\/#breadcrumb\"},\"inLanguage\":\"fr-FR\",\"potentialAction\":[{\"@type\":\"ReadAction\",\"target\":[\"https:\/\/ajc33.com\/index.php\/ajc-voeux\/\"]}]},{\"@type\":\"ImageObject\",\"inLanguage\":\"fr-FR\",\"@id\":\"https:\/\/ajc33.com\/index.php\/ajc-voeux\/#primaryimage\",\"url\":\"https:\/\/ajc33.com\/wp-content\/uploads\/2020\/01\/Caravaggio_-_Adorazione_dei_pastori-1.jpg\",\"contentUrl\":\"https:\/\/ajc33.com\/wp-content\/uploads\/2020\/01\/Caravaggio_-_Adorazione_dei_pastori-1.jpg\",\"width\":851,\"height\":1251},{\"@type\":\"BreadcrumbList\",\"@id\":\"https:\/\/ajc33.com\/index.php\/ajc-voeux\/#breadcrumb\",\"itemListElement\":[{\"@type\":\"ListItem\",\"position\":1,\"name\":\"Home\",\"item\":\"https:\/\/ajc33.com\/\"},{\"@type\":\"ListItem\",\"position\":2,\"name\":\"AJC V\u0153ux 2019-2020\"}]},{\"@type\":\"WebSite\",\"@id\":\"https:\/\/ajc33.com\/#website\",\"url\":\"https:\/\/ajc33.com\/\",\"name\":\"L&#039;amiti\u00e9 Jud\u00e9o-Chr\u00e9tienne de Bordeaux\",\"description\":\"\",\"publisher\":{\"@id\":\"https:\/\/ajc33.com\/#organization\"},\"potentialAction\":[{\"@type\":\"SearchAction\",\"target\":{\"@type\":\"EntryPoint\",\"urlTemplate\":\"https:\/\/ajc33.com\/?s={search_term_string}\"},\"query-input\":{\"@type\":\"PropertyValueSpecification\",\"valueRequired\":true,\"valueName\":\"search_term_string\"}}],\"inLanguage\":\"fr-FR\"},{\"@type\":\"Organization\",\"@id\":\"https:\/\/ajc33.com\/#organization\",\"name\":\"L&#039;amiti\u00e9 Jud\u00e9o-Chr\u00e9tienne de Bordeaux\",\"url\":\"https:\/\/ajc33.com\/\",\"logo\":{\"@type\":\"ImageObject\",\"inLanguage\":\"fr-FR\",\"@id\":\"https:\/\/ajc33.com\/#\/schema\/logo\/image\/\",\"url\":\"https:\/\/ajc33.com\/wp-content\/uploads\/2018\/03\/cropped-ajc-bod-2.jpg\",\"contentUrl\":\"https:\/\/ajc33.com\/wp-content\/uploads\/2018\/03\/cropped-ajc-bod-2.jpg\",\"width\":200,\"height\":191,\"caption\":\"L&#039;amiti\u00e9 Jud\u00e9o-Chr\u00e9tienne de Bordeaux\"},\"image\":{\"@id\":\"https:\/\/ajc33.com\/#\/schema\/logo\/image\/\"}}]}<\/script>\n<!-- \/ Yoast SEO plugin. -->","yoast_head_json":{"title":"AJC V\u0153ux 2019-2020 - L&#039;amiti\u00e9 Jud\u00e9o-Chr\u00e9tienne de Bordeaux","robots":{"index":"index","follow":"follow","max-snippet":"max-snippet:-1","max-image-preview":"max-image-preview:large","max-video-preview":"max-video-preview:-1"},"canonical":"https:\/\/ajc33.com\/index.php\/ajc-voeux\/","og_locale":"fr_FR","og_type":"article","og_title":"AJC V\u0153ux 2019-2020 - L&#039;amiti\u00e9 Jud\u00e9o-Chr\u00e9tienne de Bordeaux","og_description":"Eh oui, le Caravage a su le peindre Eh oui , nous sommes en l&rsquo;an de gr\u00e2ce 2020 et dans le temps de No\u00ebl\u00a0 qui se d\u00e9ploie\u00a0 comme pour nous&hellip; Lire la suite AJC V\u0153ux 2019-2020","og_url":"https:\/\/ajc33.com\/index.php\/ajc-voeux\/","og_site_name":"L&#039;amiti\u00e9 Jud\u00e9o-Chr\u00e9tienne de Bordeaux","article_modified_time":"2020-01-06T12:39:23+00:00","og_image":[{"url":"https:\/\/ajc33.com\/wp-content\/uploads\/2020\/01\/Caravaggio_-_Adorazione_dei_pastori-1-697x1024.jpg","type":"","width":"","height":""}],"twitter_card":"summary_large_image","twitter_misc":{"Dur\u00e9e de lecture estim\u00e9e":"1 minute"},"schema":{"@context":"https:\/\/schema.org","@graph":[{"@type":"WebPage","@id":"https:\/\/ajc33.com\/index.php\/ajc-voeux\/","url":"https:\/\/ajc33.com\/index.php\/ajc-voeux\/","name":"AJC V\u0153ux 2019-2020 - L&#039;amiti\u00e9 Jud\u00e9o-Chr\u00e9tienne de Bordeaux","isPartOf":{"@id":"https:\/\/ajc33.com\/#website"},"primaryImageOfPage":{"@id":"https:\/\/ajc33.com\/index.php\/ajc-voeux\/#primaryimage"},"image":{"@id":"https:\/\/ajc33.com\/index.php\/ajc-voeux\/#primaryimage"},"thumbnailUrl":"https:\/\/ajc33.com\/wp-content\/uploads\/2020\/01\/Caravaggio_-_Adorazione_dei_pastori-1-697x1024.jpg","datePublished":"2020-01-06T12:36:00+00:00","dateModified":"2020-01-06T12:39:23+00:00","breadcrumb":{"@id":"https:\/\/ajc33.com\/index.php\/ajc-voeux\/#breadcrumb"},"inLanguage":"fr-FR","potentialAction":[{"@type":"ReadAction","target":["https:\/\/ajc33.com\/index.php\/ajc-voeux\/"]}]},{"@type":"ImageObject","inLanguage":"fr-FR","@id":"https:\/\/ajc33.com\/index.php\/ajc-voeux\/#primaryimage","url":"https:\/\/ajc33.com\/wp-content\/uploads\/2020\/01\/Caravaggio_-_Adorazione_dei_pastori-1.jpg","contentUrl":"https:\/\/ajc33.com\/wp-content\/uploads\/2020\/01\/Caravaggio_-_Adorazione_dei_pastori-1.jpg","width":851,"height":1251},{"@type":"BreadcrumbList","@id":"https:\/\/ajc33.com\/index.php\/ajc-voeux\/#breadcrumb","itemListElement":[{"@type":"ListItem","position":1,"name":"Home","item":"https:\/\/ajc33.com\/"},{"@type":"ListItem","position":2,"name":"AJC V\u0153ux 2019-2020"}]},{"@type":"WebSite","@id":"https:\/\/ajc33.com\/#website","url":"https:\/\/ajc33.com\/","name":"L&#039;amiti\u00e9 Jud\u00e9o-Chr\u00e9tienne de Bordeaux","description":"","publisher":{"@id":"https:\/\/ajc33.com\/#organization"},"potentialAction":[{"@type":"SearchAction","target":{"@type":"EntryPoint","urlTemplate":"https:\/\/ajc33.com\/?s={search_term_string}"},"query-input":{"@type":"PropertyValueSpecification","valueRequired":true,"valueName":"search_term_string"}}],"inLanguage":"fr-FR"},{"@type":"Organization","@id":"https:\/\/ajc33.com\/#organization","name":"L&#039;amiti\u00e9 Jud\u00e9o-Chr\u00e9tienne de Bordeaux","url":"https:\/\/ajc33.com\/","logo":{"@type":"ImageObject","inLanguage":"fr-FR","@id":"https:\/\/ajc33.com\/#\/schema\/logo\/image\/","url":"https:\/\/ajc33.com\/wp-content\/uploads\/2018\/03\/cropped-ajc-bod-2.jpg","contentUrl":"https:\/\/ajc33.com\/wp-content\/uploads\/2018\/03\/cropped-ajc-bod-2.jpg","width":200,"height":191,"caption":"L&#039;amiti\u00e9 Jud\u00e9o-Chr\u00e9tienne de Bordeaux"},"image":{"@id":"https:\/\/ajc33.com\/#\/schema\/logo\/image\/"}}]}},"jetpack_sharing_enabled":true,"_links":{"self":[{"href":"https:\/\/ajc33.com\/index.php\/wp-json\/wp\/v2\/pages\/359","targetHints":{"allow":["GET"]}}],"collection":[{"href":"https:\/\/ajc33.com\/index.php\/wp-json\/wp\/v2\/pages"}],"about":[{"href":"https:\/\/ajc33.com\/index.php\/wp-json\/wp\/v2\/types\/page"}],"author":[{"embeddable":true,"href":"https:\/\/ajc33.com\/index.php\/wp-json\/wp\/v2\/users\/1"}],"replies":[{"embeddable":true,"href":"https:\/\/ajc33.com\/index.php\/wp-json\/wp\/v2\/comments?post=359"}],"version-history":[{"count":2,"href":"https:\/\/ajc33.com\/index.php\/wp-json\/wp\/v2\/pages\/359\/revisions"}],"predecessor-version":[{"id":365,"href":"https:\/\/ajc33.com\/index.php\/wp-json\/wp\/v2\/pages\/359\/revisions\/365"}],"wp:attachment":[{"href":"https:\/\/ajc33.com\/index.php\/wp-json\/wp\/v2\/media?parent=359"}],"wp:term":[{"taxonomy":"post_tag","embeddable":true,"href":"https:\/\/ajc33.com\/index.php\/wp-json\/wp\/v2\/tags?post=359"}],"curies":[{"name":"wp","href":"https:\/\/api.w.org\/{rel}","templated":true}]}}